{"id":239,"date":"2018-10-25T17:03:12","date_gmt":"2018-10-25T19:03:12","guid":{"rendered":"http:\/\/sites.usp.br\/calourofilo\/?page_id=239"},"modified":"2023-03-13T16:24:17","modified_gmt":"2023-03-13T18:24:17","slug":"informatica","status":"publish","type":"page","link":"https:\/\/sites.usp.br\/calourofilo\/campus\/informatica\/","title":{"rendered":"Inform\u00e1tica"},"content":{"rendered":"<h4>Se\u00e7\u00e3o T\u00e9cnica de Inform\u00e1tica da FFCLRP<\/h4>\n<p>A Se\u00e7\u00e3o T\u00e9cnica de Inform\u00e1tica da\u00a0FFCLRP est\u00e1 diretamente ligada \u00e0 Dire\u00e7\u00e3o. \u00c9 respons\u00e1vel por toda a rede acad\u00eamica e administrativa da Unidade, bem como pelos aplicativos utilizados pela Administra\u00e7\u00e3o. D\u00e1 suporte t\u00e9cnico \u00e0 Administra\u00e7\u00e3o, aos Departamentos e aos Docentes da Unidade.<\/p>\n<p><strong>Recursos de Inform\u00e1tica Oferecidos<\/strong><\/p>\n<p><strong>Home Page<\/strong>: \u00c9 um ve\u00edculo importante de comunica\u00e7\u00e3o que cont\u00e9m, entre outros itens, informa\u00e7\u00f5es sobre os cursos de gradua\u00e7\u00e3o. A <em>Home Page<\/em> da Unidade encontra-se dispon\u00edvel no endere\u00e7o: <u><a href=\"http:\/\/www.ffclrp.usp.br\" target=\"_blank\" rel=\"noopener noreferrer\">http:\/\/www.ffclrp.usp.br<\/a><\/u><\/p>\n<p><strong>Portal FFCLRP<\/strong>: \u00c9 um sistema de informa\u00e7\u00f5es e servi\u00e7os da FFCLRP. Oferece ao aluno <strong><em>Disco Virtual<\/em><\/strong>: \u00e1rea de armazenamento restrita; <strong><em>Material Did\u00e1tico<\/em><\/strong>: \u00e1rea de Upload; <strong><em>Not\u00edcias da comunidade<\/em><\/strong>, <strong><em>Formul\u00e1rios<\/em><\/strong><em>, <strong>Enquete e F\u00f3rum de\u00a0 discuss\u00f5es<\/strong><\/em>: m\u00f3dulo de postagem de t\u00f3picos. O endere\u00e7o do Portal \u00e9<strong>\u00a0 <\/strong><a href=\"http:\/\/portal.ffclrp.usp.br\" target=\"_blank\" rel=\"noopener noreferrer\"><u>http:\/\/portal.ffclrp.usp.br<\/u><\/a><\/p>\n<p>Para cadastramento utilize a op\u00e7\u00e3o <strong>PRIMEIRO ACESSO<\/strong>. Os dados digitados ser\u00e3o validados com base nas informa\u00e7\u00f5es constantes no banco de dados oficial da USP, assim, ser\u00e1 necess\u00e1rio informar o N\u00famero USP.<\/p>\n<p><strong>Sala Pr\u00f3-Aluno: <\/strong>\u00c9 um programa subordinado \u00e0 Pr\u00f3-Reitoria de Gradua\u00e7\u00e3o da USP, que conta com o apoio t\u00e9cnico e operacional das Unidades de ensino. A Sala Pr\u00f3-Aluno \u00e9 um espa\u00e7o que oferece recursos b\u00e1sicos de inform\u00e1tica. Atualmente, na FFCLRP, est\u00e1 instalada no Bloco 03 &#8211; Sala 23 e equipada com 35 computadores ligados \u00e0 Internet, softwares de editora\u00e7\u00e3o de texto, planilha eletr\u00f4nica, apresenta\u00e7\u00e3o de slides, entre outros aplicativos. A sala conta com uma impressora e o aluno tem direito a 20 folhas\/m\u00eas, sendo cumulativo dentro do ano letivo. Disp\u00f5e de servi\u00e7o de monitoria para apoio ao uso dos recursos oferecidos. O hor\u00e1rio de funcionamento da sala \u00e9 de segunda a sexta-feira, das 08h00 \u00e0s 22h00, durante o per\u00edodo letivo e no per\u00edodo de f\u00e9rias o funcionamento tem hor\u00e1rio especial.<\/p>\n<p>A utiliza\u00e7\u00e3o dos computadores \u00e9 efetuada mediante ao uso de senha pessoal. Ap\u00f3s ter a matricula confirmada, sua senha deve ser solicitada atrav\u00e9s do endere\u00e7o: <a href=\"http:\/\/cetirp.sti.usp.br\/atendimento\/outros-servicos\/pro-aluno\" target=\"_blank\" rel=\"noopener noreferrer\"><u>http:\/\/cetirp.sti.usp.br\/atendimento\/outros-servicos\/pro-aluno<\/u><\/a>.<\/p>\n<p>A senha ser\u00e1 encaminhada\u00a0\u00a0 para o e-mail cadastrado no sistema e ter\u00e1 validade na sala Pr\u00f3-aluno da unidade e na sala Pr\u00f3-Aluno da Biblioteca Central.<\/p>\n<p><strong>Redes Sociais<\/strong><\/p>\n<p><strong>Twitter e Facebook: <\/strong>A FFCLRP, por interm\u00e9dio desse canal, divulga diariamente, informa\u00e7\u00f5es importantes, noticias e eventos. Para nos acompanhar acesse:<\/p>\n<ul>\n<li>Twitter da Diretoria: <a href=\"http:\/\/www.twitter.com\/ffclrp\" target=\"_blank\" rel=\"noopener noreferrer\"><u>www.twitter.com\/ffclrp<\/u><\/a><\/li>\n<li>Twitter da Gradua\u00e7\u00e3o: <a href=\"http:\/\/www.twitter.com\/ffclrpgrad\">www.twitter.com\/ffclrpgrad<\/a><\/li>\n<li>Facebook FFCLRP: <a href=\"http:\/\/www.facebook.com\/FFCLRPUSP\">www.facebook.com\/ffclrpusp<\/a><\/li>\n<li>Facebook Gradua\u00e7\u00e3o: <a href=\"http:\/\/www.facebook.com\/graduacaofilo\" target=\"_blank\" rel=\"noopener noreferrer\">www.facebook.com\/graduacaofilo<\/a><\/li>\n<\/ul>\n<p><strong>Conecte-se<\/strong><\/p>\n<p>Acesse os links e saiba como ter acesso \u00e0 internet no campus.<\/p>\n<p><strong>Eduroam<\/strong><a href=\"http:\/\/www.eduroam.org\/\"> (education roaming)<\/a>:\u00a0\u00e9 um servi\u00e7o de acesso sem fio seguro. Saiba como acessar com seu N\u00ba USP e Senha \u00danica pelo site:\u00a0<a href=\"https:\/\/eduroam.usp.br\/\">https:\/\/eduroam.usp.br\/<\/a>.<\/p>\n<p><strong>USPnet Sem Fio (WiFi):<\/strong> Dispon\u00edvel em in\u00fameros locais dentro da USP, como anfiteatros, audit\u00f3rios, bibliotecas, \u00e1reas de lazer e outros. Utiliza como forma de autentica\u00e7\u00e3o, login e senha. Cadastro online pelo site:\u00a0<a href=\"https:\/\/coral.rp.usp.br\/uspnet\">https:\/\/www.rp.usp.br\/uspnet<\/a>.<\/p>\n<hr \/>\n<h4>Outros Recursos de Internet e Inform\u00e1tica<\/h4>\n<p><strong>Senha \u00danica<\/strong><\/p>\n<p>Para acessar o Sistema J\u00fapiter e diversos outros sistemas, voc\u00ea dever\u00e1 fazer uso exclusivo da\u00a0<strong>Senha \u00danica<\/strong>. Com ela, \u00e9 poss\u00edvel acessar:<\/p>\n<ul>\n<li>Sistemas do Portal USP Digital: <a href=\"http:\/\/uspdigital.usp.br\" target=\"_blank\" rel=\"noopener noreferrer\"><u>http:\/\/uspdigital.usp.br<\/u><\/a><\/li>\n<li>Portal de Peri\u00f3dicos CAPES: <a href=\"http:\/\/www.periodicos.capes.gov.br\" target=\"_blank\" rel=\"noopener noreferrer\"><u>http:\/\/www.periodicos.capes.gov.br<\/u><\/a><\/li>\n<li>Portal e-Disciplinas (Moodle da USP): <a href=\"https:\/\/edisciplinas.usp.br\" target=\"_blank\" rel=\"noopener noreferrer\"><u>https:\/\/edisciplinas.usp.br<\/u><\/a><\/li>\n<li>Wi-Fi Eduroam: <a href=\"http:\/\/eduroam.usp.br\" target=\"_blank\" rel=\"noopener noreferrer\"><u>http:\/\/eduroam.usp.br<\/u><\/a><\/li>\n<\/ul>\n<p><strong>E-mail @usp.br<\/strong><\/p>\n<ul>\n<li>Cria\u00e7\u00e3o e recupera\u00e7\u00e3o de senha:\u00a0<a href=\"https:\/\/id.usp.br\" target=\"_blank\" rel=\"noopener noreferrer\">https:\/\/id.usp.br<\/a><\/li>\n<li>Problemas\u00a0em geral devem ser encaminhados atrav\u00e9s de chamado no link:<br \/>\n<a href=\"https:\/\/atendimento-prod.sti.usp.br\" target=\"_blank\" rel=\"noopener noreferrer\">https:\/\/atendimento-prod.sti.usp.br<\/a> (identifique-se com seu N\u00ba USP e a senha \u00fanica).<\/li>\n<\/ul>\n<p><strong>Licen\u00e7as Institucionais<\/strong><\/p>\n<ul>\n<li>Obten\u00e7\u00e3o de licen\u00e7as institucionais:\u00a0<a href=\"https:\/\/servicos.sti.usp.br\/licencas-de-software-institucionais\/\" target=\"_blank\" rel=\"noopener noreferrer\">https:\/\/servicos.sti.usp.br\/licencas-de-software-institucionais\/<\/a><\/li>\n<\/ul>\n","protected":false},"excerpt":{"rendered":"<p>Se\u00e7\u00e3o T\u00e9cnica de Inform\u00e1tica da FFCLRP A Se\u00e7\u00e3o T\u00e9cnica de Inform\u00e1tica da\u00a0FFCLRP est\u00e1 diretamente ligada [&hellip;]<\/p>\n","protected":false},"author":783,"featured_media":0,"parent":496,"menu_order":0,"comment_status":"closed","ping_status":"closed","template":"","meta":{"footnotes":"","_links_to":"","_links_to_target":""},"class_list":["post-239","page","type-page","status-publish","hentry"],"_links":{"self":[{"href":"https:\/\/sites.usp.br\/calourofilo\/wp-json\/wp\/v2\/pages\/239","targetHints":{"allow":["GET"]}}],"collection":[{"href":"https:\/\/sites.usp.br\/calourofilo\/wp-json\/wp\/v2\/pages"}],"about":[{"href":"https:\/\/sites.usp.br\/calourofilo\/wp-json\/wp\/v2\/types\/page"}],"author":[{"embeddable":true,"href":"https:\/\/sites.usp.br\/calourofilo\/wp-json\/wp\/v2\/users\/783"}],"replies":[{"embeddable":true,"href":"https:\/\/sites.usp.br\/calourofilo\/wp-json\/wp\/v2\/comments?post=239"}],"version-history":[{"count":4,"href":"https:\/\/sites.usp.br\/calourofilo\/wp-json\/wp\/v2\/pages\/239\/revisions"}],"predecessor-version":[{"id":327,"href":"https:\/\/sites.usp.br\/calourofilo\/wp-json\/wp\/v2\/pages\/239\/revisions\/327"}],"up":[{"embeddable":true,"href":"https:\/\/sites.usp.br\/calourofilo\/wp-json\/wp\/v2\/pages\/496"}],"wp:attachment":[{"href":"https:\/\/sites.usp.br\/calourofilo\/wp-json\/wp\/v2\/media?parent=239"}],"curies":[{"name":"wp","href":"https:\/\/api.w.org\/{rel}","templated":true}]}}