{"id":40,"date":"2026-07-08T12:17:30","date_gmt":"2026-07-08T15:17:30","guid":{"rendered":"https:\/\/sites.usp.br\/capesglobal\/?page_id=40"},"modified":"2026-08-12T14:36:48","modified_gmt":"2026-08-12T17:36:48","slug":"eixo-i","status":"publish","type":"page","link":"https:\/\/sites.usp.br\/capesglobal\/eixo-i\/","title":{"rendered":"Eixo I: Clima, Territ\u00f3rio, Vida e Sustentabilidade (CTVS)"},"content":{"rendered":"<h3><strong>Foco em resili\u00eancia e geoci\u00eancias.<\/strong><\/h3>\n<p><b>Resili\u00eancia Urbana:<\/b><span style=\"font-weight: 400;\"><br \/>\n<\/span><span style=\"font-weight: 400;\">Estudos sobre adapta\u00e7\u00e3o de grandes cidades a mudan\u00e7as clim\u00e1ticas (USP).<\/span><\/p>\n<p><b>Modelagem Clim\u00e1tica: <\/b><b><br \/>\n<\/b><span style=\"font-weight: 400;\">Pesquisas em Ci\u00eancia de Dados e cen\u00e1rios para a Am\u00e9rica do Sul (USP).<\/span><\/p>\n<p><b>Sustentabilidade H\u00eddrica e Costeira:<\/b><b><br \/>\n<\/b><span style=\"font-weight: 400;\">Gest\u00e3o de aqu\u00edferos e impactos do aquecimento nos oceanos (USP).<\/span><\/p>\n<p><b>Sa\u00fade Ambiental:<\/b><b><br \/>\n<\/b><span style=\"font-weight: 400;\">Intera\u00e7\u00e3o entre polui\u00e7\u00e3o do ar, epidemiologia e IA (USP\/Butantan).<\/span><\/p>\n<p><b>Energias Limpas: <\/b><b><br \/>\n<\/b><span style=\"font-weight: 400;\">Projetos em transi\u00e7\u00e3o energ\u00e9tica e hidrog\u00eanio geol\u00f3gico (USP).<\/span><\/p>\n<p><b>Produ\u00e7\u00e3o Cient\u00edfica CTVS:<\/b><span style=\"font-weight: 400;\"><br \/>\n<\/span><span style=\"font-weight: 400;\">Reposit\u00f3rio de publica\u00e7\u00f5es colaborativas da rede (UEG).<\/span><\/p>\n","protected":false},"excerpt":{"rendered":"<p>Foco em resili\u00eancia e geoci\u00eancias. Resili\u00eancia Urbana: Estudos sobre adapta\u00e7\u00e3o de grandes cidades a mudan\u00e7as clim\u00e1ticas (USP). Modelagem Clim\u00e1tica: Pesquisas em Ci\u00eancia de Dados e cen\u00e1rios para a Am\u00e9rica do Sul (USP). Sustentabilidade H\u00eddrica e Costeira: Gest\u00e3o de aqu\u00edferos e impactos do aquecimento nos oceanos (USP). Sa\u00fade Ambiental: Intera\u00e7\u00e3o entre polui\u00e7\u00e3o do ar, epidemiologia e [&hellip;]<\/p>\n","protected":false},"author":75,"featured_media":0,"parent":0,"menu_order":0,"comment_status":"closed","ping_status":"closed","template":"","meta":{"ocean_post_layout":"","ocean_both_sidebars_style":"","ocean_both_sidebars_content_width":0,"ocean_both_sidebars_sidebars_width":0,"ocean_sidebar":"0","ocean_second_sidebar":"0","ocean_disable_margins":"enable","ocean_add_body_class":"","ocean_shortcode_before_top_bar":"","ocean_shortcode_after_top_bar":"","ocean_shortcode_before_header":"","ocean_shortcode_after_header":"","ocean_has_shortcode":"","ocean_shortcode_after_title":"","ocean_shortcode_before_footer_widgets":"","ocean_shortcode_after_footer_widgets":"","ocean_shortcode_before_footer_bottom":"","ocean_shortcode_after_footer_bottom":"","ocean_display_top_bar":"default","ocean_display_header":"default","ocean_header_style":"","ocean_center_header_left_menu":"0","ocean_custom_header_template":"0","ocean_custom_logo":0,"ocean_custom_retina_logo":0,"ocean_custom_logo_max_width":0,"ocean_custom_logo_tablet_max_width":0,"ocean_custom_logo_mobile_max_width":0,"ocean_custom_logo_max_height":0,"ocean_custom_logo_tablet_max_height":0,"ocean_custom_logo_mobile_max_height":0,"ocean_header_custom_menu":"0","ocean_menu_typo_font_family":"0","ocean_menu_typo_font_subset":"","ocean_menu_typo_font_size":0,"ocean_menu_typo_font_size_tablet":0,"ocean_menu_typo_font_size_mobile":0,"ocean_menu_typo_font_size_unit":"px","ocean_menu_typo_font_weight":"","ocean_menu_typo_font_weight_tablet":"","ocean_menu_typo_font_weight_mobile":"","ocean_menu_typo_transform":"","ocean_menu_typo_transform_tablet":"","ocean_menu_typo_transform_mobile":"","ocean_menu_typo_line_height":0,"ocean_menu_typo_line_height_tablet":0,"ocean_menu_typo_line_height_mobile":0,"ocean_menu_typo_line_height_unit":"","ocean_menu_typo_spacing":0,"ocean_menu_typo_spacing_tablet":0,"ocean_menu_typo_spacing_mobile":0,"ocean_menu_typo_spacing_unit":"","ocean_menu_link_color":"","ocean_menu_link_color_hover":"","ocean_menu_link_color_active":"","ocean_menu_link_background":"","ocean_menu_link_hover_background":"","ocean_menu_link_active_background":"","ocean_menu_social_links_bg":"","ocean_menu_social_hover_links_bg":"","ocean_menu_social_links_color":"","ocean_menu_social_hover_links_color":"","ocean_disable_title":"default","ocean_disable_heading":"default","ocean_post_title":"","ocean_post_subheading":"","ocean_post_title_style":"","ocean_post_title_background_color":"","ocean_post_title_background":0,"ocean_post_title_bg_image_position":"","ocean_post_title_bg_image_attachment":"","ocean_post_title_bg_image_repeat":"","ocean_post_title_bg_image_size":"","ocean_post_title_height":0,"ocean_post_title_bg_overlay":0.5,"ocean_post_title_bg_overlay_color":"","ocean_disable_breadcrumbs":"default","ocean_breadcrumbs_color":"","ocean_breadcrumbs_separator_color":"","ocean_breadcrumbs_links_color":"","ocean_breadcrumbs_links_hover_color":"","ocean_display_footer_widgets":"default","ocean_display_footer_bottom":"default","ocean_custom_footer_template":"0","footnotes":"","_links_to":"","_links_to_target":""},"class_list":["post-40","page","type-page","status-publish","hentry","entry"],"_links":{"self":[{"href":"https:\/\/sites.usp.br\/capesglobal\/wp-json\/wp\/v2\/pages\/40","targetHints":{"allow":["GET"]}}],"collection":[{"href":"https:\/\/sites.usp.br\/capesglobal\/wp-json\/wp\/v2\/pages"}],"about":[{"href":"https:\/\/sites.usp.br\/capesglobal\/wp-json\/wp\/v2\/types\/page"}],"author":[{"embeddable":true,"href":"https:\/\/sites.usp.br\/capesglobal\/wp-json\/wp\/v2\/users\/75"}],"replies":[{"embeddable":true,"href":"https:\/\/sites.usp.br\/capesglobal\/wp-json\/wp\/v2\/comments?post=40"}],"version-history":[{"count":3,"href":"https:\/\/sites.usp.br\/capesglobal\/wp-json\/wp\/v2\/pages\/40\/revisions"}],"predecessor-version":[{"id":128,"href":"https:\/\/sites.usp.br\/capesglobal\/wp-json\/wp\/v2\/pages\/40\/revisions\/128"}],"wp:attachment":[{"href":"https:\/\/sites.usp.br\/capesglobal\/wp-json\/wp\/v2\/media?parent=40"}],"curies":[{"name":"wp","href":"https:\/\/api.w.org\/{rel}","templated":true}]}}

Eixo I: Clima, Território, Vida e Sustentabilidade (CTVS)

<h3><strong>Foco em resiliência e geociências.</strong></h3>
<p><b>Resiliência Urbana:</b><span style="font-weight: 400;"><br />
</span><span style="font-weight: 400;">Estudos sobre adaptação de grandes cidades a mudanças climáticas (USP).</span></p>
<p><b>Modelagem Climática: </b><b><br />
</b><span style="font-weight: 400;">Pesquisas em Ciência de Dados e cenários para a América do Sul (USP).</span></p>
<p><b>Sustentabilidade Hídrica e Costeira:</b><b><br />
</b><span style="font-weight: 400;">Gestão de aquíferos e impactos do aquecimento nos oceanos (USP).</span></p>
<p><b>Saúde Ambiental:</b><b><br />
</b><span style="font-weight: 400;">Interação entre poluição do ar, epidemiologia e IA (USP/Butantan).</span></p>
<p><b>Energias Limpas: </b><b><br />
</b><span style="font-weight: 400;">Projetos em transição energética e hidrogênio geológico (USP).</span></p>
<p><b>Produção Científica CTVS:</b><span style="font-weight: 400;"><br />
</span><span style="font-weight: 400;">Repositório de publicações colaborativas da rede (UEG).</span></p>

<p>Foco em resiliência e geociências. Resiliência Urbana: Estudos sobre adaptação de grandes cidades a mudanças climáticas (USP). Modelagem Climática: Pesquisas em Ciência de Dados e cenários para a América do Sul (USP). Sustentabilidade Hídrica e Costeira: Gestão de aquíferos e impactos do aquecimento nos oceanos (USP). Saúde Ambiental: Interação entre poluição do ar, epidemiologia e [&hellip;]</p>
