{"id":1062,"date":"2020-08-19T14:13:16","date_gmt":"2020-08-19T16:13:16","guid":{"rendered":"https:\/\/sites.usp.br\/cardec\/?page_id=1062"},"modified":"2020-08-26T14:00:06","modified_gmt":"2020-08-26T16:00:06","slug":"comparacao-de-dois-metodos-de-avaliacao-de-risco-de-carie-em-criancas","status":"publish","type":"page","link":"https:\/\/sites.usp.br\/cardec\/pesquisas_de_diagnostico\/cardec-pel-04\/comparacao-de-dois-metodos-de-avaliacao-de-risco-de-carie-em-criancas\/","title":{"rendered":"Compara\u00e7\u00e3o de dois m\u00e9todos de avalia\u00e7\u00e3o de risco de c\u00e1rie em crian\u00e7as"},"content":{"rendered":"<h1><span style=\"color: #12a182;\"><strong>C<b>ompara\u00e7\u00e3o de dois m\u00e9todos de avalia\u00e7\u00e3o de risco de c\u00e1rie em crian\u00e7as: Estudo Cl\u00ednico Randomizado (<span class=\"il\">CARDEC<\/span>&#8211;<span class=\"il\">PEL<\/span>\u00a004)<\/b><\/strong><\/span><\/h1>\n<p>&nbsp;<\/p>\n<h3><span style=\"color: #33cccc;\"><strong>OBJETIVO<\/strong><\/span><\/h3>\n<h4>Comparar 2 m\u00e9todos de avalia\u00e7\u00e3o de risco para c\u00e1rie em crian\u00e7as em idade escolar, um m\u00e9todo simplificado e um m\u00e9todo multivariado, e avaliar o n\u00famero de superf\u00edcies dent\u00e1rias necessitando de interven\u00e7\u00e3o operat\u00f3ria, especificamente a soma de superf\u00edcies com novas les\u00f5es de c\u00e1rie envolvendo dentina, superf\u00edcies restauradas que tiveram necessidade de troca de restaura\u00e7\u00e3o, dentes que necessitaram tratamento endod\u00f4ntico ou exodontia ap\u00f3s 1 e 2 anos.<\/h4>\n<h4><div class=\"su-list\" style=\"margin-left:-4px\"><\/h4>\n<ul>\n<li><i class=\"sui sui-arrow-circle-right\" style=\"color:#27cb88\"><\/i> <strong>P:<\/strong> Crian\u00e7as em idade escolar<\/li>\n<li><i class=\"sui sui-arrow-circle-right\" style=\"color:#27cb88\"><\/i> <strong>I: <\/strong>M\u00e9todo de avalia\u00e7\u00e3o de risco simplificado<\/li>\n<li><i class=\"sui sui-arrow-circle-right\" style=\"color:#27cb88\"><\/i> <strong>C:\u00a0<\/strong>M\u00e9todo de avalia\u00e7\u00e3o de risco multivariado<\/li>\n<li><i class=\"sui sui-arrow-circle-right\" style=\"color:#27cb88\"><\/i> <strong>O:<\/strong> Novas les\u00f5es de c\u00e1rie<\/li>\n<\/ul>\n<h4><\/div><\/h4>\n<p>&nbsp;<\/p>\n<div class=\"su-list\" style=\"margin-left:-4px\">\n<ul>\n<li><i class=\"sui sui-check\" style=\"color:#229e9f\"><\/i> <a href=\"https:\/\/sites.usp.br\/cardec\/pesquisas_de_diagnostico\/cardec-pel-04\/comparacao-de-dois-metodos-de-avaliacao-de-risco-de-carie-em-criancas\/registros-e-aspectos-eticos\/\">Registros e Aspectos \u00e9ticos<\/a><\/li>\n<li><i class=\"sui sui-check\" style=\"color:#229e9f\"><\/i> <a href=\"https:\/\/sites.usp.br\/cardec\/pesquisas_de_diagnostico\/cardec-pel-04\/comparacao-de-dois-metodos-de-avaliacao-de-risco-de-carie-em-criancas\/grupo-de-colaboradores\/\">Grupo de colaboradores<\/a><\/li>\n<li><i class=\"sui sui-check\" style=\"color:#229e9f\"><\/i> <a href=\"https:\/\/sites.usp.br\/cardec\/pesquisas_de_diagnostico\/cardec-pel-04\/comparacao-de-dois-metodos-de-avaliacao-de-risco-de-carie-em-criancas\/status-da-pesquisa\/\">Status da pesquisa<\/a><\/li>\n<li><i class=\"sui sui-check\" style=\"color:#229e9f\"><\/i> <a href=\"https:\/\/sites.usp.br\/cardec\/pesquisas_de_diagnostico\/cardec-pel-04\/comparacao-de-dois-metodos-de-avaliacao-de-risco-de-carie-em-criancas\/apoio-financeiro\/\">Apoio Financeiro<\/a><\/li>\n<\/ul>\n<\/div>\n","protected":false},"excerpt":{"rendered":"<p>Compara\u00e7\u00e3o de dois m\u00e9todos de avalia\u00e7\u00e3o de risco de c\u00e1rie em crian\u00e7as: Estudo Cl\u00ednico Randomizado (CARDEC&#8211;PEL\u00a004) &nbsp; OBJETIVO Comparar 2 m\u00e9todos de avalia\u00e7\u00e3o de risco para c\u00e1rie em crian\u00e7as em idade escolar, um m\u00e9todo simplificado e um m\u00e9todo multivariado, e avaliar o n\u00famero de superf\u00edcies dent\u00e1rias necessitando de interven\u00e7\u00e3o operat\u00f3ria, especificamente a soma de superf\u00edcies [&hellip;]<\/p>\n","protected":false},"author":21882,"featured_media":0,"parent":1033,"menu_order":0,"comment_status":"closed","ping_status":"closed","template":"","meta":{"footnotes":"","_links_to":"","_links_to_target":""},"class_list":["post-1062","page","type-page","status-publish","hentry","entry"],"_links":{"self":[{"href":"https:\/\/sites.usp.br\/cardec\/wp-json\/wp\/v2\/pages\/1062","targetHints":{"allow":["GET"]}}],"collection":[{"href":"https:\/\/sites.usp.br\/cardec\/wp-json\/wp\/v2\/pages"}],"about":[{"href":"https:\/\/sites.usp.br\/cardec\/wp-json\/wp\/v2\/types\/page"}],"author":[{"embeddable":true,"href":"https:\/\/sites.usp.br\/cardec\/wp-json\/wp\/v2\/users\/21882"}],"replies":[{"embeddable":true,"href":"https:\/\/sites.usp.br\/cardec\/wp-json\/wp\/v2\/comments?post=1062"}],"version-history":[{"count":4,"href":"https:\/\/sites.usp.br\/cardec\/wp-json\/wp\/v2\/pages\/1062\/revisions"}],"predecessor-version":[{"id":1092,"href":"https:\/\/sites.usp.br\/cardec\/wp-json\/wp\/v2\/pages\/1062\/revisions\/1092"}],"up":[{"embeddable":true,"href":"https:\/\/sites.usp.br\/cardec\/wp-json\/wp\/v2\/pages\/1033"}],"wp:attachment":[{"href":"https:\/\/sites.usp.br\/cardec\/wp-json\/wp\/v2\/media?parent=1062"}],"curies":[{"name":"wp","href":"https:\/\/api.w.org\/{rel}","templated":true}]}}