{"id":559,"date":"2020-06-15T17:36:48","date_gmt":"2020-06-15T19:36:48","guid":{"rendered":"https:\/\/sites.usp.br\/cardec\/?page_id=559"},"modified":"2020-06-15T18:35:16","modified_gmt":"2020-06-15T20:35:16","slug":"status-da-pesquisa","status":"publish","type":"page","link":"https:\/\/sites.usp.br\/cardec\/pesquisas-de-tratamento\/tratamento-operatorio-em-dentes-deciduos\/o-selante-e-uma-alternativa-as-restauracoes-para-lesoes-de-carie-moderada-na-superficie-oclusal-de-dentes-deciduos\/status-da-pesquisa\/","title":{"rendered":"Status da pesquisa"},"content":{"rendered":"<h4>Conclu\u00edda como Tese de Doutorado apresentada ao <span class=\"JsGRdQ\">Programa de P\u00f3s-gradua\u00e7\u00e3o em Ci\u00eancias Odontol\u00f3gicas, \u00e1<\/span><span class=\"JsGRdQ\">rea de Concentra\u00e7\u00e3o: Odontopediatria e Ortodontia pela candidata\u00a0<\/span>Elizabeth de Souza Rocha em 05.02.2020.<\/h4>\n","protected":false},"excerpt":{"rendered":"<p>Conclu\u00edda como Tese de Doutorado apresentada ao Programa de P\u00f3s-gradua\u00e7\u00e3o em Ci\u00eancias Odontol\u00f3gicas, \u00e1rea de Concentra\u00e7\u00e3o: Odontopediatria e Ortodontia pela candidata\u00a0Elizabeth de Souza Rocha em 05.02.2020.<\/p>\n","protected":false},"author":21882,"featured_media":0,"parent":555,"menu_order":24,"comment_status":"closed","ping_status":"closed","template":"","meta":{"footnotes":"","_links_to":"","_links_to_target":""},"class_list":["post-559","page","type-page","status-publish","hentry","entry"],"_links":{"self":[{"href":"https:\/\/sites.usp.br\/cardec\/wp-json\/wp\/v2\/pages\/559","targetHints":{"allow":["GET"]}}],"collection":[{"href":"https:\/\/sites.usp.br\/cardec\/wp-json\/wp\/v2\/pages"}],"about":[{"href":"https:\/\/sites.usp.br\/cardec\/wp-json\/wp\/v2\/types\/page"}],"author":[{"embeddable":true,"href":"https:\/\/sites.usp.br\/cardec\/wp-json\/wp\/v2\/users\/21882"}],"replies":[{"embeddable":true,"href":"https:\/\/sites.usp.br\/cardec\/wp-json\/wp\/v2\/comments?post=559"}],"version-history":[{"count":2,"href":"https:\/\/sites.usp.br\/cardec\/wp-json\/wp\/v2\/pages\/559\/revisions"}],"predecessor-version":[{"id":587,"href":"https:\/\/sites.usp.br\/cardec\/wp-json\/wp\/v2\/pages\/559\/revisions\/587"}],"up":[{"embeddable":true,"href":"https:\/\/sites.usp.br\/cardec\/wp-json\/wp\/v2\/pages\/555"}],"wp:attachment":[{"href":"https:\/\/sites.usp.br\/cardec\/wp-json\/wp\/v2\/media?parent=559"}],"curies":[{"name":"wp","href":"https:\/\/api.w.org\/{rel}","templated":true}]}}