{"id":896,"date":"2020-07-01T16:39:28","date_gmt":"2020-07-01T18:39:28","guid":{"rendered":"https:\/\/sites.usp.br\/cardec\/?page_id=896"},"modified":"2020-08-17T21:11:18","modified_gmt":"2020-08-17T23:11:18","slug":"endodontia-em-deciduos","status":"publish","type":"page","link":"https:\/\/sites.usp.br\/cardec\/pesquisas-de-tratamento\/endodontia-em-deciduos\/","title":{"rendered":"Endodontia em dec\u00edduos"},"content":{"rendered":"<div class=\"oceanwp-oembed-wrap clr\">\n<blockquote class=\"wp-embedded-content\" data-secret=\"CiHFekOe5m\"><p><a href=\"https:\/\/sites.usp.br\/cardec\/pesquisas-de-tratamento\/endodontia-em-deciduos\/pasta-guedes-x-vitapex-em-dentes-deciduos\/\">Pasta Guedes x Vitapex em dentes dec\u00edduos<\/a><\/p><\/blockquote>\n<p><iframe loading=\"lazy\" class=\"wp-embedded-content\" sandbox=\"allow-scripts\" security=\"restricted\" style=\"position: absolute; clip: rect(1px, 1px, 1px, 1px);\" title=\"&#8220;Pasta Guedes x Vitapex em dentes dec\u00edduos&#8221; &#8212; CARDEC Trials\" src=\"https:\/\/sites.usp.br\/cardec\/pesquisas-de-tratamento\/endodontia-em-deciduos\/pasta-guedes-x-vitapex-em-dentes-deciduos\/embed\/#?secret=CiHFekOe5m\" data-secret=\"CiHFekOe5m\" width=\"600\" height=\"338\" frameborder=\"0\" marginwidth=\"0\" marginheight=\"0\" scrolling=\"no\"><\/iframe><\/div>\n<div class=\"oceanwp-oembed-wrap clr\">\n<blockquote class=\"wp-embedded-content\" data-secret=\"x8mjHqEfxc\"><p><a href=\"https:\/\/sites.usp.br\/cardec\/pesquisas-de-tratamento\/endodontia-em-deciduos\/instrumentacao-manual-x-reciprocante-em-endodontia-de-deciduos\/\">Instrumenta\u00e7\u00e3o manual x reciprocante em endodontia de dec\u00edduos<\/a><\/p><\/blockquote>\n<p><iframe loading=\"lazy\" class=\"wp-embedded-content\" sandbox=\"allow-scripts\" security=\"restricted\" style=\"position: absolute; clip: rect(1px, 1px, 1px, 1px);\" title=\"&#8220;Instrumenta\u00e7\u00e3o manual x reciprocante em endodontia de dec\u00edduos&#8221; &#8212; CARDEC Trials\" src=\"https:\/\/sites.usp.br\/cardec\/pesquisas-de-tratamento\/endodontia-em-deciduos\/instrumentacao-manual-x-reciprocante-em-endodontia-de-deciduos\/embed\/#?secret=x8mjHqEfxc\" data-secret=\"x8mjHqEfxc\" width=\"600\" height=\"338\" frameborder=\"0\" marginwidth=\"0\" marginheight=\"0\" scrolling=\"no\"><\/iframe><\/div>\n<div class=\"oceanwp-oembed-wrap clr\">\n<blockquote class=\"wp-embedded-content\" data-secret=\"NyuU0DRXGy\"><p><a href=\"https:\/\/sites.usp.br\/cardec\/pesquisas-de-tratamento\/endodontia-em-deciduos\/pasta-guedes-com-e-sem-antibiotico-em-endodontia-de-deciduos\/\">Pasta guedes com e sem antibi\u00f3tico em endodontia de dec\u00edduos<\/a><\/p><\/blockquote>\n<p><iframe loading=\"lazy\" class=\"wp-embedded-content\" sandbox=\"allow-scripts\" security=\"restricted\" style=\"position: absolute; clip: rect(1px, 1px, 1px, 1px);\" title=\"&#8220;Pasta guedes com e sem antibi\u00f3tico em endodontia de dec\u00edduos&#8221; &#8212; CARDEC Trials\" src=\"https:\/\/sites.usp.br\/cardec\/pesquisas-de-tratamento\/endodontia-em-deciduos\/pasta-guedes-com-e-sem-antibiotico-em-endodontia-de-deciduos\/embed\/#?secret=NyuU0DRXGy\" data-secret=\"NyuU0DRXGy\" width=\"600\" height=\"338\" frameborder=\"0\" marginwidth=\"0\" marginheight=\"0\" scrolling=\"no\"><\/iframe><\/div>\n","protected":false},"excerpt":{"rendered":"<p>Pasta Guedes x Vitapex em dentes dec\u00edduos Instrumenta\u00e7\u00e3o manual x reciprocante em endodontia de dec\u00edduos Pasta guedes com e sem antibi\u00f3tico em endodontia de dec\u00edduos<\/p>\n","protected":false},"author":21882,"featured_media":0,"parent":300,"menu_order":0,"comment_status":"closed","ping_status":"closed","template":"","meta":{"footnotes":"","_links_to":"","_links_to_target":""},"class_list":["post-896","page","type-page","status-publish","hentry","entry"],"_links":{"self":[{"href":"https:\/\/sites.usp.br\/cardec\/wp-json\/wp\/v2\/pages\/896","targetHints":{"allow":["GET"]}}],"collection":[{"href":"https:\/\/sites.usp.br\/cardec\/wp-json\/wp\/v2\/pages"}],"about":[{"href":"https:\/\/sites.usp.br\/cardec\/wp-json\/wp\/v2\/types\/page"}],"author":[{"embeddable":true,"href":"https:\/\/sites.usp.br\/cardec\/wp-json\/wp\/v2\/users\/21882"}],"replies":[{"embeddable":true,"href":"https:\/\/sites.usp.br\/cardec\/wp-json\/wp\/v2\/comments?post=896"}],"version-history":[{"count":3,"href":"https:\/\/sites.usp.br\/cardec\/wp-json\/wp\/v2\/pages\/896\/revisions"}],"predecessor-version":[{"id":933,"href":"https:\/\/sites.usp.br\/cardec\/wp-json\/wp\/v2\/pages\/896\/revisions\/933"}],"up":[{"embeddable":true,"href":"https:\/\/sites.usp.br\/cardec\/wp-json\/wp\/v2\/pages\/300"}],"wp:attachment":[{"href":"https:\/\/sites.usp.br\/cardec\/wp-json\/wp\/v2\/media?parent=896"}],"curies":[{"name":"wp","href":"https:\/\/api.w.org\/{rel}","templated":true}]}}