{"id":24,"date":"2026-04-28T17:54:09","date_gmt":"2026-04-28T20:54:09","guid":{"rendered":"https:\/\/sites.usp.br\/care\/?page_id=24"},"modified":"2026-04-29T11:47:50","modified_gmt":"2026-04-29T14:47:50","slug":"quem-somos","status":"publish","type":"page","link":"https:\/\/sites.usp.br\/care\/quem-somos\/","title":{"rendered":"Quem Somos"},"content":{"rendered":"\t\t<div data-elementor-type=\"wp-page\" data-elementor-id=\"24\" class=\"elementor elementor-24\">\n\t\t\t\t\t\t<section class=\"elementor-section elementor-top-section elementor-element elementor-element-289440e elementor-section-boxed elementor-section-height-default elementor-section-height-default\" data-id=\"289440e\" data-element_type=\"section\">\n\t\t\t\t\t\t<div class=\"elementor-container elementor-column-gap-default\">\n\t\t\t\t\t<div class=\"elementor-column elementor-col-100 elementor-top-column elementor-element elementor-element-fa7cb40\" data-id=\"fa7cb40\" data-element_type=\"column\">\n\t\t\t<div class=\"elementor-widget-wrap elementor-element-populated\">\n\t\t\t\t\t\t<div class=\"elementor-element elementor-element-7e07b0c elementor-widget elementor-widget-image\" data-id=\"7e07b0c\" data-element_type=\"widget\" data-widget_type=\"image.default\">\n\t\t\t\t<div class=\"elementor-widget-container\">\n\t\t\t\t\t\t\t\t\t\t\t\t\t<img fetchpriority=\"high\" decoding=\"async\" width=\"466\" height=\"420\" src=\"https:\/\/sites.usp.br\/care\/wp-content\/uploads\/sites\/1819\/2026\/04\/del.png\" class=\"attachment-large size-large wp-image-63\" alt=\"\" srcset=\"https:\/\/sites.usp.br\/care\/wp-content\/uploads\/sites\/1819\/2026\/04\/del.png 466w, https:\/\/sites.usp.br\/care\/wp-content\/uploads\/sites\/1819\/2026\/04\/del-300x270.png 300w\" sizes=\"100vw\" \/>\t\t\t\t\t\t\t\t\t\t\t\t\t<\/div>\n\t\t\t\t<\/div>\n\t\t\t\t\t<\/div>\n\t\t<\/div>\n\t\t\t\t\t<\/div>\n\t\t<\/section>\n\t\t\t\t<section class=\"elementor-section elementor-top-section elementor-element elementor-element-eabb7f7 elementor-section-boxed elementor-section-height-default elementor-section-height-default\" data-id=\"eabb7f7\" data-element_type=\"section\">\n\t\t\t\t\t\t<div class=\"elementor-container elementor-column-gap-default\">\n\t\t\t\t\t<div class=\"elementor-column elementor-col-100 elementor-top-column elementor-element elementor-element-0c06f62\" data-id=\"0c06f62\" data-element_type=\"column\">\n\t\t\t<div class=\"elementor-widget-wrap elementor-element-populated\">\n\t\t\t\t\t\t<div class=\"elementor-element elementor-element-8b8e98b elementor-widget elementor-widget-text-editor\" data-id=\"8b8e98b\" data-element_type=\"widget\" data-widget_type=\"text-editor.default\">\n\t\t\t\t<div class=\"elementor-widget-container\">\n\t\t\t\t\t\t\t<p data-start=\"16\" data-end=\"208\">O <strong data-start=\"18\" data-end=\"39\">Critical CARE USP<\/strong> \u00e9 um grupo de pesquisa coordenado pelo <a href=\"http:\/\/lattes.cnpq.br\/9358886740291338\"><strong data-start=\"79\" data-end=\"112\">Prof. Dr. Felipe Fava de Lima<\/strong><\/a>, dedicado ao desenvolvimento de tecnologias aplicadas ao cuidado de pacientes cr\u00edticos em UTIs.<\/p><p data-start=\"210\" data-end=\"599\">O grupo nasce na <strong data-start=\"227\" data-end=\"301\">Engenharia El\u00e9trica da Escola Polit\u00e9cnica da Universidade de S\u00e3o Paulo (EPUSP)<\/strong>, dentro do <strong data-start=\"313\" data-end=\"376\">Departamento de Engenharia de Comunica\u00e7\u00f5es e Controle (PTC)<\/strong>, e integra o <strong data-start=\"390\" data-end=\"429\">Laborat\u00f3rio de Engenharia Biom\u00e9dica (LEB)<\/strong>. Sua atua\u00e7\u00e3o combina instrumenta\u00e7\u00e3o biom\u00e9dica, processamento de sinais fisiol\u00f3gicos, ci\u00eancia de dados, modelos computacionais e intelig\u00eancia artificial aplicada \u00e0 sa\u00fade.<\/p><p data-start=\"601\" data-end=\"923\">\u00c0 frente do grupo est\u00e1 o <strong data-start=\"626\" data-end=\"659\">Prof. Dr. Felipe Fava de Lima<\/strong>, pesquisador em Engenharia Biom\u00e9dica com atua\u00e7\u00e3o voltada ao monitoramento fisiol\u00f3gico de pacientes cr\u00edticos, an\u00e1lise de sinais fisiol\u00f3gicos, tecnologias para UTIs, modelagem computacional e desenvolvimento de ferramentas de apoio \u00e0 pesquisa e \u00e0 inova\u00e7\u00e3o em sa\u00fade.<\/p><p data-start=\"925\" data-end=\"1479\">O <strong data-start=\"927\" data-end=\"948\">Critical CARE USP<\/strong> nasce tamb\u00e9m de uma rela\u00e7\u00e3o muito importante com o <strong data-start=\"1000\" data-end=\"1055\">Hospital Universit\u00e1rio da Universidade de S\u00e3o Paulo (HU-USP)<\/strong>, especialmente a partir da colabora\u00e7\u00e3o com o <strong data-start=\"1101\" data-end=\"1140\">Prof. Dr. Paolo Jos\u00e9 Cesare Biselli<\/strong>, m\u00e9dico intensivista e parceiro fundamental na constru\u00e7\u00e3o da ponte entre engenharia e pr\u00e1tica cl\u00ednica. Essa aproxima\u00e7\u00e3o com o ambiente real da UTI permite que as perguntas de pesquisa sejam formuladas a partir de desafios concretos do cuidado intensivo, favorecendo o desenvolvimento de solu\u00e7\u00f5es tecnol\u00f3gicas com maior relev\u00e2ncia cl\u00ednica.<\/p><p data-start=\"1481\" data-end=\"2108\">Dentro do <strong data-start=\"1491\" data-end=\"1530\">Laborat\u00f3rio de Engenharia Biom\u00e9dica (LEB)<\/strong>, o grupo se fortalece pela parceria cient\u00edfica com o <strong data-start=\"1584\" data-end=\"1621\">Prof. Dr. Henrique Takachi Moriya<\/strong>, professor da <strong data-start=\"1636\" data-end=\"1665\">Escola Polit\u00e9cnica da USP<\/strong>, com atua\u00e7\u00e3o em experimenta\u00e7\u00e3o animal, estudos do sistema cardiorrespirat\u00f3rio, instrumenta\u00e7\u00e3o aplicada \u00e0 fisiologia e engenharia cl\u00ednica em ensaios de equipamentos eletrom\u00e9dicos. Sua colabora\u00e7\u00e3o tem papel estruturante para o Critical CARE USP, tanto na consolida\u00e7\u00e3o da rela\u00e7\u00e3o entre a Escola Polit\u00e9cnica e o HU-USP quanto na forma\u00e7\u00e3o de alunos capazes de transitar entre desenvolvimento tecnol\u00f3gico, pesquisa experimental e aplica\u00e7\u00e3o cl\u00ednica.<\/p><p data-start=\"2110\" data-end=\"2298\">O grupo tamb\u00e9m conta com a colabora\u00e7\u00e3o da <strong data-start=\"2152\" data-end=\"2182\">Profa. Dra. Renata Valeri de Freitas<\/strong> e com a parceria do <strong data-start=\"2203\" data-end=\"2225\">Dr. Roberto Costa Ceccato<\/strong>, ampliando as interfaces acad\u00eamicas, t\u00e9cnicas e cl\u00ednicas que sustentam os projetos desenvolvido<\/p><p data-start=\"2300\" data-end=\"2700\">Participam do <strong data-start=\"2314\" data-end=\"2335\">Critical CARE USP<\/strong> estudantes de \u00e1reas multidisciplinares, reunindo diferentes forma\u00e7\u00f5es em torno de problemas reais da terapia intensiva. Essa composi\u00e7\u00e3o permite que os projetos sejam constru\u00eddos a partir do di\u00e1logo entre diferentes perspectivas: a compreens\u00e3o cl\u00ednica do paciente cr\u00edtico, o rigor quantitativo da engenharia, a an\u00e1lise de dados e a cria\u00e7\u00e3o de solu\u00e7\u00f5es tecnol\u00f3gicas.<\/p><p data-start=\"2702\" data-end=\"3094\" data-is-last-node=\"\" data-is-only-node=\"\">Nosso objetivo \u00e9 formar alunos, produzir conhecimento cient\u00edfico e desenvolver tecnologias que contribuam para uma UTI mais monitorada, inteligente, segura e orientada por dados. O <strong data-start=\"2883\" data-end=\"2904\">Critical CARE USP<\/strong> busca ser um espa\u00e7o de encontro entre engenharia e medicina, transformando sinais fisiol\u00f3gicos e dados cl\u00ednicos em conhecimento \u00fatil para pesquisa, ensino e inova\u00e7\u00e3o em cuidados intensivos.<\/p>\t\t\t\t\t\t<\/div>\n\t\t\t\t<\/div>\n\t\t\t\t\t<\/div>\n\t\t<\/div>\n\t\t\t\t\t<\/div>\n\t\t<\/section>\n\t\t\t\t<\/div>\n\t\t","protected":false},"excerpt":{"rendered":"<p>O Critical CARE USP \u00e9 um grupo de pesquisa coordenado pelo Prof. Dr. Felipe Fava de Lima, dedicado ao desenvolvimento de tecnologias aplicadas ao cuidado de pacientes cr\u00edticos em UTIs. O grupo nasce na Engenharia El\u00e9trica da Escola Polit\u00e9cnica da Universidade de S\u00e3o Paulo (EPUSP), dentro do Departamento de Engenharia de Comunica\u00e7\u00f5es e Controle (PTC), &hellip; <\/p>\n<p class=\"link-more\"><a href=\"https:\/\/sites.usp.br\/care\/quem-somos\/\" class=\"more-link\">Continue lendo<span class=\"screen-reader-text\"> &#8220;Quem Somos&#8221;<\/span><\/a><\/p>\n","protected":false},"author":25236,"featured_media":0,"parent":0,"menu_order":0,"comment_status":"closed","ping_status":"closed","template":"","meta":{"footnotes":"","_links_to":"","_links_to_target":""},"class_list":["post-24","page","type-page","status-publish","hentry"],"_links":{"self":[{"href":"https:\/\/sites.usp.br\/care\/wp-json\/wp\/v2\/pages\/24","targetHints":{"allow":["GET"]}}],"collection":[{"href":"https:\/\/sites.usp.br\/care\/wp-json\/wp\/v2\/pages"}],"about":[{"href":"https:\/\/sites.usp.br\/care\/wp-json\/wp\/v2\/types\/page"}],"author":[{"embeddable":true,"href":"https:\/\/sites.usp.br\/care\/wp-json\/wp\/v2\/users\/25236"}],"replies":[{"embeddable":true,"href":"https:\/\/sites.usp.br\/care\/wp-json\/wp\/v2\/comments?post=24"}],"version-history":[{"count":4,"href":"https:\/\/sites.usp.br\/care\/wp-json\/wp\/v2\/pages\/24\/revisions"}],"predecessor-version":[{"id":143,"href":"https:\/\/sites.usp.br\/care\/wp-json\/wp\/v2\/pages\/24\/revisions\/143"}],"wp:attachment":[{"href":"https:\/\/sites.usp.br\/care\/wp-json\/wp\/v2\/media?parent=24"}],"curies":[{"name":"wp","href":"https:\/\/api.w.org\/{rel}","templated":true}]}}