{"id":516,"date":"2020-01-27T11:27:43","date_gmt":"2020-01-27T13:27:43","guid":{"rendered":"https:\/\/sites.usp.br\/carreiralab\/?page_id=516"},"modified":"2020-01-27T12:43:21","modified_gmt":"2020-01-27T14:43:21","slug":"outros-membros","status":"publish","type":"page","link":"https:\/\/sites.usp.br\/carreiralab\/outros-membros\/","title":{"rendered":"Outros membros"},"content":{"rendered":"<p><img loading=\"lazy\" decoding=\"async\" class=\"alignleft wp-image-527\" src=\"https:\/\/sites.usp.br\/carreiralab\/wp-content\/uploads\/sites\/629\/2020\/01\/83378940_181646799906392_2975502473076146176_n.jpg\" alt=\"\" width=\"130\" height=\"130\" srcset=\"https:\/\/sites.usp.br\/carreiralab\/wp-content\/uploads\/sites\/629\/2020\/01\/83378940_181646799906392_2975502473076146176_n.jpg 733w, https:\/\/sites.usp.br\/carreiralab\/wp-content\/uploads\/sites\/629\/2020\/01\/83378940_181646799906392_2975502473076146176_n-300x300.jpg 300w, https:\/\/sites.usp.br\/carreiralab\/wp-content\/uploads\/sites\/629\/2020\/01\/83378940_181646799906392_2975502473076146176_n-150x150.jpg 150w, https:\/\/sites.usp.br\/carreiralab\/wp-content\/uploads\/sites\/629\/2020\/01\/83378940_181646799906392_2975502473076146176_n-160x160.jpg 160w, https:\/\/sites.usp.br\/carreiralab\/wp-content\/uploads\/sites\/629\/2020\/01\/83378940_181646799906392_2975502473076146176_n-320x320.jpg 320w, https:\/\/sites.usp.br\/carreiralab\/wp-content\/uploads\/sites\/629\/2020\/01\/83378940_181646799906392_2975502473076146176_n-45x45.jpg 45w, https:\/\/sites.usp.br\/carreiralab\/wp-content\/uploads\/sites\/629\/2020\/01\/83378940_181646799906392_2975502473076146176_n-200x200.jpg 200w, https:\/\/sites.usp.br\/carreiralab\/wp-content\/uploads\/sites\/629\/2020\/01\/83378940_181646799906392_2975502473076146176_n-400x401.jpg 400w\" sizes=\"auto, (max-width: 130px) 100vw, 130px\" \/><\/p>\n<p>&nbsp;<\/p>\n<p>&nbsp;<\/p>\n<p>&nbsp;<\/p>\n<p>&nbsp;<\/p>\n<p>Karine Ribeiro Assun\u00e7\u00e3o<\/p>\n<p><img loading=\"lazy\" decoding=\"async\" class=\"alignleft wp-image-528\" src=\"https:\/\/sites.usp.br\/carreiralab\/wp-content\/uploads\/sites\/629\/2020\/01\/71932568_2935638059783069_7118019814710312960_o.jpg\" alt=\"\" width=\"130\" height=\"130\" srcset=\"https:\/\/sites.usp.br\/carreiralab\/wp-content\/uploads\/sites\/629\/2020\/01\/71932568_2935638059783069_7118019814710312960_o.jpg 2013w, https:\/\/sites.usp.br\/carreiralab\/wp-content\/uploads\/sites\/629\/2020\/01\/71932568_2935638059783069_7118019814710312960_o-300x300.jpg 300w, https:\/\/sites.usp.br\/carreiralab\/wp-content\/uploads\/sites\/629\/2020\/01\/71932568_2935638059783069_7118019814710312960_o-1024x1024.jpg 1024w, https:\/\/sites.usp.br\/carreiralab\/wp-content\/uploads\/sites\/629\/2020\/01\/71932568_2935638059783069_7118019814710312960_o-150x150.jpg 150w, https:\/\/sites.usp.br\/carreiralab\/wp-content\/uploads\/sites\/629\/2020\/01\/71932568_2935638059783069_7118019814710312960_o-768x769.jpg 768w, https:\/\/sites.usp.br\/carreiralab\/wp-content\/uploads\/sites\/629\/2020\/01\/71932568_2935638059783069_7118019814710312960_o-1534x1536.jpg 1534w, https:\/\/sites.usp.br\/carreiralab\/wp-content\/uploads\/sites\/629\/2020\/01\/71932568_2935638059783069_7118019814710312960_o-160x160.jpg 160w, https:\/\/sites.usp.br\/carreiralab\/wp-content\/uploads\/sites\/629\/2020\/01\/71932568_2935638059783069_7118019814710312960_o-320x320.jpg 320w, https:\/\/sites.usp.br\/carreiralab\/wp-content\/uploads\/sites\/629\/2020\/01\/71932568_2935638059783069_7118019814710312960_o-45x45.jpg 45w, https:\/\/sites.usp.br\/carreiralab\/wp-content\/uploads\/sites\/629\/2020\/01\/71932568_2935638059783069_7118019814710312960_o-200x200.jpg 200w, https:\/\/sites.usp.br\/carreiralab\/wp-content\/uploads\/sites\/629\/2020\/01\/71932568_2935638059783069_7118019814710312960_o-400x400.jpg 400w\" sizes=\"auto, (max-width: 130px) 100vw, 130px\" \/><\/p>\n<p>&nbsp;<\/p>\n<p>&nbsp;<\/p>\n<p>&nbsp;<\/p>\n<p>&nbsp;<\/p>\n<p>Marina Candiani Meles<\/p>\n<p><img loading=\"lazy\" decoding=\"async\" class=\"alignleft wp-image-529\" src=\"https:\/\/sites.usp.br\/carreiralab\/wp-content\/uploads\/sites\/629\/2020\/01\/83284798_177605340254277_4066493744730341376_n.jpg\" alt=\"\" width=\"130\" height=\"132\" srcset=\"https:\/\/sites.usp.br\/carreiralab\/wp-content\/uploads\/sites\/629\/2020\/01\/83284798_177605340254277_4066493744730341376_n.jpg 731w, https:\/\/sites.usp.br\/carreiralab\/wp-content\/uploads\/sites\/629\/2020\/01\/83284798_177605340254277_4066493744730341376_n-294x300.jpg 294w, https:\/\/sites.usp.br\/carreiralab\/wp-content\/uploads\/sites\/629\/2020\/01\/83284798_177605340254277_4066493744730341376_n-45x45.jpg 45w, https:\/\/sites.usp.br\/carreiralab\/wp-content\/uploads\/sites\/629\/2020\/01\/83284798_177605340254277_4066493744730341376_n-400x408.jpg 400w\" sizes=\"auto, (max-width: 130px) 100vw, 130px\" \/><\/p>\n<p>&nbsp;<\/p>\n<p>&nbsp;<\/p>\n<p>&nbsp;<\/p>\n<p>&nbsp;<\/p>\n<p>Ana Paula Resende Augusto<\/p>\n<p><img loading=\"lazy\" decoding=\"async\" class=\"alignleft wp-image-544\" src=\"https:\/\/sites.usp.br\/carreiralab\/wp-content\/uploads\/sites\/629\/2020\/01\/84730096_2905324149519663_2019389783154884608_n-1.jpg\" alt=\"\" width=\"130\" height=\"130\" srcset=\"https:\/\/sites.usp.br\/carreiralab\/wp-content\/uploads\/sites\/629\/2020\/01\/84730096_2905324149519663_2019389783154884608_n-1.jpg 876w, https:\/\/sites.usp.br\/carreiralab\/wp-content\/uploads\/sites\/629\/2020\/01\/84730096_2905324149519663_2019389783154884608_n-1-300x300.jpg 300w, https:\/\/sites.usp.br\/carreiralab\/wp-content\/uploads\/sites\/629\/2020\/01\/84730096_2905324149519663_2019389783154884608_n-1-150x150.jpg 150w, https:\/\/sites.usp.br\/carreiralab\/wp-content\/uploads\/sites\/629\/2020\/01\/84730096_2905324149519663_2019389783154884608_n-1-768x767.jpg 768w, https:\/\/sites.usp.br\/carreiralab\/wp-content\/uploads\/sites\/629\/2020\/01\/84730096_2905324149519663_2019389783154884608_n-1-160x160.jpg 160w, https:\/\/sites.usp.br\/carreiralab\/wp-content\/uploads\/sites\/629\/2020\/01\/84730096_2905324149519663_2019389783154884608_n-1-320x320.jpg 320w, https:\/\/sites.usp.br\/carreiralab\/wp-content\/uploads\/sites\/629\/2020\/01\/84730096_2905324149519663_2019389783154884608_n-1-45x45.jpg 45w, https:\/\/sites.usp.br\/carreiralab\/wp-content\/uploads\/sites\/629\/2020\/01\/84730096_2905324149519663_2019389783154884608_n-1-200x200.jpg 200w, https:\/\/sites.usp.br\/carreiralab\/wp-content\/uploads\/sites\/629\/2020\/01\/84730096_2905324149519663_2019389783154884608_n-1-400x400.jpg 400w\" sizes=\"auto, (max-width: 130px) 100vw, 130px\" \/><\/p>\n<p>&nbsp;<\/p>\n<p>&nbsp;<\/p>\n<p>&nbsp;<\/p>\n<p>&nbsp;<\/p>\n<p>Jo\u00e3o Lucas Silva Violante (gradua\u00e7\u00e3o UNESP\/Bauru &#8211; est\u00e1gio de ver\u00e3o)<\/p>\n<p><img loading=\"lazy\" decoding=\"async\" class=\"alignleft wp-image-530\" src=\"https:\/\/sites.usp.br\/carreiralab\/wp-content\/uploads\/sites\/629\/2020\/01\/83337757_210085480149835_9011002697389703168_n.jpg\" alt=\"\" width=\"130\" height=\"130\" srcset=\"https:\/\/sites.usp.br\/carreiralab\/wp-content\/uploads\/sites\/629\/2020\/01\/83337757_210085480149835_9011002697389703168_n.jpg 1079w, https:\/\/sites.usp.br\/carreiralab\/wp-content\/uploads\/sites\/629\/2020\/01\/83337757_210085480149835_9011002697389703168_n-300x300.jpg 300w, https:\/\/sites.usp.br\/carreiralab\/wp-content\/uploads\/sites\/629\/2020\/01\/83337757_210085480149835_9011002697389703168_n-1024x1022.jpg 1024w, https:\/\/sites.usp.br\/carreiralab\/wp-content\/uploads\/sites\/629\/2020\/01\/83337757_210085480149835_9011002697389703168_n-150x150.jpg 150w, https:\/\/sites.usp.br\/carreiralab\/wp-content\/uploads\/sites\/629\/2020\/01\/83337757_210085480149835_9011002697389703168_n-768x767.jpg 768w, https:\/\/sites.usp.br\/carreiralab\/wp-content\/uploads\/sites\/629\/2020\/01\/83337757_210085480149835_9011002697389703168_n-160x160.jpg 160w, https:\/\/sites.usp.br\/carreiralab\/wp-content\/uploads\/sites\/629\/2020\/01\/83337757_210085480149835_9011002697389703168_n-320x320.jpg 320w, https:\/\/sites.usp.br\/carreiralab\/wp-content\/uploads\/sites\/629\/2020\/01\/83337757_210085480149835_9011002697389703168_n-45x45.jpg 45w, https:\/\/sites.usp.br\/carreiralab\/wp-content\/uploads\/sites\/629\/2020\/01\/83337757_210085480149835_9011002697389703168_n-200x200.jpg 200w, https:\/\/sites.usp.br\/carreiralab\/wp-content\/uploads\/sites\/629\/2020\/01\/83337757_210085480149835_9011002697389703168_n-400x399.jpg 400w\" sizes=\"auto, (max-width: 130px) 100vw, 130px\" \/><\/p>\n<p>&nbsp;<\/p>\n<p>&nbsp;<\/p>\n<p>&nbsp;<\/p>\n<p>&nbsp;<\/p>\n<p>Let\u00edcia Leite Medeiros (gradua\u00e7\u00e3o FAMERP &#8211; est\u00e1gio de ver\u00e3o)<\/p>\n<p>&nbsp;<\/p>\n","protected":false},"excerpt":{"rendered":"<p>&nbsp; &nbsp; &nbsp; &nbsp; Karine Ribeiro Assun\u00e7\u00e3o &nbsp; &nbsp; &nbsp; &nbsp; Marina Candiani Meles &nbsp; &nbsp; &nbsp; &nbsp; Ana Paula&#46;&#46;&#46;<\/p>\n","protected":false},"author":472,"featured_media":0,"parent":0,"menu_order":0,"comment_status":"closed","ping_status":"closed","template":"","meta":{"footnotes":"","_links_to":"","_links_to_target":""},"class_list":["post-516","page","type-page","status-publish","hentry"],"_links":{"self":[{"href":"https:\/\/sites.usp.br\/carreiralab\/wp-json\/wp\/v2\/pages\/516","targetHints":{"allow":["GET"]}}],"collection":[{"href":"https:\/\/sites.usp.br\/carreiralab\/wp-json\/wp\/v2\/pages"}],"about":[{"href":"https:\/\/sites.usp.br\/carreiralab\/wp-json\/wp\/v2\/types\/page"}],"author":[{"embeddable":true,"href":"https:\/\/sites.usp.br\/carreiralab\/wp-json\/wp\/v2\/users\/472"}],"replies":[{"embeddable":true,"href":"https:\/\/sites.usp.br\/carreiralab\/wp-json\/wp\/v2\/comments?post=516"}],"version-history":[{"count":4,"href":"https:\/\/sites.usp.br\/carreiralab\/wp-json\/wp\/v2\/pages\/516\/revisions"}],"predecessor-version":[{"id":545,"href":"https:\/\/sites.usp.br\/carreiralab\/wp-json\/wp\/v2\/pages\/516\/revisions\/545"}],"wp:attachment":[{"href":"https:\/\/sites.usp.br\/carreiralab\/wp-json\/wp\/v2\/media?parent=516"}],"curies":[{"name":"wp","href":"https:\/\/api.w.org\/{rel}","templated":true}]}}