{"id":214,"date":"2024-03-02T21:07:06","date_gmt":"2024-03-02T23:07:06","guid":{"rendered":"https:\/\/sites.usp.br\/cbfdpg\/?page_id=214"},"modified":"2024-03-25T13:44:57","modified_gmt":"2024-03-25T15:44:57","slug":"solidariedade-entre-bibliotecas","status":"publish","type":"page","link":"https:\/\/sites.usp.br\/cbfdpg\/solidariedade-entre-bibliotecas\/","title":{"rendered":"Solidariedade entre bibliotecas"},"content":{"rendered":"\t\t<div data-elementor-type=\"wp-page\" data-elementor-id=\"214\" class=\"elementor elementor-214\" data-elementor-post-type=\"page\">\n\t\t\t\t<div class=\"elementor-element elementor-element-ced4634 e-flex e-con-boxed e-con e-parent\" data-id=\"ced4634\" data-element_type=\"container\">\n\t\t\t\t\t<div class=\"e-con-inner\">\n\t\t\t\t<div class=\"elementor-element elementor-element-416a909 elementor-widget elementor-widget-text-editor\" data-id=\"416a909\" data-element_type=\"widget\" data-widget_type=\"text-editor.default\">\n\t\t\t\t<div class=\"elementor-widget-container\">\n\t\t\t\t\t\t\t<p class=\"MsoNormal\" style=\"margin-bottom: 0cm; text-align: justify; line-height: 150%;\"><span style=\"color: rgb(1, 7, 10); font-weight: 700; text-align: start;\">COL\u00c9GIO BRASILEIRO DE FACULDADES DE DIREITO P\u00daBLICAS E GRATUITAS<\/span><br><\/p><p class=\"MsoNormal\" style=\"margin-bottom: 0cm; text-align: justify; line-height: 150%;\"><span style=\"color: rgb(1, 7, 10); font-weight: 700; text-align: start;\"><br><\/span><\/p>\t\t\t\t\t\t<\/div>\n\t\t\t\t<\/div>\n\t\t\t\t\t<\/div>\n\t\t\t\t<\/div>\n\t\t<div class=\"elementor-element elementor-element-65d64c6 e-flex e-con-boxed e-con e-parent\" data-id=\"65d64c6\" data-element_type=\"container\">\n\t\t\t\t\t<div class=\"e-con-inner\">\n\t\t\t\t<div class=\"elementor-element elementor-element-3fd0ff1 elementor-widget elementor-widget-text-editor\" data-id=\"3fd0ff1\" data-element_type=\"widget\" data-widget_type=\"text-editor.default\">\n\t\t\t\t<div class=\"elementor-widget-container\">\n\t\t\t\t\t\t\t<p><b>Rede de Coopera\u00e7\u00e3o entre Bibliotecas Jur\u00eddicas de Faculdades de Direito P\u00fablicas e Gratuitas&nbsp;<\/b><\/p>\n<p><\/p>\n<p><\/p>\n<p>O Col\u00e9gio Brasileiro das Faculdades de Direito P\u00fablicas e Gratuitas \u00e9 uma rede de solidariedade formada por institui\u00e7\u00f5es p\u00fablicas e gratuitas que tem como objetivo o fortalecimento do Estado Democr\u00e1tico de Direito e do ensino jur\u00eddico.&nbsp;<\/p>\n<p><\/p>\n<p>Nesse contexto, surge o projeto para a forma\u00e7\u00e3o de uma Rede de Coopera\u00e7\u00e3o entre Bibliotecas Jur\u00eddicas, cujo intuito \u00e9 fomentar a coopera\u00e7\u00e3o entre as bibliotecas das Faculdades de Direito p\u00fablicas e gratuitas participantes. O principal objetivo da Rede de Coopera\u00e7\u00e3o entre Bibliotecas Jur\u00eddicas \u00e9 promover uma amplia\u00e7\u00e3o do acesso \u00e0 informa\u00e7\u00e3o, especialmente nas institui\u00e7\u00f5es que enfrentam escassez de recursos informativos, por meio da doa\u00e7\u00e3o de exemplares repetidos e n\u00e3o utilizados pelas faculdades doadoras.&nbsp;<\/p>\n<p><\/p>\n<p>Na pr\u00e1tica, o projeto promover\u00e1 a otimiza\u00e7\u00e3o dos recursos bibliogr\u00e1ficos dispon\u00edveis, melhor aproveitamento do espa\u00e7o f\u00edsico das bibliotecas, preven\u00e7\u00e3o de descarte inadequado de exemplares e o enriquecimento da diversidade de t\u00edtulos dispon\u00edveis em cada unidade em todo o pa\u00eds.&nbsp;<\/p>\n<p><\/p>\n<p>Al\u00e9m disso, almeja-se formar uma cultura de colabora\u00e7\u00e3o entre as institui\u00e7\u00f5es participantes, com potencial de expans\u00e3o para outros produtos e servi\u00e7os.&nbsp;<\/p>\n<p><\/p>\n<p><\/p>\n<p>Etapas:&nbsp;<\/p>\n<p><\/p>\n<p>1) Convidar bibliotecas jur\u00eddicas para estruturarem a rede e mapearem os acervos dispon\u00edveis para doa\u00e7\u00e3o. At\u00e9 o momento, contamos com o interesse de participa\u00e7\u00e3o das bibliotecas jur\u00eddicas das seguintes institui\u00e7\u00f5es: FDRP, UFBA, UFJF, UFMG, UFPE, UFSC e UNEMAT.&nbsp;<\/p>\n<p><\/p>\n<p>2) Estabelecer um sistema de cataloga\u00e7\u00e3o simplificado, cooperativo e padronizado, alimentado pelas bibliotecas da rede. Nesse cat\u00e1logo, as bibliotecas disponibilizam os t\u00edtulos dispon\u00edveis para doa\u00e7\u00e3o, e as bibliotecas interessadas em receb\u00ea-los manifestam seu interesse. O piloto j\u00e1 foi desenvolvido pela Biblioteca da FRDP-USP e compartilhado com as bibliotecas interessadas, que podem, a qualquer momento, sugerir altera\u00e7\u00f5es e melhorias em qualquer parte do processo.&nbsp;<\/p>\n<p><\/p>\n<p>3) Definir diretrizes para a log\u00edstica de envio e recebimento dos livros entre as institui\u00e7\u00f5es. Espera-se que as bibliotecas interessadas em receber os exemplares fa\u00e7am a indica\u00e7\u00e3o na planilha e entrem em contato com a institui\u00e7\u00e3o doadora para estabelecer o formato da log\u00edstica.&nbsp;<\/p>\n<p><\/p>\n<p>4) Promover reuni\u00f5es, eventos e campanhas para a conscientiza\u00e7\u00e3o sobre a import\u00e2ncia da colabora\u00e7\u00e3o e do compartilhamento de recursos entre as bibliotecas, almejando a melhoria cont\u00ednua da rede.&nbsp;<\/p>\n<p><\/p>\n<p>O sucesso desse projeto depender\u00e1 da colabora\u00e7\u00e3o e comprometimento das bibliotecas participantes. Espera-se que o impacto do projeto seja periodicamente avaliado por seus participantes, realizando-se ajustes conforme necess\u00e1rio.&nbsp;<\/p>\n<p><\/p>\n<p><\/p>\n<p>Para maiores informa\u00e7\u00f5es e para fazer parte dessa rede, entre em contato conosco pelo e-mail bdrp@usp.br.&nbsp;<\/p>\n<p><\/p>\t\t\t\t\t\t<\/div>\n\t\t\t\t<\/div>\n\t\t\t\t\t<\/div>\n\t\t\t\t<\/div>\n\t\t<div class=\"elementor-element elementor-element-4133878 e-flex e-con-boxed e-con e-parent\" data-id=\"4133878\" data-element_type=\"container\">\n\t\t\t\t\t<div class=\"e-con-inner\">\n\t\t\t\t<div class=\"elementor-element elementor-element-0bc03eb elementor-widget elementor-widget-spacer\" data-id=\"0bc03eb\" data-element_type=\"widget\" data-widget_type=\"spacer.default\">\n\t\t\t\t<div class=\"elementor-widget-container\">\n\t\t\t\t\t<div class=\"elementor-spacer\">\n\t\t\t<div class=\"elementor-spacer-inner\"><\/div>\n\t\t<\/div>\n\t\t\t\t<\/div>\n\t\t\t\t<\/div>\n\t\t\t\t\t<\/div>\n\t\t\t\t<\/div>\n\t\t<div class=\"elementor-element elementor-element-c62f17b e-flex e-con-boxed e-con e-parent\" data-id=\"c62f17b\" data-element_type=\"container\">\n\t\t\t\t\t<div class=\"e-con-inner\">\n\t\t\t\t<div class=\"elementor-element elementor-element-6872505 elementor-align-center elementor-widget elementor-widget-button\" data-id=\"6872505\" data-element_type=\"widget\" data-widget_type=\"button.default\">\n\t\t\t\t<div class=\"elementor-widget-container\">\n\t\t\t\t\t\t\t<div class=\"elementor-button-wrapper\">\n\t\t\t\t\t<a class=\"elementor-button elementor-button-link elementor-size-sm\" href=\"https:\/\/sites.usp.br\/cbfdpg\/\">\n\t\t\t\t\t\t<span class=\"elementor-button-content-wrapper\">\n\t\t\t\t\t\t\t\t\t<span class=\"elementor-button-text\">Voltar ao menu<\/span>\n\t\t\t\t\t<\/span>\n\t\t\t\t\t<\/a>\n\t\t\t\t<\/div>\n\t\t\t\t\t\t<\/div>\n\t\t\t\t<\/div>\n\t\t\t\t\t<\/div>\n\t\t\t\t<\/div>\n\t\t\t\t<\/div>\n\t\t","protected":false},"excerpt":{"rendered":"<p>COL\u00c9GIO BRASILEIRO DE FACULDADES DE DIREITO P\u00daBLICAS E GRATUITAS Rede de Coopera\u00e7\u00e3o entre Bibliotecas Jur\u00eddicas de Faculdades de Direito P\u00fablicas e Gratuitas&nbsp; O Col\u00e9gio Brasileiro das Faculdades de Direito P\u00fablicas e Gratuitas \u00e9 uma rede de solidariedade formada por institui\u00e7\u00f5es p\u00fablicas e gratuitas que tem como objetivo o fortalecimento do Estado Democr\u00e1tico de Direito e &hellip; <\/p>\n<p class=\"link-more\"><a href=\"https:\/\/sites.usp.br\/cbfdpg\/solidariedade-entre-bibliotecas\/\" class=\"more-link\">Continue lendo<span class=\"screen-reader-text\"> &#8220;Solidariedade entre bibliotecas&#8221;<\/span><\/a><\/p>\n","protected":false},"author":23953,"featured_media":0,"parent":0,"menu_order":0,"comment_status":"closed","ping_status":"closed","template":"","meta":{"footnotes":"","_links_to":"","_links_to_target":""},"class_list":["post-214","page","type-page","status-publish","hentry"],"_links":{"self":[{"href":"https:\/\/sites.usp.br\/cbfdpg\/wp-json\/wp\/v2\/pages\/214","targetHints":{"allow":["GET"]}}],"collection":[{"href":"https:\/\/sites.usp.br\/cbfdpg\/wp-json\/wp\/v2\/pages"}],"about":[{"href":"https:\/\/sites.usp.br\/cbfdpg\/wp-json\/wp\/v2\/types\/page"}],"author":[{"embeddable":true,"href":"https:\/\/sites.usp.br\/cbfdpg\/wp-json\/wp\/v2\/users\/23953"}],"replies":[{"embeddable":true,"href":"https:\/\/sites.usp.br\/cbfdpg\/wp-json\/wp\/v2\/comments?post=214"}],"version-history":[{"count":4,"href":"https:\/\/sites.usp.br\/cbfdpg\/wp-json\/wp\/v2\/pages\/214\/revisions"}],"predecessor-version":[{"id":1185,"href":"https:\/\/sites.usp.br\/cbfdpg\/wp-json\/wp\/v2\/pages\/214\/revisions\/1185"}],"wp:attachment":[{"href":"https:\/\/sites.usp.br\/cbfdpg\/wp-json\/wp\/v2\/media?parent=214"}],"curies":[{"name":"wp","href":"https:\/\/api.w.org\/{rel}","templated":true}]}}