{"id":210,"date":"2021-04-15T18:47:53","date_gmt":"2021-04-15T21:47:53","guid":{"rendered":"https:\/\/sites.usp.br\/cbsp\/?page_id=210"},"modified":"2021-11-11T16:18:49","modified_gmt":"2021-11-11T19:18:49","slug":"embaixadores","status":"publish","type":"page","link":"https:\/\/sites.usp.br\/cbsp\/embaixadores\/","title":{"rendered":"Embaixadores"},"content":{"rendered":"<p><strong>Conhe\u00e7am os Embaixadores de Sa\u00fade Planet\u00e1ria 2021!<\/strong><a href=\"https:\/\/sites.usp.br\/cbsp\/wp-content\/uploads\/sites\/893\/2021\/03\/1.jpg\"><br \/>\n<img loading=\"lazy\" decoding=\"async\" class=\"alignleft size-medium wp-image-168\" src=\"https:\/\/sites.usp.br\/cbsp\/wp-content\/uploads\/sites\/893\/2021\/03\/1-212x300.jpg\" alt=\"\" width=\"212\" height=\"300\" srcset=\"https:\/\/sites.usp.br\/cbsp\/wp-content\/uploads\/sites\/893\/2021\/03\/1-212x300.jpg 212w, https:\/\/sites.usp.br\/cbsp\/wp-content\/uploads\/sites\/893\/2021\/03\/1-724x1024.jpg 724w, https:\/\/sites.usp.br\/cbsp\/wp-content\/uploads\/sites\/893\/2021\/03\/1-768x1086.jpg 768w, https:\/\/sites.usp.br\/cbsp\/wp-content\/uploads\/sites\/893\/2021\/03\/1-1086x1536.jpg 1086w, https:\/\/sites.usp.br\/cbsp\/wp-content\/uploads\/sites\/893\/2021\/03\/1-1448x2048.jpg 1448w, https:\/\/sites.usp.br\/cbsp\/wp-content\/uploads\/sites\/893\/2021\/03\/1-400x566.jpg 400w, https:\/\/sites.usp.br\/cbsp\/wp-content\/uploads\/sites\/893\/2021\/03\/1.jpg 1587w\" sizes=\"auto, (max-width: 212px) 100vw, 212px\" \/><\/a> <a href=\"https:\/\/sites.usp.br\/cbsp\/wp-content\/uploads\/sites\/893\/2021\/03\/2.jpg\"><img loading=\"lazy\" decoding=\"async\" class=\"alignleft size-medium wp-image-170\" src=\"https:\/\/sites.usp.br\/cbsp\/wp-content\/uploads\/sites\/893\/2021\/03\/2-212x300.jpg\" alt=\"\" width=\"212\" height=\"300\" srcset=\"https:\/\/sites.usp.br\/cbsp\/wp-content\/uploads\/sites\/893\/2021\/03\/2-212x300.jpg 212w, https:\/\/sites.usp.br\/cbsp\/wp-content\/uploads\/sites\/893\/2021\/03\/2-724x1024.jpg 724w, https:\/\/sites.usp.br\/cbsp\/wp-content\/uploads\/sites\/893\/2021\/03\/2-768x1086.jpg 768w, https:\/\/sites.usp.br\/cbsp\/wp-content\/uploads\/sites\/893\/2021\/03\/2-1086x1536.jpg 1086w, https:\/\/sites.usp.br\/cbsp\/wp-content\/uploads\/sites\/893\/2021\/03\/2-1448x2048.jpg 1448w, https:\/\/sites.usp.br\/cbsp\/wp-content\/uploads\/sites\/893\/2021\/03\/2-400x566.jpg 400w, https:\/\/sites.usp.br\/cbsp\/wp-content\/uploads\/sites\/893\/2021\/03\/2.jpg 1587w\" sizes=\"auto, (max-width: 212px) 100vw, 212px\" \/><\/a> <a href=\"https:\/\/sites.usp.br\/cbsp\/wp-content\/uploads\/sites\/893\/2021\/03\/3.jpg\"><img loading=\"lazy\" decoding=\"async\" class=\"alignleft size-medium wp-image-171\" src=\"https:\/\/sites.usp.br\/cbsp\/wp-content\/uploads\/sites\/893\/2021\/03\/3-212x300.jpg\" alt=\"\" width=\"212\" height=\"300\" srcset=\"https:\/\/sites.usp.br\/cbsp\/wp-content\/uploads\/sites\/893\/2021\/03\/3-212x300.jpg 212w, https:\/\/sites.usp.br\/cbsp\/wp-content\/uploads\/sites\/893\/2021\/03\/3-724x1024.jpg 724w, https:\/\/sites.usp.br\/cbsp\/wp-content\/uploads\/sites\/893\/2021\/03\/3-768x1086.jpg 768w, https:\/\/sites.usp.br\/cbsp\/wp-content\/uploads\/sites\/893\/2021\/03\/3-1086x1536.jpg 1086w, https:\/\/sites.usp.br\/cbsp\/wp-content\/uploads\/sites\/893\/2021\/03\/3-1448x2048.jpg 1448w, https:\/\/sites.usp.br\/cbsp\/wp-content\/uploads\/sites\/893\/2021\/03\/3-400x566.jpg 400w, https:\/\/sites.usp.br\/cbsp\/wp-content\/uploads\/sites\/893\/2021\/03\/3.jpg 1587w\" sizes=\"auto, (max-width: 212px) 100vw, 212px\" \/><\/a><a href=\"https:\/\/sites.usp.br\/cbsp\/wp-content\/uploads\/sites\/893\/2021\/03\/4.jpg\"><img loading=\"lazy\" decoding=\"async\" class=\"alignleft size-medium wp-image-172\" src=\"https:\/\/sites.usp.br\/cbsp\/wp-content\/uploads\/sites\/893\/2021\/03\/4-212x300.jpg\" alt=\"\" width=\"212\" height=\"300\" srcset=\"https:\/\/sites.usp.br\/cbsp\/wp-content\/uploads\/sites\/893\/2021\/03\/4-212x300.jpg 212w, https:\/\/sites.usp.br\/cbsp\/wp-content\/uploads\/sites\/893\/2021\/03\/4-724x1024.jpg 724w, https:\/\/sites.usp.br\/cbsp\/wp-content\/uploads\/sites\/893\/2021\/03\/4-768x1086.jpg 768w, https:\/\/sites.usp.br\/cbsp\/wp-content\/uploads\/sites\/893\/2021\/03\/4-1086x1536.jpg 1086w, https:\/\/sites.usp.br\/cbsp\/wp-content\/uploads\/sites\/893\/2021\/03\/4-1448x2048.jpg 1448w, https:\/\/sites.usp.br\/cbsp\/wp-content\/uploads\/sites\/893\/2021\/03\/4-400x566.jpg 400w, https:\/\/sites.usp.br\/cbsp\/wp-content\/uploads\/sites\/893\/2021\/03\/4.jpg 1587w\" sizes=\"auto, (max-width: 212px) 100vw, 212px\" \/><\/a> <a href=\"https:\/\/sites.usp.br\/cbsp\/wp-content\/uploads\/sites\/893\/2021\/03\/5.jpg\"><img loading=\"lazy\" decoding=\"async\" class=\"alignleft size-medium wp-image-173\" src=\"https:\/\/sites.usp.br\/cbsp\/wp-content\/uploads\/sites\/893\/2021\/03\/5-212x300.jpg\" alt=\"\" width=\"212\" height=\"300\" srcset=\"https:\/\/sites.usp.br\/cbsp\/wp-content\/uploads\/sites\/893\/2021\/03\/5-212x300.jpg 212w, https:\/\/sites.usp.br\/cbsp\/wp-content\/uploads\/sites\/893\/2021\/03\/5-724x1024.jpg 724w, https:\/\/sites.usp.br\/cbsp\/wp-content\/uploads\/sites\/893\/2021\/03\/5-768x1086.jpg 768w, https:\/\/sites.usp.br\/cbsp\/wp-content\/uploads\/sites\/893\/2021\/03\/5-1086x1536.jpg 1086w, https:\/\/sites.usp.br\/cbsp\/wp-content\/uploads\/sites\/893\/2021\/03\/5-1448x2048.jpg 1448w, https:\/\/sites.usp.br\/cbsp\/wp-content\/uploads\/sites\/893\/2021\/03\/5-400x566.jpg 400w, https:\/\/sites.usp.br\/cbsp\/wp-content\/uploads\/sites\/893\/2021\/03\/5.jpg 1587w\" sizes=\"auto, (max-width: 212px) 100vw, 212px\" \/><\/a> <a href=\"https:\/\/sites.usp.br\/cbsp\/wp-content\/uploads\/sites\/893\/2021\/04\/6.jpg\"><img loading=\"lazy\" decoding=\"async\" class=\"alignleft size-medium wp-image-180\" src=\"https:\/\/sites.usp.br\/cbsp\/wp-content\/uploads\/sites\/893\/2021\/04\/6-212x300.jpg\" alt=\"\" width=\"212\" height=\"300\" srcset=\"https:\/\/sites.usp.br\/cbsp\/wp-content\/uploads\/sites\/893\/2021\/04\/6-212x300.jpg 212w, https:\/\/sites.usp.br\/cbsp\/wp-content\/uploads\/sites\/893\/2021\/04\/6-724x1024.jpg 724w, https:\/\/sites.usp.br\/cbsp\/wp-content\/uploads\/sites\/893\/2021\/04\/6-768x1086.jpg 768w, https:\/\/sites.usp.br\/cbsp\/wp-content\/uploads\/sites\/893\/2021\/04\/6-1086x1536.jpg 1086w, https:\/\/sites.usp.br\/cbsp\/wp-content\/uploads\/sites\/893\/2021\/04\/6-1448x2048.jpg 1448w, https:\/\/sites.usp.br\/cbsp\/wp-content\/uploads\/sites\/893\/2021\/04\/6-400x566.jpg 400w, https:\/\/sites.usp.br\/cbsp\/wp-content\/uploads\/sites\/893\/2021\/04\/6.jpg 1587w\" sizes=\"auto, (max-width: 212px) 100vw, 212px\" \/><\/a> <a href=\"https:\/\/sites.usp.br\/cbsp\/wp-content\/uploads\/sites\/893\/2021\/04\/7.jpg\"><img loading=\"lazy\" decoding=\"async\" class=\"alignleft size-medium wp-image-181\" src=\"https:\/\/sites.usp.br\/cbsp\/wp-content\/uploads\/sites\/893\/2021\/04\/7-212x300.jpg\" alt=\"\" width=\"212\" height=\"300\" srcset=\"https:\/\/sites.usp.br\/cbsp\/wp-content\/uploads\/sites\/893\/2021\/04\/7-212x300.jpg 212w, https:\/\/sites.usp.br\/cbsp\/wp-content\/uploads\/sites\/893\/2021\/04\/7-724x1024.jpg 724w, https:\/\/sites.usp.br\/cbsp\/wp-content\/uploads\/sites\/893\/2021\/04\/7-768x1086.jpg 768w, https:\/\/sites.usp.br\/cbsp\/wp-content\/uploads\/sites\/893\/2021\/04\/7-1086x1536.jpg 1086w, https:\/\/sites.usp.br\/cbsp\/wp-content\/uploads\/sites\/893\/2021\/04\/7-1448x2048.jpg 1448w, https:\/\/sites.usp.br\/cbsp\/wp-content\/uploads\/sites\/893\/2021\/04\/7-400x566.jpg 400w, https:\/\/sites.usp.br\/cbsp\/wp-content\/uploads\/sites\/893\/2021\/04\/7.jpg 1587w\" sizes=\"auto, (max-width: 212px) 100vw, 212px\" \/><\/a> <a href=\"https:\/\/sites.usp.br\/cbsp\/wp-content\/uploads\/sites\/893\/2021\/04\/8.jpg\"><img loading=\"lazy\" decoding=\"async\" class=\"alignleft size-medium wp-image-182\" src=\"https:\/\/sites.usp.br\/cbsp\/wp-content\/uploads\/sites\/893\/2021\/04\/8-212x300.jpg\" alt=\"\" width=\"212\" height=\"300\" srcset=\"https:\/\/sites.usp.br\/cbsp\/wp-content\/uploads\/sites\/893\/2021\/04\/8-212x300.jpg 212w, https:\/\/sites.usp.br\/cbsp\/wp-content\/uploads\/sites\/893\/2021\/04\/8-724x1024.jpg 724w, https:\/\/sites.usp.br\/cbsp\/wp-content\/uploads\/sites\/893\/2021\/04\/8-768x1086.jpg 768w, https:\/\/sites.usp.br\/cbsp\/wp-content\/uploads\/sites\/893\/2021\/04\/8-1086x1536.jpg 1086w, https:\/\/sites.usp.br\/cbsp\/wp-content\/uploads\/sites\/893\/2021\/04\/8-1448x2048.jpg 1448w, https:\/\/sites.usp.br\/cbsp\/wp-content\/uploads\/sites\/893\/2021\/04\/8-400x566.jpg 400w, https:\/\/sites.usp.br\/cbsp\/wp-content\/uploads\/sites\/893\/2021\/04\/8.jpg 1587w\" sizes=\"auto, (max-width: 212px) 100vw, 212px\" \/><\/a><a href=\"https:\/\/sites.usp.br\/cbsp\/wp-content\/uploads\/sites\/893\/2021\/04\/9.jpg\"><img loading=\"lazy\" decoding=\"async\" class=\"alignleft size-medium wp-image-183\" src=\"https:\/\/sites.usp.br\/cbsp\/wp-content\/uploads\/sites\/893\/2021\/04\/9-212x300.jpg\" alt=\"\" width=\"212\" height=\"300\" srcset=\"https:\/\/sites.usp.br\/cbsp\/wp-content\/uploads\/sites\/893\/2021\/04\/9-212x300.jpg 212w, https:\/\/sites.usp.br\/cbsp\/wp-content\/uploads\/sites\/893\/2021\/04\/9-724x1024.jpg 724w, https:\/\/sites.usp.br\/cbsp\/wp-content\/uploads\/sites\/893\/2021\/04\/9-768x1086.jpg 768w, https:\/\/sites.usp.br\/cbsp\/wp-content\/uploads\/sites\/893\/2021\/04\/9-1086x1536.jpg 1086w, https:\/\/sites.usp.br\/cbsp\/wp-content\/uploads\/sites\/893\/2021\/04\/9-1448x2048.jpg 1448w, https:\/\/sites.usp.br\/cbsp\/wp-content\/uploads\/sites\/893\/2021\/04\/9-400x566.jpg 400w, https:\/\/sites.usp.br\/cbsp\/wp-content\/uploads\/sites\/893\/2021\/04\/9.jpg 1587w\" sizes=\"auto, (max-width: 212px) 100vw, 212px\" \/><\/a> <a href=\"https:\/\/sites.usp.br\/cbsp\/wp-content\/uploads\/sites\/893\/2021\/04\/10.jpg\"><img loading=\"lazy\" decoding=\"async\" class=\"alignleft size-medium wp-image-184\" src=\"https:\/\/sites.usp.br\/cbsp\/wp-content\/uploads\/sites\/893\/2021\/04\/10-212x300.jpg\" alt=\"\" width=\"212\" height=\"300\" srcset=\"https:\/\/sites.usp.br\/cbsp\/wp-content\/uploads\/sites\/893\/2021\/04\/10-212x300.jpg 212w, https:\/\/sites.usp.br\/cbsp\/wp-content\/uploads\/sites\/893\/2021\/04\/10-724x1024.jpg 724w, https:\/\/sites.usp.br\/cbsp\/wp-content\/uploads\/sites\/893\/2021\/04\/10-768x1086.jpg 768w, https:\/\/sites.usp.br\/cbsp\/wp-content\/uploads\/sites\/893\/2021\/04\/10-1086x1536.jpg 1086w, https:\/\/sites.usp.br\/cbsp\/wp-content\/uploads\/sites\/893\/2021\/04\/10-1448x2048.jpg 1448w, https:\/\/sites.usp.br\/cbsp\/wp-content\/uploads\/sites\/893\/2021\/04\/10-400x566.jpg 400w, https:\/\/sites.usp.br\/cbsp\/wp-content\/uploads\/sites\/893\/2021\/04\/10.jpg 1587w\" sizes=\"auto, (max-width: 212px) 100vw, 212px\" \/><\/a> <a href=\"https:\/\/sites.usp.br\/cbsp\/wp-content\/uploads\/sites\/893\/2021\/04\/11.jpg\"><img loading=\"lazy\" decoding=\"async\" class=\"alignleft size-medium wp-image-185\" src=\"https:\/\/sites.usp.br\/cbsp\/wp-content\/uploads\/sites\/893\/2021\/04\/11-212x300.jpg\" alt=\"\" width=\"212\" height=\"300\" srcset=\"https:\/\/sites.usp.br\/cbsp\/wp-content\/uploads\/sites\/893\/2021\/04\/11-212x300.jpg 212w, https:\/\/sites.usp.br\/cbsp\/wp-content\/uploads\/sites\/893\/2021\/04\/11-724x1024.jpg 724w, https:\/\/sites.usp.br\/cbsp\/wp-content\/uploads\/sites\/893\/2021\/04\/11-768x1086.jpg 768w, https:\/\/sites.usp.br\/cbsp\/wp-content\/uploads\/sites\/893\/2021\/04\/11-1086x1536.jpg 1086w, https:\/\/sites.usp.br\/cbsp\/wp-content\/uploads\/sites\/893\/2021\/04\/11-1448x2048.jpg 1448w, https:\/\/sites.usp.br\/cbsp\/wp-content\/uploads\/sites\/893\/2021\/04\/11-400x566.jpg 400w, https:\/\/sites.usp.br\/cbsp\/wp-content\/uploads\/sites\/893\/2021\/04\/11.jpg 1587w\" sizes=\"auto, (max-width: 212px) 100vw, 212px\" \/><\/a> <a href=\"https:\/\/sites.usp.br\/cbsp\/wp-content\/uploads\/sites\/893\/2021\/04\/12.jpg\"><img loading=\"lazy\" decoding=\"async\" class=\"alignleft size-medium wp-image-186\" src=\"https:\/\/sites.usp.br\/cbsp\/wp-content\/uploads\/sites\/893\/2021\/04\/12-212x300.jpg\" alt=\"\" width=\"212\" height=\"300\" srcset=\"https:\/\/sites.usp.br\/cbsp\/wp-content\/uploads\/sites\/893\/2021\/04\/12-212x300.jpg 212w, https:\/\/sites.usp.br\/cbsp\/wp-content\/uploads\/sites\/893\/2021\/04\/12-724x1024.jpg 724w, https:\/\/sites.usp.br\/cbsp\/wp-content\/uploads\/sites\/893\/2021\/04\/12-768x1086.jpg 768w, https:\/\/sites.usp.br\/cbsp\/wp-content\/uploads\/sites\/893\/2021\/04\/12-1086x1536.jpg 1086w, https:\/\/sites.usp.br\/cbsp\/wp-content\/uploads\/sites\/893\/2021\/04\/12-1448x2048.jpg 1448w, https:\/\/sites.usp.br\/cbsp\/wp-content\/uploads\/sites\/893\/2021\/04\/12-400x566.jpg 400w, https:\/\/sites.usp.br\/cbsp\/wp-content\/uploads\/sites\/893\/2021\/04\/12.jpg 1587w\" sizes=\"auto, (max-width: 212px) 100vw, 212px\" \/><\/a> <a href=\"https:\/\/sites.usp.br\/cbsp\/wp-content\/uploads\/sites\/893\/2021\/04\/13.jpg\"><img loading=\"lazy\" decoding=\"async\" class=\"alignleft size-medium wp-image-187\" src=\"https:\/\/sites.usp.br\/cbsp\/wp-content\/uploads\/sites\/893\/2021\/04\/13-212x300.jpg\" alt=\"\" width=\"212\" height=\"300\" srcset=\"https:\/\/sites.usp.br\/cbsp\/wp-content\/uploads\/sites\/893\/2021\/04\/13-212x300.jpg 212w, https:\/\/sites.usp.br\/cbsp\/wp-content\/uploads\/sites\/893\/2021\/04\/13-724x1024.jpg 724w, https:\/\/sites.usp.br\/cbsp\/wp-content\/uploads\/sites\/893\/2021\/04\/13-768x1086.jpg 768w, https:\/\/sites.usp.br\/cbsp\/wp-content\/uploads\/sites\/893\/2021\/04\/13-1086x1536.jpg 1086w, https:\/\/sites.usp.br\/cbsp\/wp-content\/uploads\/sites\/893\/2021\/04\/13-1448x2048.jpg 1448w, https:\/\/sites.usp.br\/cbsp\/wp-content\/uploads\/sites\/893\/2021\/04\/13-400x566.jpg 400w, https:\/\/sites.usp.br\/cbsp\/wp-content\/uploads\/sites\/893\/2021\/04\/13.jpg 1587w\" sizes=\"auto, (max-width: 212px) 100vw, 212px\" \/><\/a><a href=\"https:\/\/sites.usp.br\/cbsp\/wp-content\/uploads\/sites\/893\/2021\/04\/14.jpg\"><img loading=\"lazy\" decoding=\"async\" class=\"alignleft size-medium wp-image-188\" src=\"https:\/\/sites.usp.br\/cbsp\/wp-content\/uploads\/sites\/893\/2021\/04\/14-212x300.jpg\" alt=\"\" width=\"212\" height=\"300\" srcset=\"https:\/\/sites.usp.br\/cbsp\/wp-content\/uploads\/sites\/893\/2021\/04\/14-212x300.jpg 212w, https:\/\/sites.usp.br\/cbsp\/wp-content\/uploads\/sites\/893\/2021\/04\/14-724x1024.jpg 724w, https:\/\/sites.usp.br\/cbsp\/wp-content\/uploads\/sites\/893\/2021\/04\/14-768x1086.jpg 768w, https:\/\/sites.usp.br\/cbsp\/wp-content\/uploads\/sites\/893\/2021\/04\/14-1086x1536.jpg 1086w, https:\/\/sites.usp.br\/cbsp\/wp-content\/uploads\/sites\/893\/2021\/04\/14-1448x2048.jpg 1448w, https:\/\/sites.usp.br\/cbsp\/wp-content\/uploads\/sites\/893\/2021\/04\/14-400x566.jpg 400w, https:\/\/sites.usp.br\/cbsp\/wp-content\/uploads\/sites\/893\/2021\/04\/14.jpg 1587w\" sizes=\"auto, (max-width: 212px) 100vw, 212px\" \/><\/a> <a href=\"https:\/\/sites.usp.br\/cbsp\/wp-content\/uploads\/sites\/893\/2021\/04\/15.jpg\"><img loading=\"lazy\" decoding=\"async\" class=\"alignleft size-medium wp-image-189\" src=\"https:\/\/sites.usp.br\/cbsp\/wp-content\/uploads\/sites\/893\/2021\/04\/15-212x300.jpg\" alt=\"\" width=\"212\" height=\"300\" srcset=\"https:\/\/sites.usp.br\/cbsp\/wp-content\/uploads\/sites\/893\/2021\/04\/15-212x300.jpg 212w, https:\/\/sites.usp.br\/cbsp\/wp-content\/uploads\/sites\/893\/2021\/04\/15-724x1024.jpg 724w, https:\/\/sites.usp.br\/cbsp\/wp-content\/uploads\/sites\/893\/2021\/04\/15-768x1086.jpg 768w, https:\/\/sites.usp.br\/cbsp\/wp-content\/uploads\/sites\/893\/2021\/04\/15-1086x1536.jpg 1086w, https:\/\/sites.usp.br\/cbsp\/wp-content\/uploads\/sites\/893\/2021\/04\/15-1448x2048.jpg 1448w, https:\/\/sites.usp.br\/cbsp\/wp-content\/uploads\/sites\/893\/2021\/04\/15-400x566.jpg 400w, https:\/\/sites.usp.br\/cbsp\/wp-content\/uploads\/sites\/893\/2021\/04\/15.jpg 1587w\" sizes=\"auto, (max-width: 212px) 100vw, 212px\" \/><\/a> <a href=\"https:\/\/sites.usp.br\/cbsp\/wp-content\/uploads\/sites\/893\/2021\/04\/16.jpg\"><img loading=\"lazy\" decoding=\"async\" class=\"alignleft size-medium wp-image-190\" src=\"https:\/\/sites.usp.br\/cbsp\/wp-content\/uploads\/sites\/893\/2021\/04\/16-212x300.jpg\" alt=\"\" width=\"212\" height=\"300\" srcset=\"https:\/\/sites.usp.br\/cbsp\/wp-content\/uploads\/sites\/893\/2021\/04\/16-212x300.jpg 212w, https:\/\/sites.usp.br\/cbsp\/wp-content\/uploads\/sites\/893\/2021\/04\/16-724x1024.jpg 724w, https:\/\/sites.usp.br\/cbsp\/wp-content\/uploads\/sites\/893\/2021\/04\/16-768x1086.jpg 768w, https:\/\/sites.usp.br\/cbsp\/wp-content\/uploads\/sites\/893\/2021\/04\/16-1086x1536.jpg 1086w, https:\/\/sites.usp.br\/cbsp\/wp-content\/uploads\/sites\/893\/2021\/04\/16-1448x2048.jpg 1448w, https:\/\/sites.usp.br\/cbsp\/wp-content\/uploads\/sites\/893\/2021\/04\/16-400x566.jpg 400w, https:\/\/sites.usp.br\/cbsp\/wp-content\/uploads\/sites\/893\/2021\/04\/16.jpg 1587w\" sizes=\"auto, (max-width: 212px) 100vw, 212px\" \/><\/a> <a href=\"https:\/\/sites.usp.br\/cbsp\/wp-content\/uploads\/sites\/893\/2021\/04\/17.jpg\"><img loading=\"lazy\" decoding=\"async\" class=\"alignleft size-medium wp-image-191\" src=\"https:\/\/sites.usp.br\/cbsp\/wp-content\/uploads\/sites\/893\/2021\/04\/17-212x300.jpg\" alt=\"\" width=\"212\" height=\"300\" srcset=\"https:\/\/sites.usp.br\/cbsp\/wp-content\/uploads\/sites\/893\/2021\/04\/17-212x300.jpg 212w, https:\/\/sites.usp.br\/cbsp\/wp-content\/uploads\/sites\/893\/2021\/04\/17-724x1024.jpg 724w, https:\/\/sites.usp.br\/cbsp\/wp-content\/uploads\/sites\/893\/2021\/04\/17-768x1086.jpg 768w, https:\/\/sites.usp.br\/cbsp\/wp-content\/uploads\/sites\/893\/2021\/04\/17-1086x1536.jpg 1086w, https:\/\/sites.usp.br\/cbsp\/wp-content\/uploads\/sites\/893\/2021\/04\/17-1448x2048.jpg 1448w, https:\/\/sites.usp.br\/cbsp\/wp-content\/uploads\/sites\/893\/2021\/04\/17-400x566.jpg 400w, https:\/\/sites.usp.br\/cbsp\/wp-content\/uploads\/sites\/893\/2021\/04\/17.jpg 1587w\" sizes=\"auto, (max-width: 212px) 100vw, 212px\" \/><\/a> <a href=\"https:\/\/sites.usp.br\/cbsp\/wp-content\/uploads\/sites\/893\/2021\/04\/18.jpg\"><img loading=\"lazy\" decoding=\"async\" class=\"alignleft size-medium wp-image-192\" src=\"https:\/\/sites.usp.br\/cbsp\/wp-content\/uploads\/sites\/893\/2021\/04\/18-212x300.jpg\" alt=\"\" width=\"212\" height=\"300\" srcset=\"https:\/\/sites.usp.br\/cbsp\/wp-content\/uploads\/sites\/893\/2021\/04\/18-212x300.jpg 212w, https:\/\/sites.usp.br\/cbsp\/wp-content\/uploads\/sites\/893\/2021\/04\/18-724x1024.jpg 724w, https:\/\/sites.usp.br\/cbsp\/wp-content\/uploads\/sites\/893\/2021\/04\/18-768x1086.jpg 768w, https:\/\/sites.usp.br\/cbsp\/wp-content\/uploads\/sites\/893\/2021\/04\/18-1086x1536.jpg 1086w, https:\/\/sites.usp.br\/cbsp\/wp-content\/uploads\/sites\/893\/2021\/04\/18-1448x2048.jpg 1448w, https:\/\/sites.usp.br\/cbsp\/wp-content\/uploads\/sites\/893\/2021\/04\/18-400x566.jpg 400w, https:\/\/sites.usp.br\/cbsp\/wp-content\/uploads\/sites\/893\/2021\/04\/18.jpg 1587w\" sizes=\"auto, (max-width: 212px) 100vw, 212px\" \/><\/a><a href=\"https:\/\/sites.usp.br\/cbsp\/wp-content\/uploads\/sites\/893\/2021\/04\/19.jpg\"><img loading=\"lazy\" decoding=\"async\" class=\"alignleft size-medium wp-image-193\" src=\"https:\/\/sites.usp.br\/cbsp\/wp-content\/uploads\/sites\/893\/2021\/04\/19-212x300.jpg\" alt=\"\" width=\"212\" height=\"300\" srcset=\"https:\/\/sites.usp.br\/cbsp\/wp-content\/uploads\/sites\/893\/2021\/04\/19-212x300.jpg 212w, https:\/\/sites.usp.br\/cbsp\/wp-content\/uploads\/sites\/893\/2021\/04\/19-724x1024.jpg 724w, https:\/\/sites.usp.br\/cbsp\/wp-content\/uploads\/sites\/893\/2021\/04\/19-768x1086.jpg 768w, https:\/\/sites.usp.br\/cbsp\/wp-content\/uploads\/sites\/893\/2021\/04\/19-1086x1536.jpg 1086w, https:\/\/sites.usp.br\/cbsp\/wp-content\/uploads\/sites\/893\/2021\/04\/19-1448x2048.jpg 1448w, https:\/\/sites.usp.br\/cbsp\/wp-content\/uploads\/sites\/893\/2021\/04\/19-400x566.jpg 400w, https:\/\/sites.usp.br\/cbsp\/wp-content\/uploads\/sites\/893\/2021\/04\/19.jpg 1587w\" sizes=\"auto, (max-width: 212px) 100vw, 212px\" \/><\/a> <a href=\"https:\/\/sites.usp.br\/cbsp\/wp-content\/uploads\/sites\/893\/2021\/04\/20.jpg\"><img loading=\"lazy\" decoding=\"async\" class=\"alignleft size-medium wp-image-194\" src=\"https:\/\/sites.usp.br\/cbsp\/wp-content\/uploads\/sites\/893\/2021\/04\/20-212x300.jpg\" alt=\"\" width=\"212\" height=\"300\" srcset=\"https:\/\/sites.usp.br\/cbsp\/wp-content\/uploads\/sites\/893\/2021\/04\/20-212x300.jpg 212w, https:\/\/sites.usp.br\/cbsp\/wp-content\/uploads\/sites\/893\/2021\/04\/20-724x1024.jpg 724w, https:\/\/sites.usp.br\/cbsp\/wp-content\/uploads\/sites\/893\/2021\/04\/20-768x1086.jpg 768w, https:\/\/sites.usp.br\/cbsp\/wp-content\/uploads\/sites\/893\/2021\/04\/20-1086x1536.jpg 1086w, https:\/\/sites.usp.br\/cbsp\/wp-content\/uploads\/sites\/893\/2021\/04\/20-1448x2048.jpg 1448w, https:\/\/sites.usp.br\/cbsp\/wp-content\/uploads\/sites\/893\/2021\/04\/20-400x566.jpg 400w, https:\/\/sites.usp.br\/cbsp\/wp-content\/uploads\/sites\/893\/2021\/04\/20.jpg 1587w\" sizes=\"auto, (max-width: 212px) 100vw, 212px\" \/><\/a> <a href=\"https:\/\/sites.usp.br\/cbsp\/wp-content\/uploads\/sites\/893\/2021\/04\/21.jpg\"><img loading=\"lazy\" decoding=\"async\" class=\"alignleft size-medium wp-image-195\" src=\"https:\/\/sites.usp.br\/cbsp\/wp-content\/uploads\/sites\/893\/2021\/04\/21-212x300.jpg\" alt=\"\" width=\"212\" height=\"300\" srcset=\"https:\/\/sites.usp.br\/cbsp\/wp-content\/uploads\/sites\/893\/2021\/04\/21-212x300.jpg 212w, https:\/\/sites.usp.br\/cbsp\/wp-content\/uploads\/sites\/893\/2021\/04\/21-724x1024.jpg 724w, https:\/\/sites.usp.br\/cbsp\/wp-content\/uploads\/sites\/893\/2021\/04\/21-768x1086.jpg 768w, https:\/\/sites.usp.br\/cbsp\/wp-content\/uploads\/sites\/893\/2021\/04\/21-1086x1536.jpg 1086w, https:\/\/sites.usp.br\/cbsp\/wp-content\/uploads\/sites\/893\/2021\/04\/21-1448x2048.jpg 1448w, https:\/\/sites.usp.br\/cbsp\/wp-content\/uploads\/sites\/893\/2021\/04\/21-400x566.jpg 400w, https:\/\/sites.usp.br\/cbsp\/wp-content\/uploads\/sites\/893\/2021\/04\/21.jpg 1587w\" sizes=\"auto, (max-width: 212px) 100vw, 212px\" \/><\/a> <a href=\"https:\/\/sites.usp.br\/cbsp\/wp-content\/uploads\/sites\/893\/2021\/04\/22.jpg\"><img loading=\"lazy\" decoding=\"async\" class=\"alignleft size-medium wp-image-196\" src=\"https:\/\/sites.usp.br\/cbsp\/wp-content\/uploads\/sites\/893\/2021\/04\/22-212x300.jpg\" alt=\"\" width=\"212\" height=\"300\" srcset=\"https:\/\/sites.usp.br\/cbsp\/wp-content\/uploads\/sites\/893\/2021\/04\/22-212x300.jpg 212w, https:\/\/sites.usp.br\/cbsp\/wp-content\/uploads\/sites\/893\/2021\/04\/22-724x1024.jpg 724w, https:\/\/sites.usp.br\/cbsp\/wp-content\/uploads\/sites\/893\/2021\/04\/22-768x1086.jpg 768w, https:\/\/sites.usp.br\/cbsp\/wp-content\/uploads\/sites\/893\/2021\/04\/22-1086x1536.jpg 1086w, https:\/\/sites.usp.br\/cbsp\/wp-content\/uploads\/sites\/893\/2021\/04\/22-1448x2048.jpg 1448w, https:\/\/sites.usp.br\/cbsp\/wp-content\/uploads\/sites\/893\/2021\/04\/22-400x566.jpg 400w, https:\/\/sites.usp.br\/cbsp\/wp-content\/uploads\/sites\/893\/2021\/04\/22.jpg 1587w\" sizes=\"auto, (max-width: 212px) 100vw, 212px\" \/><\/a> <a href=\"https:\/\/sites.usp.br\/cbsp\/wp-content\/uploads\/sites\/893\/2021\/04\/23.jpg\"><img loading=\"lazy\" decoding=\"async\" class=\"alignleft size-medium wp-image-197\" src=\"https:\/\/sites.usp.br\/cbsp\/wp-content\/uploads\/sites\/893\/2021\/04\/23-212x300.jpg\" alt=\"\" width=\"212\" height=\"300\" srcset=\"https:\/\/sites.usp.br\/cbsp\/wp-content\/uploads\/sites\/893\/2021\/04\/23-212x300.jpg 212w, https:\/\/sites.usp.br\/cbsp\/wp-content\/uploads\/sites\/893\/2021\/04\/23-724x1024.jpg 724w, https:\/\/sites.usp.br\/cbsp\/wp-content\/uploads\/sites\/893\/2021\/04\/23-768x1086.jpg 768w, https:\/\/sites.usp.br\/cbsp\/wp-content\/uploads\/sites\/893\/2021\/04\/23-1086x1536.jpg 1086w, https:\/\/sites.usp.br\/cbsp\/wp-content\/uploads\/sites\/893\/2021\/04\/23-1448x2048.jpg 1448w, https:\/\/sites.usp.br\/cbsp\/wp-content\/uploads\/sites\/893\/2021\/04\/23-400x566.jpg 400w, https:\/\/sites.usp.br\/cbsp\/wp-content\/uploads\/sites\/893\/2021\/04\/23.jpg 1587w\" sizes=\"auto, (max-width: 212px) 100vw, 212px\" \/><\/a><a href=\"https:\/\/sites.usp.br\/cbsp\/wp-content\/uploads\/sites\/893\/2016\/05\/EMBAIXADORA-DE-SAUDE-PLANETARIA.jpg\"><img loading=\"lazy\" decoding=\"async\" class=\"size-medium wp-image-515 alignleft\" src=\"https:\/\/sites.usp.br\/cbsp\/wp-content\/uploads\/sites\/893\/2016\/05\/EMBAIXADORA-DE-SAUDE-PLANETARIA-212x300.jpg\" alt=\"\" width=\"212\" height=\"300\" srcset=\"https:\/\/sites.usp.br\/cbsp\/wp-content\/uploads\/sites\/893\/2016\/05\/EMBAIXADORA-DE-SAUDE-PLANETARIA-212x300.jpg 212w, https:\/\/sites.usp.br\/cbsp\/wp-content\/uploads\/sites\/893\/2016\/05\/EMBAIXADORA-DE-SAUDE-PLANETARIA-724x1024.jpg 724w, https:\/\/sites.usp.br\/cbsp\/wp-content\/uploads\/sites\/893\/2016\/05\/EMBAIXADORA-DE-SAUDE-PLANETARIA-768x1086.jpg 768w, https:\/\/sites.usp.br\/cbsp\/wp-content\/uploads\/sites\/893\/2016\/05\/EMBAIXADORA-DE-SAUDE-PLANETARIA-1086x1536.jpg 1086w, https:\/\/sites.usp.br\/cbsp\/wp-content\/uploads\/sites\/893\/2016\/05\/EMBAIXADORA-DE-SAUDE-PLANETARIA-1448x2048.jpg 1448w, https:\/\/sites.usp.br\/cbsp\/wp-content\/uploads\/sites\/893\/2016\/05\/EMBAIXADORA-DE-SAUDE-PLANETARIA-400x566.jpg 400w, https:\/\/sites.usp.br\/cbsp\/wp-content\/uploads\/sites\/893\/2016\/05\/EMBAIXADORA-DE-SAUDE-PLANETARIA.jpg 1587w\" sizes=\"auto, (max-width: 212px) 100vw, 212px\" \/><\/a><\/p>\n","protected":false},"excerpt":{"rendered":"<p>Conhe\u00e7am os Embaixadores de Sa\u00fade Planet\u00e1ria 2021!<\/p>\n","protected":false},"author":1109,"featured_media":0,"parent":0,"menu_order":3,"comment_status":"closed","ping_status":"closed","template":"","meta":{"footnotes":"","_links_to":"","_links_to_target":""},"class_list":["post-210","page","type-page","status-publish","hentry"],"_links":{"self":[{"href":"https:\/\/sites.usp.br\/cbsp\/wp-json\/wp\/v2\/pages\/210","targetHints":{"allow":["GET"]}}],"collection":[{"href":"https:\/\/sites.usp.br\/cbsp\/wp-json\/wp\/v2\/pages"}],"about":[{"href":"https:\/\/sites.usp.br\/cbsp\/wp-json\/wp\/v2\/types\/page"}],"author":[{"embeddable":true,"href":"https:\/\/sites.usp.br\/cbsp\/wp-json\/wp\/v2\/users\/1109"}],"replies":[{"embeddable":true,"href":"https:\/\/sites.usp.br\/cbsp\/wp-json\/wp\/v2\/comments?post=210"}],"version-history":[{"count":4,"href":"https:\/\/sites.usp.br\/cbsp\/wp-json\/wp\/v2\/pages\/210\/revisions"}],"predecessor-version":[{"id":517,"href":"https:\/\/sites.usp.br\/cbsp\/wp-json\/wp\/v2\/pages\/210\/revisions\/517"}],"wp:attachment":[{"href":"https:\/\/sites.usp.br\/cbsp\/wp-json\/wp\/v2\/media?parent=210"}],"curies":[{"name":"wp","href":"https:\/\/api.w.org\/{rel}","templated":true}]}}