{"id":223,"date":"2021-04-16T17:04:18","date_gmt":"2021-04-16T20:04:18","guid":{"rendered":"https:\/\/sites.usp.br\/cbsp\/?page_id=223"},"modified":"2021-12-16T10:27:16","modified_gmt":"2021-12-16T13:27:16","slug":"acoes","status":"publish","type":"page","link":"https:\/\/sites.usp.br\/cbsp\/acoes\/","title":{"rendered":"A\u00e7\u00f5es"},"content":{"rendered":"<p><b>ATIVIDADES DO CBSP<\/b><\/p>\n<p>&nbsp;<\/p>\n<p><b>JANEIRO<\/b><b><\/b><\/p>\n<ul>\n<li aria-level=\"1\"><span style=\"font-weight: 400;\">In\u00edcio das atividades do CBSP em 2021\u00a0<\/span><\/li>\n<li aria-level=\"1\"><span style=\"font-weight: 400;\">Apresenta\u00e7\u00e3o dos membros do CBSP em cards individuais com mini curr\u00edculos<\/span><\/li>\n<\/ul>\n<p>&nbsp;<\/p>\n<p><b>FEVEREIRO<\/b><\/p>\n<ul>\n<li><span style=\"font-weight: 400;\">Primeiro processo seletivo e entrada de novos membros para o CBSP<\/span><\/li>\n<li><span style=\"font-weight: 400;\">In\u00edcio das atividades de membros do CBSP na primeira edi\u00e7\u00e3o do Programa Brasileiro de Embaixadores de Sa\u00fade Planet\u00e1ria (GSP-IEA-USP)<\/span><\/li>\n<li><span style=\"font-weight: 400;\">Podcast piloto &#8211; Quem somos? O que faremos? <\/span><span style=\"font-weight: 400;\">(<\/span><a href=\"https:\/\/anchor.fm\/cbsp-psp\/episodes\/Podcast-Sade-Planetria---Quem-somos--O-que-faremos-eq85nn\/a-a4jsklc\" target=\"_blank\" rel=\"noopener\">Link Podcast piloto<\/a>)<\/li>\n<li><span style=\"font-weight: 400;\">Live 1 &#8211; Conceito de Sa\u00fade Planet\u00e1ria e Comunica\u00e7\u00e3o Cient\u00edfica (<\/span><a href=\"https:\/\/www.youtube.com\/watch?v=6mNpZsmCvwY\" target=\"_blank\" rel=\"noopener\">Link Live 1<\/a>)<\/li>\n<\/ul>\n<p>&nbsp;<\/p>\n<p><b>MAR\u00c7O<\/b><\/p>\n<ul>\n<li><span style=\"font-weight: 400;\">Divulga\u00e7\u00e3o dos membros CBSP Embaixadores de Sa\u00fade Planet\u00e1ria em 2021<\/span><\/li>\n<li><span style=\"font-weight: 400;\">Podcast 1 &#8211; Sa\u00fade Planet\u00e1ria e Comunica\u00e7\u00e3o Cient\u00edfica (<\/span><a href=\"https:\/\/anchor.fm\/cbsp-psp\/episodes\/1---Sade-planetria-e-Comunicao-cientfica-erefk4\/a-a4ql057\" target=\"_blank\" rel=\"noopener\">Link Podcast 1<\/a>)<\/li>\n<li><span style=\"font-weight: 400;\">Live 2 &#8211; Mudan\u00e7as Clim\u00e1ticas Globais (<\/span><a href=\"https:\/\/www.youtube.com\/watch?v=nu2bi95yTEc&amp;t=6s\" target=\"_blank\" rel=\"noopener\">Link Live 2<\/a>)<\/li>\n<\/ul>\n<p>&nbsp;<\/p>\n<p><b>ABRIL<\/b><\/p>\n<ul>\n<li><span style=\"font-weight: 400;\">2021 Planetary Health Annual Meeting and Festival (PHAM 2021) &#8211; <\/span><span style=\"font-weight: 400;\">Participa\u00e7\u00e3o do CBSP nas Comiss\u00f5es Organizadora e de Comunica\u00e7\u00e3o, e apresenta\u00e7\u00e3o de trabalho no maior evento global da \u00e1rea de Sa\u00fade Planet\u00e1ria (<\/span><a href=\"https:\/\/www.planetaryhealthannualmeeting.com\/\" target=\"_blank\" rel=\"noopener\">https:\/\/www.planetaryhealthannualmeeting.com\/)<\/a><\/li>\n<li><span style=\"font-weight: 400;\">Live 3 &#8211; Sa\u00fade Planet\u00e1ria e SUS (<\/span><a href=\"https:\/\/www.youtube.com\/watch?v=5E-sxT66RNU\" target=\"_blank\" rel=\"noopener\">Link Live 3<\/a>)<\/li>\n<\/ul>\n<p>&nbsp;<\/p>\n<p><b>MAIO<\/b><\/p>\n<ul>\n<li><span style=\"font-weight: 400;\">Podcast 2 &#8211; Sa\u00fade Planet\u00e1ria e Mudan\u00e7as Clim\u00e1ticas Globais (<\/span><a href=\"https:\/\/anchor.fm\/cbsp-psp\/episodes\/2---Sade-Planetria-e-Mudanas-Climticas-Globais-e106ghc\/a-a5evi5c\" target=\"_blank\" rel=\"noopener\">Link Podcast 2<\/a>)<\/li>\n<li><span style=\"font-weight: 400;\">Live 4 &#8211; Soberania Alimentar e Uso de Agrot\u00f3xicos (<\/span><a href=\"https:\/\/www.youtube.com\/watch?v=64KGfF1J8jw\" target=\"_blank\" rel=\"noopener\">Link Live 4<\/a>)<\/li>\n<\/ul>\n<p>&nbsp;<\/p>\n<p><b>JUNHO<\/b><\/p>\n<ul>\n<li><span style=\"font-weight: 400;\">Podcast 3 &#8211; Sa\u00fade Planet\u00e1ria e SUS (<\/span><a href=\"https:\/\/anchor.fm\/cbsp-psp\/episodes\/3---Sade-Planetria-e-o-SUS-e11uq78\/a-a5o9848\" target=\"_blank\" rel=\"noopener\">Link Podcast 3<\/a>)<\/li>\n<li><span style=\"font-weight: 400;\">Live 5 &#8211; Sa\u00fade Planet\u00e1ria e Polui\u00e7\u00e3o do ar (<\/span><a href=\"https:\/\/www.youtube.com\/watch?v=utywU_zZNUg\" target=\"_blank\" rel=\"noopener\">Link Live 5<\/a>)<\/li>\n<\/ul>\n<p>&nbsp;<\/p>\n<p><b>AGOSTO<\/b><\/p>\n<ul>\n<li><span style=\"font-weight: 400;\">Segundo processo seletivo e entrada de novos membros para o CBSP<\/span><\/li>\n<li>Podcast 4 &#8211; Polui\u00e7\u00e3o do ar e sa\u00fade planet\u00e1ria (<a href=\"https:\/\/anchor.fm\/cbsp-psp\/episodes\/4---Poluio-do-Ar-e-Sade-Planetria-e16c28o\" target=\"_blank\" rel=\"noopener\">Link Podcast 4<\/a>)<\/li>\n<li>Live 6 &#8211; A sa\u00fade dos habitats bent\u00f4nicos da Am\u00e9rica do Sul e suas implica\u00e7\u00f5es para a sa\u00fade humana (<a href=\"https:\/\/youtu.be\/ygrdK3YsrpU\" target=\"_blank\" rel=\"noopener\">Link Live 6<\/a>)<\/li>\n<\/ul>\n<p>&nbsp;<\/p>\n<p><b>SETEMBRO<\/b><\/p>\n<ul>\n<li>Podcast 5 &#8211; Biodiversidade e abordagem sist\u00eamica da vida (<a href=\"https:\/\/anchor.fm\/cbsp-psp\/episodes\/5---Biodiversidade-e-Abordagem-Sistmica-da-Vida-e17e7g6\/a-a6hhjg7\" target=\"_blank\" rel=\"noopener\">Link Podcast 5)<\/a><\/li>\n<li>Podcast WLPH 1 &#8211; A lideran\u00e7a das mulheres na Sa\u00fade Planet\u00e1ria (<a href=\"https:\/\/anchor.fm\/cbsp-psp\/episodes\/Srie-Especial-WLPH-1--A-liderana-das-mulheres-na-sade-planetria-para-transformar-o-mundo-e184h6h\/a-a6k8rmi\" target=\"_blank\" rel=\"noopener\">Link Podcast WLPH 1<\/a>)<\/li>\n<li>Live 7 &#8211; Servi\u00e7os de sa\u00fade o Hospitais sustent\u00e1veis (<a href=\"https:\/\/www.youtube.com\/watch?v=pdgyHT2qCiI\" target=\"_blank\" rel=\"noopener\">Link Live 7)<\/a><\/li>\n<li>1\u00ba IGTV: Luis Gustavo Lopumo Arruda (<a href=\"https:\/\/www.instagram.com\/p\/CUdxMYcITHx\/\" target=\"_blank\" rel=\"noopener\">Link IGTV 1<\/a>)<\/li>\n<\/ul>\n<p>&nbsp;<\/p>\n<p><strong>OUTUBRO<\/strong><\/p>\n<ul>\n<li>Lan\u00e7amento do site do CBSP!<\/li>\n<li>Podcast 6 &#8211; Soberania alimentar e uso de agrot\u00f3xicos (<a href=\"https:\/\/anchor.fm\/cbsp-psp\/episodes\/6---Soberania-Alimentar-e-Uso-de-Agrotxicos-e18suvr\/a-a6nd9dj\" target=\"_blank\" rel=\"noopener\">Link Podcast 6<\/a>)<\/li>\n<li>Podcast WLPH 2 &#8211; Autocuidado como caminho para a Sa\u00fade Planet\u00e1ria (<a href=\"https:\/\/anchor.fm\/cbsp-psp\/episodes\/Srie-especial-WLPH-2---O-autocuidado-como-caminho-para-a-sade-planetria-e19beg6\/a-a6pa1jl\" target=\"_blank\" rel=\"noopener\">Link Podcast WLPH 2<\/a>)<\/li>\n<li>Live 8 &#8211; Autocuidado e sua rela\u00e7\u00e3o com Sa\u00fade Planet\u00e1ria (<a href=\"https:\/\/www.youtube.com\/watch?v=T-6VAK2W10o&amp;t=1s\" target=\"_blank\" rel=\"noopener\">Link Live 8<\/a>)<\/li>\n<li>2\u00ba IGTV: Sheina Koffler (<a href=\"https:\/\/www.instagram.com\/p\/CVBvxFFojdW\/\" target=\"_blank\" rel=\"noopener\">Link IGTV 2<\/a>)<\/li>\n<li>3\u00ba IGTV: Alex da Silva Sousa (<a href=\"https:\/\/www.instagram.com\/tv\/CVoRnqSIl1p\/?utm_source=ig_web_button_share_sheet\" target=\"_blank\" rel=\"noopener\">Link IGTV 3<\/a>)<\/li>\n<\/ul>\n<p>&nbsp;<\/p>\n<p><strong>NOVEMBRO<\/strong><\/p>\n<ul>\n<li>4\u00ba IGTV: Beatriz Sinelli Laham (<a href=\"https:\/\/www.instagram.com\/p\/CWJjXEyIY8H\/\" target=\"_blank\" rel=\"noopener\">Link IGTV 4<\/a>)<\/li>\n<li>Podcast 7 &#8211; Pegada dos Sistemas de Sa\u00fade\/Hospitais sustent\u00e1veis (<a href=\"https:\/\/anchor.fm\/cbsp-psp\/episodes\/7---Pegada-dos-Sistemas-de-SadeHospitais-Sustentveis-e1ancrd\">Link Podcast 7<\/a>)<\/li>\n<li>5\u00ba IGTV &#8211; Donovan Humphrey Franco (<a href=\"https:\/\/www.instagram.com\/p\/CWvJcfuIhAt\/\" target=\"_blank\" rel=\"noopener\">Link IGTV 5<\/a>)<\/li>\n<li>Podcast WLPH 3 &#8211; A educa\u00e7\u00e3o como pot\u00eancia transformadora para a Sa\u00fade Planet\u00e1ria (<a href=\"https:\/\/anchor.fm\/cbsp-psp\/episodes\/Srie-especial-WLPH-3--A-educao-como-potncia-transformadora-para-a-sade-planetria-e1b1csm\/a-a70gqip\" target=\"_blank\" rel=\"noopener\">Link Podcast WLPH 3<\/a>)<\/li>\n<\/ul>\n<p><strong>DEZEMBRO<\/strong><\/p>\n<ul>\n<li>Podcast 8 &#8211; Sa\u00fade Mental e Sa\u00fade Planet\u00e1ria (<a href=\"https:\/\/anchor.fm\/cbsp-psp\/episodes\/8---Sade-Mental-e-Sade-Planetria-e1bp87q\" target=\"_blank\" rel=\"noopener\">Link Podcast 8<\/a>)<\/li>\n<li>1 ano do Clube Brasileiro de Sa\u00fade Planet\u00e1ria<\/li>\n<\/ul>\n","protected":false},"excerpt":{"rendered":"<p>ATIVIDADES DO CBSP &nbsp; JANEIRO In\u00edcio das atividades do CBSP em 2021\u00a0 Apresenta\u00e7\u00e3o dos membros do CBSP em cards individuais&#46;&#46;&#46;<\/p>\n","protected":false},"author":22307,"featured_media":0,"parent":0,"menu_order":2,"comment_status":"closed","ping_status":"closed","template":"","meta":{"footnotes":"","_links_to":"","_links_to_target":""},"class_list":["post-223","page","type-page","status-publish","hentry"],"_links":{"self":[{"href":"https:\/\/sites.usp.br\/cbsp\/wp-json\/wp\/v2\/pages\/223","targetHints":{"allow":["GET"]}}],"collection":[{"href":"https:\/\/sites.usp.br\/cbsp\/wp-json\/wp\/v2\/pages"}],"about":[{"href":"https:\/\/sites.usp.br\/cbsp\/wp-json\/wp\/v2\/types\/page"}],"author":[{"embeddable":true,"href":"https:\/\/sites.usp.br\/cbsp\/wp-json\/wp\/v2\/users\/22307"}],"replies":[{"embeddable":true,"href":"https:\/\/sites.usp.br\/cbsp\/wp-json\/wp\/v2\/comments?post=223"}],"version-history":[{"count":4,"href":"https:\/\/sites.usp.br\/cbsp\/wp-json\/wp\/v2\/pages\/223\/revisions"}],"predecessor-version":[{"id":548,"href":"https:\/\/sites.usp.br\/cbsp\/wp-json\/wp\/v2\/pages\/223\/revisions\/548"}],"wp:attachment":[{"href":"https:\/\/sites.usp.br\/cbsp\/wp-json\/wp\/v2\/media?parent=223"}],"curies":[{"name":"wp","href":"https:\/\/api.w.org\/{rel}","templated":true}]}}