{"id":1445,"date":"2019-07-30T12:07:03","date_gmt":"2019-07-30T15:07:03","guid":{"rendered":"https:\/\/sites.usp.br\/cdcc\/?page_id=1445"},"modified":"2019-10-11T09:28:17","modified_gmt":"2019-10-11T12:28:17","slug":"loja","status":"publish","type":"page","link":"https:\/\/sites.usp.br\/cdccenglish\/loja\/","title":{"rendered":"Loja do CDCC"},"content":{"rendered":"<p>O Centro de Divulga\u00e7\u00e3o Cient\u00edfica e Cultural mant\u00e9m uma loja, localizada na portaria do pr\u00e9dio, com produtos personalizados e de \u00f3tima qualidade. Ao visitar o CDCC, voc\u00ea pode adquirir um belo presente para voc\u00ea ou para quem voc\u00ea gosta. Confira os nossos produtos abaixo:<\/p>\n<p>&nbsp;<\/p>\n<p><img fetchpriority=\"high\" decoding=\"async\" class=\"alignleft wp-image-1467\" src=\"https:\/\/sites.usp.br\/cdcc\/wp-content\/uploads\/sites\/512\/2019\/08\/CANECAS-1024x1024.png\" alt=\"\" width=\"444\" height=\"444\" srcset=\"https:\/\/sites.usp.br\/cdccenglish\/wp-content\/uploads\/sites\/1028\/2019\/08\/CANECAS-1024x1024.png 1024w, https:\/\/sites.usp.br\/cdccenglish\/wp-content\/uploads\/sites\/1028\/2019\/08\/CANECAS-150x150.png 150w, https:\/\/sites.usp.br\/cdccenglish\/wp-content\/uploads\/sites\/1028\/2019\/08\/CANECAS-300x300.png 300w, https:\/\/sites.usp.br\/cdccenglish\/wp-content\/uploads\/sites\/1028\/2019\/08\/CANECAS-768x768.png 768w, https:\/\/sites.usp.br\/cdccenglish\/wp-content\/uploads\/sites\/1028\/2019\/08\/CANECAS-45x45.png 45w, https:\/\/sites.usp.br\/cdccenglish\/wp-content\/uploads\/sites\/1028\/2019\/08\/CANECAS-200x200.png 200w, https:\/\/sites.usp.br\/cdccenglish\/wp-content\/uploads\/sites\/1028\/2019\/08\/CANECAS-400x400.png 400w, https:\/\/sites.usp.br\/cdccenglish\/wp-content\/uploads\/sites\/1028\/2019\/08\/CANECAS.png 1080w\" sizes=\"(max-width: 444px) 100vw, 444px\" \/><\/p>\n<p>&nbsp;<\/p>\n<p style=\"text-align: left;\"><strong>Pre\u00e7o: <\/strong>R$5,00<\/p>\n<p>&nbsp;<\/p>\n<p>&nbsp;<\/p>\n<p>&nbsp;<\/p>\n<p>&nbsp;<\/p>\n<p>&nbsp;<\/p>\n<p>&nbsp;<\/p>\n<p>&nbsp;<\/p>\n<p><img decoding=\"async\" class=\"wp-image-2953 alignleft\" src=\"https:\/\/sites.usp.br\/cdcc\/wp-content\/uploads\/sites\/512\/2019\/09\/DOMIN\u00d3-BIOLOGIA-MOLECULAR-2-1.png\" alt=\"\" width=\"422\" height=\"481\" srcset=\"https:\/\/sites.usp.br\/cdccenglish\/wp-content\/uploads\/sites\/1028\/2019\/09\/DOMIN\u00d3-BIOLOGIA-MOLECULAR-2-1.png 565w, https:\/\/sites.usp.br\/cdccenglish\/wp-content\/uploads\/sites\/1028\/2019\/09\/DOMIN\u00d3-BIOLOGIA-MOLECULAR-2-1-263x300.png 263w, https:\/\/sites.usp.br\/cdccenglish\/wp-content\/uploads\/sites\/1028\/2019\/09\/DOMIN\u00d3-BIOLOGIA-MOLECULAR-2-1-400x456.png 400w\" sizes=\"(max-width: 422px) 100vw, 422px\" \/><\/p>\n<p>&nbsp;<\/p>\n<p><strong>Descri\u00e7\u00e3o: <\/strong>Jogo de domin\u00f3 que aborda eventos da hist\u00f3ria da Biologia Molecular.<\/p>\n<p><strong>Pre\u00e7o: <\/strong>R$30,00<\/p>\n<p>&nbsp;<\/p>\n<p>&nbsp;<\/p>\n<p>&nbsp;<\/p>\n<p>&nbsp;<\/p>\n<p>&nbsp;<\/p>\n<p>&nbsp;<\/p>\n<p>&nbsp;<\/p>\n<p>&nbsp;<\/p>\n<p>&nbsp;<\/p>\n<p>&nbsp;<\/p>\n<p><img decoding=\"async\" class=\"wp-image-2862 alignleft\" src=\"https:\/\/sites.usp.br\/cdcc\/wp-content\/uploads\/sites\/512\/2019\/09\/DOMIN\u00d3-N\u00daMEROS-INTEIROS.png\" alt=\"\" width=\"414\" height=\"415\" srcset=\"https:\/\/sites.usp.br\/cdccenglish\/wp-content\/uploads\/sites\/1028\/2019\/09\/DOMIN\u00d3-N\u00daMEROS-INTEIROS.png 700w, https:\/\/sites.usp.br\/cdccenglish\/wp-content\/uploads\/sites\/1028\/2019\/09\/DOMIN\u00d3-N\u00daMEROS-INTEIROS-150x150.png 150w, https:\/\/sites.usp.br\/cdccenglish\/wp-content\/uploads\/sites\/1028\/2019\/09\/DOMIN\u00d3-N\u00daMEROS-INTEIROS-300x300.png 300w, https:\/\/sites.usp.br\/cdccenglish\/wp-content\/uploads\/sites\/1028\/2019\/09\/DOMIN\u00d3-N\u00daMEROS-INTEIROS-45x45.png 45w, https:\/\/sites.usp.br\/cdccenglish\/wp-content\/uploads\/sites\/1028\/2019\/09\/DOMIN\u00d3-N\u00daMEROS-INTEIROS-200x200.png 200w, https:\/\/sites.usp.br\/cdccenglish\/wp-content\/uploads\/sites\/1028\/2019\/09\/DOMIN\u00d3-N\u00daMEROS-INTEIROS-400x401.png 400w\" sizes=\"(max-width: 414px) 100vw, 414px\" \/><\/p>\n<p><strong>Descri\u00e7\u00e3o: <\/strong>Jogo de domin\u00f3 que trata de regras de opera\u00e7\u00f5es com os n\u00fameros inteiros.<\/p>\n<p><strong>Pre\u00e7o: <\/strong>R$30,00<\/p>\n<p>&nbsp;<\/p>\n<p>&nbsp;<\/p>\n<p>&nbsp;<\/p>\n<p>&nbsp;<\/p>\n<p>&nbsp;<\/p>\n<p>&nbsp;<\/p>\n<p>&nbsp;<\/p>\n<p>&nbsp;<\/p>\n<p>&nbsp;<\/p>\n<p><img loading=\"lazy\" decoding=\"async\" class=\"wp-image-2955 alignleft\" src=\"https:\/\/sites.usp.br\/cdcc\/wp-content\/uploads\/sites\/512\/2019\/09\/Balan\u00e7a-e1568386015201.png\" alt=\"\" width=\"456\" height=\"441\" srcset=\"https:\/\/sites.usp.br\/cdccenglish\/wp-content\/uploads\/sites\/1028\/2019\/09\/Balan\u00e7a-e1568386015201.png 942w, https:\/\/sites.usp.br\/cdccenglish\/wp-content\/uploads\/sites\/1028\/2019\/09\/Balan\u00e7a-e1568386015201-300x290.png 300w, https:\/\/sites.usp.br\/cdccenglish\/wp-content\/uploads\/sites\/1028\/2019\/09\/Balan\u00e7a-e1568386015201-768x744.png 768w, https:\/\/sites.usp.br\/cdccenglish\/wp-content\/uploads\/sites\/1028\/2019\/09\/Balan\u00e7a-e1568386015201-45x45.png 45w, https:\/\/sites.usp.br\/cdccenglish\/wp-content\/uploads\/sites\/1028\/2019\/09\/Balan\u00e7a-e1568386015201-400x387.png 400w\" sizes=\"(max-width: 456px) 100vw, 456px\" \/><\/p>\n<p><strong>Descri\u00e7\u00e3o: <\/strong>Balan\u00e7a pl\u00e1stica produzida com o objetivo de compor os kits experimentais do CDCC.<\/p>\n<p><strong>Pre\u00e7o: <\/strong>R$15,00<\/p>\n<p>&nbsp;<\/p>\n<p>&nbsp;<\/p>\n<p>&nbsp;<\/p>\n<p>&nbsp;<\/p>\n<p>&nbsp;<\/p>\n<p>&nbsp;<\/p>\n<p>&nbsp;<\/p>\n<p>&nbsp;<\/p>\n<p><img loading=\"lazy\" decoding=\"async\" class=\"wp-image-2865 alignleft\" src=\"https:\/\/sites.usp.br\/cdcc\/wp-content\/uploads\/sites\/512\/2019\/09\/DOMIN\u00d3-RES\u00cdDUOS-E-DESTINO.png\" alt=\"\" width=\"476\" height=\"462\" srcset=\"https:\/\/sites.usp.br\/cdccenglish\/wp-content\/uploads\/sites\/1028\/2019\/09\/DOMIN\u00d3-RES\u00cdDUOS-E-DESTINO.png 759w, https:\/\/sites.usp.br\/cdccenglish\/wp-content\/uploads\/sites\/1028\/2019\/09\/DOMIN\u00d3-RES\u00cdDUOS-E-DESTINO-300x291.png 300w, https:\/\/sites.usp.br\/cdccenglish\/wp-content\/uploads\/sites\/1028\/2019\/09\/DOMIN\u00d3-RES\u00cdDUOS-E-DESTINO-45x45.png 45w, https:\/\/sites.usp.br\/cdccenglish\/wp-content\/uploads\/sites\/1028\/2019\/09\/DOMIN\u00d3-RES\u00cdDUOS-E-DESTINO-400x388.png 400w\" sizes=\"(max-width: 476px) 100vw, 476px\" \/><\/p>\n<p>&nbsp;<\/p>\n<p><strong>Descri\u00e7\u00e3o: <\/strong>Jogo de domin\u00f3 que aborda temas relacionados aos res\u00edduos e \u00e0<br \/>\ndestina\u00e7\u00e3o dos mesmos.<\/p>\n<p><strong>Pre\u00e7o: <\/strong>R$30,00<\/p>\n<p>&nbsp;<\/p>\n<p>&nbsp;<\/p>\n<p>&nbsp;<\/p>\n<p>&nbsp;<\/p>\n<p>&nbsp;<\/p>\n<p>&nbsp;<\/p>\n<p>&nbsp;<\/p>\n<p>&nbsp;<\/p>\n<p>&nbsp;<\/p>\n<p>&nbsp;<\/p>\n<p><img loading=\"lazy\" decoding=\"async\" class=\"alignleft wp-image-1839\" src=\"https:\/\/sites.usp.br\/cdcc\/wp-content\/uploads\/sites\/512\/2019\/08\/eletr\u00f3lise-1024x1024.png\" alt=\"\" width=\"444\" height=\"703\" \/><\/p>\n<p><strong>Descri\u00e7\u00e3o: <\/strong>C\u00e9lula para eletr\u00f3lise que permite decompor a \u00e1gua nos gases hidrog\u00eanio e oxig\u00eanio pela passagem de uma corrente el\u00e9trica.<\/p>\n<p><strong>Pre\u00e7o: <\/strong>R$35,00<\/p>\n<p>&nbsp;<\/p>\n<p>&nbsp;<\/p>\n<p>&nbsp;<\/p>\n<p>&nbsp;<\/p>\n<p>&nbsp;<\/p>\n<p>&nbsp;<\/p>\n<p>&nbsp;<\/p>\n<p>&nbsp;<\/p>\n<p><img loading=\"lazy\" decoding=\"async\" class=\"wp-image-1471 alignleft\" src=\"https:\/\/sites.usp.br\/cdcc\/wp-content\/uploads\/sites\/512\/2019\/08\/TANGRAM-1024x1024.png\" alt=\"\" width=\"444\" height=\"444\" srcset=\"https:\/\/sites.usp.br\/cdccenglish\/wp-content\/uploads\/sites\/1028\/2019\/08\/TANGRAM-1024x1024.png 1024w, https:\/\/sites.usp.br\/cdccenglish\/wp-content\/uploads\/sites\/1028\/2019\/08\/TANGRAM-150x150.png 150w, https:\/\/sites.usp.br\/cdccenglish\/wp-content\/uploads\/sites\/1028\/2019\/08\/TANGRAM-300x300.png 300w, https:\/\/sites.usp.br\/cdccenglish\/wp-content\/uploads\/sites\/1028\/2019\/08\/TANGRAM-768x768.png 768w, https:\/\/sites.usp.br\/cdccenglish\/wp-content\/uploads\/sites\/1028\/2019\/08\/TANGRAM-45x45.png 45w, https:\/\/sites.usp.br\/cdccenglish\/wp-content\/uploads\/sites\/1028\/2019\/08\/TANGRAM-200x200.png 200w, https:\/\/sites.usp.br\/cdccenglish\/wp-content\/uploads\/sites\/1028\/2019\/08\/TANGRAM-400x400.png 400w, https:\/\/sites.usp.br\/cdccenglish\/wp-content\/uploads\/sites\/1028\/2019\/08\/TANGRAM.png 1080w\" sizes=\"(max-width: 444px) 100vw, 444px\" \/><\/p>\n<p>&nbsp;<\/p>\n<p><strong>Descri\u00e7\u00e3o: <\/strong>O jogo Tangram \u00e9 um quebra-cabe\u00e7a chin\u00eas, composto por 7 pe\u00e7as com formas geometricamente definidas, originadas da decomposi\u00e7\u00e3o de 1 quadrado (5 tri\u00e2ngulos, 1 quadrado e 1 paralelogramo).<\/p>\n<p><strong>Pre\u00e7o: <\/strong>R$5,00<\/p>\n","protected":false},"excerpt":{"rendered":"<p>O Centro de Divulga\u00e7\u00e3o Cient\u00edfica e Cultural mant\u00e9m uma loja, localizada na portaria do pr\u00e9dio, com produtos personalizados e de \u00f3tima qualidade. Ao visitar o CDCC, voc\u00ea pode adquirir um belo presente para voc\u00ea ou para quem voc\u00ea gosta. Confira&hellip;<\/p>\n","protected":false},"author":955,"featured_media":0,"parent":0,"menu_order":0,"comment_status":"closed","ping_status":"closed","template":"","meta":{"_monsterinsights_skip_tracking":false,"_monsterinsights_sitenote_active":false,"_monsterinsights_sitenote_note":"","_monsterinsights_sitenote_category":0,"footnotes":"","_links_to":"","_links_to_target":""},"class_list":["post-1445","page","type-page","status-publish","hentry","post"],"_links":{"self":[{"href":"https:\/\/sites.usp.br\/cdccenglish\/wp-json\/wp\/v2\/pages\/1445","targetHints":{"allow":["GET"]}}],"collection":[{"href":"https:\/\/sites.usp.br\/cdccenglish\/wp-json\/wp\/v2\/pages"}],"about":[{"href":"https:\/\/sites.usp.br\/cdccenglish\/wp-json\/wp\/v2\/types\/page"}],"author":[{"embeddable":true,"href":"https:\/\/sites.usp.br\/cdccenglish\/wp-json\/wp\/v2\/users\/955"}],"replies":[{"embeddable":true,"href":"https:\/\/sites.usp.br\/cdccenglish\/wp-json\/wp\/v2\/comments?post=1445"}],"version-history":[{"count":5,"href":"https:\/\/sites.usp.br\/cdccenglish\/wp-json\/wp\/v2\/pages\/1445\/revisions"}],"predecessor-version":[{"id":3482,"href":"https:\/\/sites.usp.br\/cdccenglish\/wp-json\/wp\/v2\/pages\/1445\/revisions\/3482"}],"wp:attachment":[{"href":"https:\/\/sites.usp.br\/cdccenglish\/wp-json\/wp\/v2\/media?parent=1445"}],"curies":[{"name":"wp","href":"https:\/\/api.w.org\/{rel}","templated":true}]}}