{"id":3388,"date":"2019-10-05T13:04:17","date_gmt":"2019-10-05T16:04:17","guid":{"rendered":"https:\/\/sites.usp.br\/cdcc\/?page_id=3388"},"modified":"2019-10-05T13:04:17","modified_gmt":"2019-10-05T16:04:17","slug":"rodas-e-eixos-serie-maquinas-simples","status":"publish","type":"page","link":"https:\/\/sites.usp.br\/cdccenglish\/rodas-e-eixos-serie-maquinas-simples\/","title":{"rendered":"Rodas e Eixos (S\u00e9rie M\u00e1quinas Simples)"},"content":{"rendered":"<table>\n<tbody>\n<tr>\n<td><strong>T\u00cdTULO<\/strong><\/td>\n<td>Rodas e Eixos (S\u00e9rie M\u00e1quinas Simples)<\/td>\n<\/tr>\n<tr>\n<td><strong>\u00c1REA<\/strong><\/td>\n<td>F\u00edsica<\/td>\n<\/tr>\n<tr>\n<td><strong>SUB\u00c1REA<\/strong><\/td>\n<td>Mec\u00e2nica<\/td>\n<\/tr>\n<tr>\n<td><strong>PRODUTORA<\/strong><\/td>\n<td>Coronet Films<\/td>\n<\/tr>\n<tr>\n<td><strong>TEMPO<\/strong><\/td>\n<td>12<\/td>\n<\/tr>\n<tr>\n<td><strong>ANO DE PRODU\u00c7\u00c3O<\/strong><\/td>\n<td>1984<\/td>\n<\/tr>\n<tr>\n<td><strong>SINOPSE<\/strong><\/td>\n<td>Esta anima\u00e7\u00e3o mostra as principais fun\u00e7\u00f5es dos eixos e rodas: diminui\u00e7\u00e3o do atrito e transmiti\u00e7\u00e3o de for\u00e7a e velocidade. S\u00e3o apresentados os conceitos de velocidade (velocidade = dist\u00e2ncia\/tempo), freq\u00fc\u00eancia (rota\u00e7\u00f5es por minuto), engrenagens (liga\u00e7\u00f5es poss\u00edveis entre duas rodas) e a rela\u00e7\u00e3o entre velocidade angular com o di\u00e2metro da roda. Um outro conceito dado \u00e9 a combina\u00e7\u00e3o de for\u00e7a e dist\u00e2ncia conseguidas pelas rodas e eixos, podendo assim facilitar o trabalho.<\/td>\n<\/tr>\n<tr>\n<td><strong>N\u00famero Fita<\/strong><\/td>\n<td>035<\/td>\n<\/tr>\n<\/tbody>\n<\/table>\n","protected":false},"excerpt":{"rendered":"<p>T\u00cdTULO Rodas e Eixos (S\u00e9rie M\u00e1quinas Simples) \u00c1REA F\u00edsica SUB\u00c1REA Mec\u00e2nica PRODUTORA Coronet Films TEMPO 12 ANO DE PRODU\u00c7\u00c3O 1984 SINOPSE Esta anima\u00e7\u00e3o mostra as principais fun\u00e7\u00f5es dos eixos e rodas: diminui\u00e7\u00e3o do atrito e transmiti\u00e7\u00e3o de for\u00e7a e velocidade.&hellip;<\/p>\n","protected":false},"author":955,"featured_media":0,"parent":0,"menu_order":0,"comment_status":"closed","ping_status":"closed","template":"","meta":{"_monsterinsights_skip_tracking":false,"_monsterinsights_sitenote_active":false,"_monsterinsights_sitenote_note":"","_monsterinsights_sitenote_category":0,"footnotes":"","_links_to":"","_links_to_target":""},"class_list":["post-3388","page","type-page","status-publish","hentry","post"],"_links":{"self":[{"href":"https:\/\/sites.usp.br\/cdccenglish\/wp-json\/wp\/v2\/pages\/3388","targetHints":{"allow":["GET"]}}],"collection":[{"href":"https:\/\/sites.usp.br\/cdccenglish\/wp-json\/wp\/v2\/pages"}],"about":[{"href":"https:\/\/sites.usp.br\/cdccenglish\/wp-json\/wp\/v2\/types\/page"}],"author":[{"embeddable":true,"href":"https:\/\/sites.usp.br\/cdccenglish\/wp-json\/wp\/v2\/users\/955"}],"replies":[{"embeddable":true,"href":"https:\/\/sites.usp.br\/cdccenglish\/wp-json\/wp\/v2\/comments?post=3388"}],"version-history":[{"count":1,"href":"https:\/\/sites.usp.br\/cdccenglish\/wp-json\/wp\/v2\/pages\/3388\/revisions"}],"predecessor-version":[{"id":3389,"href":"https:\/\/sites.usp.br\/cdccenglish\/wp-json\/wp\/v2\/pages\/3388\/revisions\/3389"}],"wp:attachment":[{"href":"https:\/\/sites.usp.br\/cdccenglish\/wp-json\/wp\/v2\/media?parent=3388"}],"curies":[{"name":"wp","href":"https:\/\/api.w.org\/{rel}","templated":true}]}}