{"id":4835,"date":"2025-08-29T19:47:41","date_gmt":"2025-08-29T22:47:41","guid":{"rendered":"https:\/\/sites.usp.br\/cedihus\/?page_id=4835"},"modified":"2025-08-30T13:12:17","modified_gmt":"2025-08-30T16:12:17","slug":"blog-2018-a-2014","status":"publish","type":"page","link":"https:\/\/sites.usp.br\/cedihus\/blog-2018-a-2014\/","title":{"rendered":"Blog &#8211; 2018 a 2014"},"content":{"rendered":"\t\t<div data-elementor-type=\"wp-page\" data-elementor-id=\"4835\" class=\"elementor elementor-4835\" data-elementor-post-type=\"page\">\n\t\t\t\t\t\t<section class=\"elementor-section elementor-top-section elementor-element elementor-element-56a1d66 elementor-section-boxed elementor-section-height-default elementor-section-height-default\" data-id=\"56a1d66\" data-element_type=\"section\" data-settings=\"{&quot;background_background&quot;:&quot;classic&quot;}\">\n\t\t\t\t\t\t<div class=\"elementor-container elementor-column-gap-default\">\n\t\t\t\t\t<div class=\"elementor-column elementor-col-100 elementor-top-column elementor-element elementor-element-30387e5\" data-id=\"30387e5\" data-element_type=\"column\">\n\t\t\t<div class=\"elementor-widget-wrap elementor-element-populated\">\n\t\t\t\t\t\t<div class=\"elementor-element elementor-element-827b8dc elementor-widget__width-initial elementor-widget elementor-widget-heading\" data-id=\"827b8dc\" data-element_type=\"widget\" data-widget_type=\"heading.default\">\n\t\t\t\t<div class=\"elementor-widget-container\">\n\t\t\t<h2 class=\"elementor-heading-title elementor-size-default\">\u00daLTIMAS PUBLICA\u00c7\u00d5ES DO BLOG <\/h2>\t\t<\/div>\n\t\t\t\t<\/div>\n\t\t\t\t<div class=\"elementor-element elementor-element-88fa047 elementor-widget-divider--view-line elementor-widget elementor-widget-divider\" data-id=\"88fa047\" data-element_type=\"widget\" data-widget_type=\"divider.default\">\n\t\t\t\t<div class=\"elementor-widget-container\">\n\t\t\t\t\t<div class=\"elementor-divider\">\n\t\t\t<span class=\"elementor-divider-separator\">\n\t\t\t\t\t\t<\/span>\n\t\t<\/div>\n\t\t\t\t<\/div>\n\t\t\t\t<\/div>\n\t\t\t\t<div class=\"elementor-element elementor-element-c01dc39 elementor-grid-1 elementor-posts--thumbnail-left elementor-grid-tablet-2 elementor-grid-mobile-1 load-more-align-center elementor-widget elementor-widget-posts\" data-id=\"c01dc39\" data-element_type=\"widget\" data-settings=\"{&quot;classic_columns&quot;:&quot;1&quot;,&quot;pagination_type&quot;:&quot;load_more_on_click&quot;,&quot;classic_columns_tablet&quot;:&quot;2&quot;,&quot;classic_columns_mobile&quot;:&quot;1&quot;,&quot;classic_row_gap&quot;:{&quot;unit&quot;:&quot;px&quot;,&quot;size&quot;:35,&quot;sizes&quot;:[]},&quot;classic_row_gap_tablet&quot;:{&quot;unit&quot;:&quot;px&quot;,&quot;size&quot;:&quot;&quot;,&quot;sizes&quot;:[]},&quot;classic_row_gap_mobile&quot;:{&quot;unit&quot;:&quot;px&quot;,&quot;size&quot;:&quot;&quot;,&quot;sizes&quot;:[]},&quot;load_more_spinner&quot;:{&quot;value&quot;:&quot;fas fa-spinner&quot;,&quot;library&quot;:&quot;fa-solid&quot;}}\" data-widget_type=\"posts.classic\">\n\t\t\t\t<div class=\"elementor-widget-container\">\n\t\t\t\t\t<div class=\"elementor-posts-container elementor-posts elementor-posts--skin-classic elementor-grid\">\n\t\t\t\t<article class=\"elementor-post elementor-grid-item post-4625 post type-post status-publish format-standard has-post-thumbnail hentry category-destaquesantigos entry has-media\">\n\t\t\t\t<a class=\"elementor-post__thumbnail__link\" href=\"https:\/\/sites.usp.br\/cedihus\/mudancas-administrativas-o-decreto-federal-7-958-e-a-colaboracao-dos-profissionais-de-saude-com-o-sistema-de-justica-criminal\/\" tabindex=\"-1\" target=&quot;_blank&quot;>\n\t\t\t<div class=\"elementor-post__thumbnail\"><img fetchpriority=\"high\" decoding=\"async\" width=\"768\" height=\"512\" src=\"https:\/\/sites.usp.br\/cedihus\/wp-content\/uploads\/sites\/1280\/2025\/08\/profissionais-de-saude-e-justica-criminal-768x512.jpg\" class=\"elementor-animation-grow attachment-medium_large size-medium_large wp-image-4847\" alt=\"\" srcset=\"https:\/\/sites.usp.br\/cedihus\/wp-content\/uploads\/sites\/1280\/2025\/08\/profissionais-de-saude-e-justica-criminal-768x512.jpg 768w, https:\/\/sites.usp.br\/cedihus\/wp-content\/uploads\/sites\/1280\/2025\/08\/profissionais-de-saude-e-justica-criminal-300x200.jpg 300w, https:\/\/sites.usp.br\/cedihus\/wp-content\/uploads\/sites\/1280\/2025\/08\/profissionais-de-saude-e-justica-criminal-1024x683.jpg 1024w, https:\/\/sites.usp.br\/cedihus\/wp-content\/uploads\/sites\/1280\/2025\/08\/profissionais-de-saude-e-justica-criminal-1536x1024.jpg 1536w, https:\/\/sites.usp.br\/cedihus\/wp-content\/uploads\/sites\/1280\/2025\/08\/profissionais-de-saude-e-justica-criminal-2048x1365.jpg 2048w, https:\/\/sites.usp.br\/cedihus\/wp-content\/uploads\/sites\/1280\/2025\/08\/profissionais-de-saude-e-justica-criminal-400x267.jpg 400w\" sizes=\"(max-width: 768px) 100vw, 768px\" \/><\/div>\n\t\t<\/a>\n\t\t\t\t<div class=\"elementor-post__text\">\n\t\t\t\t<h3 class=\"elementor-post__title\">\n\t\t\t<a href=\"https:\/\/sites.usp.br\/cedihus\/mudancas-administrativas-o-decreto-federal-7-958-e-a-colaboracao-dos-profissionais-de-saude-com-o-sistema-de-justica-criminal\/\" target=&quot;_blank&quot;>\n\t\t\t\tMUDAN\u00c7AS ADMINISTRATIVAS: O DECRETO FEDERAL 7.958 E A COLABORA\u00c7\u00c3O DOS PROFISSIONAIS DE SA\u00daDE COM O SISTEMA DE JUSTI\u00c7A CRIMINAL\t\t\t<\/a>\n\t\t<\/h3>\n\t\t\t\t<div class=\"elementor-post__meta-data\">\n\t\t\t\t\t<span class=\"elementor-post-date\">\n\t\t\t25 de setembro de 2018\t\t<\/span>\n\t\t\t\t<span class=\"elementor-post-avatar\">\n\t\t\tNenhum coment\u00e1rio\t\t<\/span>\n\t\t\t\t<\/div>\n\t\t\t\t<div class=\"elementor-post__excerpt\">\n\t\t\t<p>Descri\u00e7\u00e3o da imagem: Foto breve (Placeholder), legenda da imagem aqui. Dentro da sistem\u00e1tica moderna do Direito Penal brasileiro, a v\u00edtima nunca alcan\u00e7ou uma posi\u00e7\u00e3o de destaque, pois, com o Estado assumindo a responsabilidade de aplicar o jus puniend, muitas vezes, aquela que deveria ser o centro da aten\u00e7\u00e3o do processo criminal, acaba sendo considerada t\u00e3o somente um mero informante ou uma testemunha diferenciada. Isso ocorre quando o pr\u00f3prio Estado, que ao inv\u00e9s de amparar, consolar e buscar algum tipo de repara\u00e7\u00e3o realmente eficaz para aqueles que tiveram algum bem jur\u00eddico<\/p>\n\t\t<\/div>\n\t\t\n\t\t<a class=\"elementor-post__read-more\" href=\"https:\/\/sites.usp.br\/cedihus\/mudancas-administrativas-o-decreto-federal-7-958-e-a-colaboracao-dos-profissionais-de-saude-com-o-sistema-de-justica-criminal\/\" aria-label=\"Read more about MUDAN\u00c7AS ADMINISTRATIVAS: O DECRETO FEDERAL 7.958 E A COLABORA\u00c7\u00c3O DOS PROFISSIONAIS DE SA\u00daDE COM O SISTEMA DE JUSTI\u00c7A CRIMINAL\" tabindex=\"-1\" target=\"_blank\">\n\t\t\tVer publica\u00e7\u00e3o -&gt;\t\t<\/a>\n\n\t\t\t\t<\/div>\n\t\t\t\t<\/article>\n\t\t\t\t<article class=\"elementor-post elementor-grid-item post-4636 post type-post status-publish format-standard has-post-thumbnail hentry category-destaquesantigos entry has-media\">\n\t\t\t\t<a class=\"elementor-post__thumbnail__link\" href=\"https:\/\/sites.usp.br\/cedihus\/acesso-a-educacao-especial-como-direito-fundamental-art-205-da-constituicao-federal\/\" tabindex=\"-1\" target=&quot;_blank&quot;>\n\t\t\t<div class=\"elementor-post__thumbnail\"><img decoding=\"async\" width=\"768\" height=\"549\" src=\"https:\/\/sites.usp.br\/cedihus\/wp-content\/uploads\/sites\/1280\/2018\/08\/educacao-especial-2-768x549.jpg\" class=\"elementor-animation-grow attachment-medium_large size-medium_large wp-image-4851\" alt=\"\" srcset=\"https:\/\/sites.usp.br\/cedihus\/wp-content\/uploads\/sites\/1280\/2018\/08\/educacao-especial-2-768x549.jpg 768w, https:\/\/sites.usp.br\/cedihus\/wp-content\/uploads\/sites\/1280\/2018\/08\/educacao-especial-2-300x214.jpg 300w, https:\/\/sites.usp.br\/cedihus\/wp-content\/uploads\/sites\/1280\/2018\/08\/educacao-especial-2-1024x731.jpg 1024w, https:\/\/sites.usp.br\/cedihus\/wp-content\/uploads\/sites\/1280\/2018\/08\/educacao-especial-2-1536x1097.jpg 1536w, https:\/\/sites.usp.br\/cedihus\/wp-content\/uploads\/sites\/1280\/2018\/08\/educacao-especial-2-2048x1463.jpg 2048w, https:\/\/sites.usp.br\/cedihus\/wp-content\/uploads\/sites\/1280\/2018\/08\/educacao-especial-2-400x286.jpg 400w\" sizes=\"(max-width: 768px) 100vw, 768px\" \/><\/div>\n\t\t<\/a>\n\t\t\t\t<div class=\"elementor-post__text\">\n\t\t\t\t<h3 class=\"elementor-post__title\">\n\t\t\t<a href=\"https:\/\/sites.usp.br\/cedihus\/acesso-a-educacao-especial-como-direito-fundamental-art-205-da-constituicao-federal\/\" target=&quot;_blank&quot;>\n\t\t\t\tACESSO \u00c0 EDUCA\u00c7\u00c3O ESPECIAL COMO DIREITO FUNDAMENTAL &#8211; ART. 205 DA CONSTITUI\u00c7\u00c3O FEDERAL\t\t\t<\/a>\n\t\t<\/h3>\n\t\t\t\t<div class=\"elementor-post__meta-data\">\n\t\t\t\t\t<span class=\"elementor-post-date\">\n\t\t\t14 de agosto de 2018\t\t<\/span>\n\t\t\t\t<span class=\"elementor-post-avatar\">\n\t\t\tNenhum coment\u00e1rio\t\t<\/span>\n\t\t\t\t<\/div>\n\t\t\t\t<div class=\"elementor-post__excerpt\">\n\t\t\t<p>Imagem por Freepik \ud83d\udcda A EDUCA\u00c7\u00c3O ESPECIAL COMO DIREITO FUNDAMENTAL Como um direito humano essencial, o acesso b\u00e1sico \u00e0 educa\u00e7\u00e3o torna-se um direito inerente a todos os seres humanos, independentemente de ra\u00e7a, sexo, nacionalidade, etnia, idioma, religi\u00e3o ou qualquer outra condi\u00e7\u00e3o. O acesso a pessoas com transtornos mentais ou outras necessidades especiais \u00e9 tamb\u00e9m expresso em diversas normas internacionais, tal como a Declara\u00e7\u00e3o Mundial de Educa\u00e7\u00e3o para todos, onde consta que: \u201cAs necessidades b\u00e1sicas de aprendizagem das pessoas portadoras de defici\u00eancias requerem aten\u00e7\u00e3o especial. \u00c9 preciso tomar medidas que garantam<\/p>\n\t\t<\/div>\n\t\t\n\t\t<a class=\"elementor-post__read-more\" href=\"https:\/\/sites.usp.br\/cedihus\/acesso-a-educacao-especial-como-direito-fundamental-art-205-da-constituicao-federal\/\" aria-label=\"Read more about ACESSO \u00c0 EDUCA\u00c7\u00c3O ESPECIAL COMO DIREITO FUNDAMENTAL &#8211; ART. 205 DA CONSTITUI\u00c7\u00c3O FEDERAL\" tabindex=\"-1\" target=\"_blank\">\n\t\t\tVer publica\u00e7\u00e3o -&gt;\t\t<\/a>\n\n\t\t\t\t<\/div>\n\t\t\t\t<\/article>\n\t\t\t\t<article class=\"elementor-post elementor-grid-item post-4641 post type-post status-publish format-standard has-post-thumbnail hentry category-destaquesantigos entry has-media\">\n\t\t\t\t<a class=\"elementor-post__thumbnail__link\" href=\"https:\/\/sites.usp.br\/cedihus\/sofrimento-moral-de-enfermeiros-no-seculo-xxi\/\" tabindex=\"-1\" target=&quot;_blank&quot;>\n\t\t\t<div class=\"elementor-post__thumbnail\"><img decoding=\"async\" width=\"768\" height=\"768\" src=\"https:\/\/sites.usp.br\/cedihus\/wp-content\/uploads\/sites\/1280\/2018\/08\/sofrimento-morac-768x768.jpg\" class=\"elementor-animation-grow attachment-medium_large size-medium_large wp-image-4853\" alt=\"\" srcset=\"https:\/\/sites.usp.br\/cedihus\/wp-content\/uploads\/sites\/1280\/2018\/08\/sofrimento-morac-768x768.jpg 768w, https:\/\/sites.usp.br\/cedihus\/wp-content\/uploads\/sites\/1280\/2018\/08\/sofrimento-morac-300x300.jpg 300w, https:\/\/sites.usp.br\/cedihus\/wp-content\/uploads\/sites\/1280\/2018\/08\/sofrimento-morac-1024x1024.jpg 1024w, https:\/\/sites.usp.br\/cedihus\/wp-content\/uploads\/sites\/1280\/2018\/08\/sofrimento-morac-150x150.jpg 150w, https:\/\/sites.usp.br\/cedihus\/wp-content\/uploads\/sites\/1280\/2018\/08\/sofrimento-morac-1536x1536.jpg 1536w, https:\/\/sites.usp.br\/cedihus\/wp-content\/uploads\/sites\/1280\/2018\/08\/sofrimento-morac-2048x2048.jpg 2048w, https:\/\/sites.usp.br\/cedihus\/wp-content\/uploads\/sites\/1280\/2018\/08\/sofrimento-morac-600x600.jpg 600w, https:\/\/sites.usp.br\/cedihus\/wp-content\/uploads\/sites\/1280\/2018\/08\/sofrimento-morac-45x45.jpg 45w, https:\/\/sites.usp.br\/cedihus\/wp-content\/uploads\/sites\/1280\/2018\/08\/sofrimento-morac-200x200.jpg 200w, https:\/\/sites.usp.br\/cedihus\/wp-content\/uploads\/sites\/1280\/2018\/08\/sofrimento-morac-400x400.jpg 400w\" sizes=\"(max-width: 768px) 100vw, 768px\" \/><\/div>\n\t\t<\/a>\n\t\t\t\t<div class=\"elementor-post__text\">\n\t\t\t\t<h3 class=\"elementor-post__title\">\n\t\t\t<a href=\"https:\/\/sites.usp.br\/cedihus\/sofrimento-moral-de-enfermeiros-no-seculo-xxi\/\" target=&quot;_blank&quot;>\n\t\t\t\tSofrimento Moral de Enfermeiros no S\u00e9culo XXI\t\t\t<\/a>\n\t\t<\/h3>\n\t\t\t\t<div class=\"elementor-post__meta-data\">\n\t\t\t\t\t<span class=\"elementor-post-date\">\n\t\t\t17 de abril de 2017\t\t<\/span>\n\t\t\t\t<span class=\"elementor-post-avatar\">\n\t\t\tNenhum coment\u00e1rio\t\t<\/span>\n\t\t\t\t<\/div>\n\t\t\t\t<div class=\"elementor-post__excerpt\">\n\t\t\t<p>Por: Jo\u00e3o Paulo Victorino e Carla A. Arena Ventura O processo de trabalho desenvolvido pelos enfermeiros nos diferentes contextos em que atuam pode exp\u00f4-los a situa\u00e7\u00f5es nas quais a necessidade de realizar a tomada de decis\u00f5es tange suas cren\u00e7as pessoais e morais. Desta forma, os enfermeiros tendem a se deparar com situa\u00e7\u00f5es nas quais suas a\u00e7\u00f5es tornam-se incoerentes com as suas pr\u00f3prias convic\u00e7\u00f5es (CORLEY et al, 2001). Quest\u00f5es como qualidade de vida, tomada de decis\u00e3o \u00e9tica e o direito de recusa a alguma oferta de tratamento s\u00e3o somente alguns dos<\/p>\n\t\t<\/div>\n\t\t\n\t\t<a class=\"elementor-post__read-more\" href=\"https:\/\/sites.usp.br\/cedihus\/sofrimento-moral-de-enfermeiros-no-seculo-xxi\/\" aria-label=\"Read more about Sofrimento Moral de Enfermeiros no S\u00e9culo XXI\" tabindex=\"-1\" target=\"_blank\">\n\t\t\tVer publica\u00e7\u00e3o -&gt;\t\t<\/a>\n\n\t\t\t\t<\/div>\n\t\t\t\t<\/article>\n\t\t\t\t<article class=\"elementor-post elementor-grid-item post-4651 post type-post status-publish format-standard has-post-thumbnail hentry category-destaquesantigos entry has-media\">\n\t\t\t\t<a class=\"elementor-post__thumbnail__link\" href=\"https:\/\/sites.usp.br\/cedihus\/reflexoes-sobre-o-papel-do-profissional-de-saude-na-reabilitacao-psicossocial\/\" tabindex=\"-1\" target=&quot;_blank&quot;>\n\t\t\t<div class=\"elementor-post__thumbnail\"><img loading=\"lazy\" decoding=\"async\" width=\"640\" height=\"640\" src=\"https:\/\/sites.usp.br\/cedihus\/wp-content\/uploads\/sites\/1280\/2017\/03\/reabilitacao-psicossocial.png\" class=\"elementor-animation-grow attachment-medium_large size-medium_large wp-image-4869\" alt=\"\" srcset=\"https:\/\/sites.usp.br\/cedihus\/wp-content\/uploads\/sites\/1280\/2017\/03\/reabilitacao-psicossocial.png 640w, https:\/\/sites.usp.br\/cedihus\/wp-content\/uploads\/sites\/1280\/2017\/03\/reabilitacao-psicossocial-300x300.png 300w, https:\/\/sites.usp.br\/cedihus\/wp-content\/uploads\/sites\/1280\/2017\/03\/reabilitacao-psicossocial-150x150.png 150w, https:\/\/sites.usp.br\/cedihus\/wp-content\/uploads\/sites\/1280\/2017\/03\/reabilitacao-psicossocial-600x600.png 600w, https:\/\/sites.usp.br\/cedihus\/wp-content\/uploads\/sites\/1280\/2017\/03\/reabilitacao-psicossocial-45x45.png 45w, https:\/\/sites.usp.br\/cedihus\/wp-content\/uploads\/sites\/1280\/2017\/03\/reabilitacao-psicossocial-200x200.png 200w, https:\/\/sites.usp.br\/cedihus\/wp-content\/uploads\/sites\/1280\/2017\/03\/reabilitacao-psicossocial-400x400.png 400w\" sizes=\"(max-width: 640px) 100vw, 640px\" \/><\/div>\n\t\t<\/a>\n\t\t\t\t<div class=\"elementor-post__text\">\n\t\t\t\t<h3 class=\"elementor-post__title\">\n\t\t\t<a href=\"https:\/\/sites.usp.br\/cedihus\/reflexoes-sobre-o-papel-do-profissional-de-saude-na-reabilitacao-psicossocial\/\" target=&quot;_blank&quot;>\n\t\t\t\tReflex\u00f5es sobre o papel do profissional de sa\u00fade na reabilita\u00e7\u00e3o psicossocial\t\t\t<\/a>\n\t\t<\/h3>\n\t\t\t\t<div class=\"elementor-post__meta-data\">\n\t\t\t\t\t<span class=\"elementor-post-date\">\n\t\t\t21 de mar\u00e7o de 2017\t\t<\/span>\n\t\t\t\t<span class=\"elementor-post-avatar\">\n\t\t\tNenhum coment\u00e1rio\t\t<\/span>\n\t\t\t\t<\/div>\n\t\t\t\t<div class=\"elementor-post__excerpt\">\n\t\t\t<p>Por: Raquel Helena Hernandez Fernandes, advogada, mestranda na EERP-USP e membro do GEPESADES. A Lei 10.216\/2001, conhecida como a Lei da Reforma Psiqui\u00e1trica, trouxe muitos avan\u00e7os para a \u00e1rea de sa\u00fade mental, avan\u00e7os esses que nasceram com a ideia de tutelar direitos fundamentais e de dignificar como ser humano a pessoa com transtorno mental, permitindo novas forma\u00e7\u00f5es, novas abordagens de tratamento e novos olhares. Al\u00e9m disso, a reforma tamb\u00e9m trouxe a agrega\u00e7\u00e3o de servi\u00e7os psicossociais aos hospitais psiqui\u00e1tricos. Nesse aspecto, tem-se a reabilita\u00e7\u00e3o psicossocial, que \u00e9 um conjunto de estrat\u00e9gias<\/p>\n\t\t<\/div>\n\t\t\n\t\t<a class=\"elementor-post__read-more\" href=\"https:\/\/sites.usp.br\/cedihus\/reflexoes-sobre-o-papel-do-profissional-de-saude-na-reabilitacao-psicossocial\/\" aria-label=\"Read more about Reflex\u00f5es sobre o papel do profissional de sa\u00fade na reabilita\u00e7\u00e3o psicossocial\" tabindex=\"-1\" target=\"_blank\">\n\t\t\tVer publica\u00e7\u00e3o -&gt;\t\t<\/a>\n\n\t\t\t\t<\/div>\n\t\t\t\t<\/article>\n\t\t\t\t<\/div>\n\t\t\t\t\t<span class=\"e-load-more-spinner\">\n\t\t\t\t<i aria-hidden=\"true\" class=\"fas fa-spinner\"><\/i>\t\t\t<\/span>\n\t\t\n\t\t\t\t<div class=\"e-load-more-anchor\" data-page=\"1\" data-max-page=\"10\" data-next-page=\"https:\/\/sites.usp.br\/cedihus\/wp-json\/wp\/v2\/pages\/4835\/page\/2\/\"><\/div>\n\t\t\t\t<div class=\"elementor-button-wrapper\">\n\t\t\t<a href=\"#\" class=\"elementor-button-link elementor-button elementor-animation-grow\" role=\"button\">\n\t\t\t\t\t\t<span class=\"elementor-button-content-wrapper\">\n\t\t\t\t\t\t\t\t\t<span class=\"elementor-button-text\">CARREGAR<\/span>\n\t\t\t\t\t<\/span>\n\t\t\t\t\t<\/a>\n\t\t<\/div>\n\t\t\t\t<div class=\"e-load-more-message\"><\/div>\n\t\t\t\t<\/div>\n\t\t\t\t<\/div>\n\t\t\t\t\t<\/div>\n\t\t<\/div>\n\t\t\t\t\t<\/div>\n\t\t<\/section>\n\t\t\t\t<\/div>\n\t\t","protected":false},"excerpt":{"rendered":"<p>\u00daLTIMAS PUBLICA\u00c7\u00d5ES DO BLOG<\/p>\n","protected":false},"author":23540,"featured_media":0,"parent":0,"menu_order":0,"comment_status":"closed","ping_status":"closed","template":"","meta":{"_monsterinsights_skip_tracking":false,"_monsterinsights_sitenote_active":false,"_monsterinsights_sitenote_note":"","_monsterinsights_sitenote_category":0,"footnotes":"","_links_to":"","_links_to_target":""},"class_list":["post-4835","page","type-page","status-publish","hentry","entry","has-media"],"_links":{"self":[{"href":"https:\/\/sites.usp.br\/cedihus\/wp-json\/wp\/v2\/pages\/4835","targetHints":{"allow":["GET"]}}],"collection":[{"href":"https:\/\/sites.usp.br\/cedihus\/wp-json\/wp\/v2\/pages"}],"about":[{"href":"https:\/\/sites.usp.br\/cedihus\/wp-json\/wp\/v2\/types\/page"}],"author":[{"embeddable":true,"href":"https:\/\/sites.usp.br\/cedihus\/wp-json\/wp\/v2\/users\/23540"}],"replies":[{"embeddable":true,"href":"https:\/\/sites.usp.br\/cedihus\/wp-json\/wp\/v2\/comments?post=4835"}],"version-history":[{"count":5,"href":"https:\/\/sites.usp.br\/cedihus\/wp-json\/wp\/v2\/pages\/4835\/revisions"}],"predecessor-version":[{"id":4894,"href":"https:\/\/sites.usp.br\/cedihus\/wp-json\/wp\/v2\/pages\/4835\/revisions\/4894"}],"wp:attachment":[{"href":"https:\/\/sites.usp.br\/cedihus\/wp-json\/wp\/v2\/media?parent=4835"}],"curies":[{"name":"wp","href":"https:\/\/api.w.org\/{rel}","templated":true}]}}