{"id":41,"date":"2013-12-16T16:25:59","date_gmt":"2013-12-16T16:25:59","guid":{"rendered":"http:\/\/sites.usp.br\/cert\/?page_id=41"},"modified":"2023-11-23T17:20:15","modified_gmt":"2023-11-23T17:20:15","slug":"contrato-novo","status":"publish","type":"page","link":"https:\/\/sites.usp.br\/cert\/outros-regimes\/contrato-novo\/","title":{"rendered":"Altera\u00e7\u00e3o de Regime de Trabalho"},"content":{"rendered":"<ul>\n<li>RDIDP\u00a0&#8211; Regime de Dedica\u00e7\u00e3o Integral \u00e0 Doc\u00eancia e \u00e0 Pesquisa<\/li>\n<\/ul>\n<ul>\n<li>RTC<span style=\"line-height: 1.5;\">\u00a0&#8211; Regime de Turno Completo<\/span><\/li>\n<\/ul>\n<h6>Documentos para ingresso da (o) docente no RDIDP\/ RTC:<\/h6>\n<ul>\n<li>Solicita\u00e7\u00e3o e justificativa da (o) docente para o ingresso no RDIDP\/ RTC, observados os projetos acad\u00eamicos do Departamento e da Unidade;<\/li>\n<li>Curr\u00edculo Lattes atualizado;<\/li>\n<li>Projeto Acad\u00eamico (pr\u00f3ximos dois anos) para o RDIDP\/ RTC, contendo o planejamento das atividades para o per\u00edodo, em sintonia com os projetos acad\u00eamicos da Unidade;<\/li>\n<li>Parecer de m\u00e9rito (elaborado, preferencialmente, por especialista externo ao Departamento);<\/li>\n<li>Manifesta\u00e7\u00e3o do Conselho do Departamento e CTA ou Congrega\u00e7\u00e3o da Unidade.<\/li>\n<\/ul>\n<p style=\"padding-left: 40px;\"><strong>Importante<\/strong>: A documenta\u00e7\u00e3o deve ser anexada em processo f\u00edsico (nomea\u00e7\u00e3o)<\/p>\n<p>&nbsp;<\/p>\n<p>&nbsp;<\/p>\n<p>&nbsp;<\/p>\n","protected":false},"excerpt":{"rendered":"<p>RDIDP\u00a0&#8211; Regime de Dedica\u00e7\u00e3o Integral \u00e0 Doc\u00eancia e \u00e0 Pesquisa RTC\u00a0&#8211; Regime de Turno Completo Documentos para ingresso da (o) docente no RDIDP\/ RTC: Solicita\u00e7\u00e3o e justificativa da (o) docente para o ingresso no RDIDP\/ RTC, observados os projetos acad\u00eamicos do Departamento e da Unidade; Curr\u00edculo Lattes atualizado; Projeto Acad\u00eamico (pr\u00f3ximos dois anos) para o [&hellip;]<\/p>\n","protected":false},"author":1,"featured_media":0,"parent":39,"menu_order":0,"comment_status":"closed","ping_status":"closed","template":"","meta":{"footnotes":"","_links_to":"","_links_to_target":""},"class_list":["post-41","page","type-page","status-publish","hentry"],"_links":{"self":[{"href":"https:\/\/sites.usp.br\/cert\/wp-json\/wp\/v2\/pages\/41","targetHints":{"allow":["GET"]}}],"collection":[{"href":"https:\/\/sites.usp.br\/cert\/wp-json\/wp\/v2\/pages"}],"about":[{"href":"https:\/\/sites.usp.br\/cert\/wp-json\/wp\/v2\/types\/page"}],"author":[{"embeddable":true,"href":"https:\/\/sites.usp.br\/cert\/wp-json\/wp\/v2\/users\/1"}],"replies":[{"embeddable":true,"href":"https:\/\/sites.usp.br\/cert\/wp-json\/wp\/v2\/comments?post=41"}],"version-history":[{"count":4,"href":"https:\/\/sites.usp.br\/cert\/wp-json\/wp\/v2\/pages\/41\/revisions"}],"predecessor-version":[{"id":929,"href":"https:\/\/sites.usp.br\/cert\/wp-json\/wp\/v2\/pages\/41\/revisions\/929"}],"up":[{"embeddable":true,"href":"https:\/\/sites.usp.br\/cert\/wp-json\/wp\/v2\/pages\/39"}],"wp:attachment":[{"href":"https:\/\/sites.usp.br\/cert\/wp-json\/wp\/v2\/media?parent=41"}],"curies":[{"name":"wp","href":"https:\/\/api.w.org\/{rel}","templated":true}]}}