{"id":1121,"date":"2016-03-26T20:17:39","date_gmt":"2016-03-26T20:17:39","guid":{"rendered":"http:\/\/www.cest.poli.usp.br\/?page_id=1121"},"modified":"2017-07-27T02:08:42","modified_gmt":"2017-07-27T02:08:42","slug":"boletins","status":"publish","type":"page","link":"https:\/\/sites.usp.br\/cest\/boletins\/","title":{"rendered":"Boletins"},"content":{"rendered":"<p><\/p>\n<table style=\"height: 280px\" width=\"730\">\n<tbody>\n<tr>\n<th style=\"text-align: left\">Boletim<\/th>\n<th style=\"text-align: left\">Autores<\/th>\n<th><\/th>\n<\/tr>\n<tr>\n<td width=\"500\">A transforma\u00e7\u00e3o digital das cidades e a vis\u00e3o do urbanismo<\/td>\n<td>Lucas Girard<\/td>\n<td><a href=\"http:\/\/www.cest.poli.usp.br\/wp-content\/uploads\/sites\/26\/2017\/07\/V2N1_Transformacao_Digital-ptBR.pdf\" target=\"_blank\" rel=\"noopener noreferrer\"><img loading=\"lazy\" decoding=\"async\" class=\"aligncenter wp-image-1198\" src=\"\/\/www.cest.poli.usp.br\/wp-content\/uploads\/sites\/26\/2016\/03\/519672-178_Download-128.png\" alt=\"519672-178_Download-128\" width=\"25\" height=\"25\" srcset=\"https:\/\/sites.usp.br\/cest\/wp-content\/uploads\/sites\/26\/2016\/03\/519672-178_Download-128.png 128w, https:\/\/sites.usp.br\/cest\/wp-content\/uploads\/sites\/26\/2016\/03\/519672-178_Download-128-45x45.png 45w\" sizes=\"auto, (max-width: 25px) 100vw, 25px\" \/><\/a><\/td>\n<\/tr>\n<tr>\n<td width=\"500\">Cidades Inteligentes? Sociedade e Tecnologia em debate<\/td>\n<td>Clovis Alvarenga-Netto<\/td>\n<td><a href=\"\/\/www.cest.poli.usp.br\/wp-content\/uploads\/sites\/26\/2017\/06\/V1N12-Smart_Cities-ptBR.pdf\" target=\"_blank\" rel=\"noopener noreferrer\"><img loading=\"lazy\" decoding=\"async\" class=\"aligncenter wp-image-1198\" src=\"\/\/www.cest.poli.usp.br\/wp-content\/uploads\/sites\/26\/2016\/03\/519672-178_Download-128.png\" alt=\"519672-178_Download-128\" width=\"25\" height=\"25\" srcset=\"https:\/\/sites.usp.br\/cest\/wp-content\/uploads\/sites\/26\/2016\/03\/519672-178_Download-128.png 128w, https:\/\/sites.usp.br\/cest\/wp-content\/uploads\/sites\/26\/2016\/03\/519672-178_Download-128-45x45.png 45w\" sizes=\"auto, (max-width: 25px) 100vw, 25px\" \/><\/a><\/td>\n<\/tr>\n<tr>\n<td width=\"500\">Incentivos fiscais \u00e0 gera\u00e7\u00e3o detecnologia no Brasil e a reforma da lei do bem: uma janela se fechando<\/td>\n<td>Arist\u00f3teles M. Filho<\/td>\n<td><a href=\"\/\/www.cest.poli.usp.br\/wp-content\/uploads\/sites\/26\/2017\/05\/V1N11-ReformaLeiDoBem-ptBR.pdf\" target=\"_blank\" rel=\"noopener noreferrer\"><img loading=\"lazy\" decoding=\"async\" class=\"aligncenter wp-image-1198\" src=\"\/\/www.cest.poli.usp.br\/wp-content\/uploads\/sites\/26\/2016\/03\/519672-178_Download-128.png\" alt=\"519672-178_Download-128\" width=\"25\" height=\"25\" srcset=\"https:\/\/sites.usp.br\/cest\/wp-content\/uploads\/sites\/26\/2016\/03\/519672-178_Download-128.png 128w, https:\/\/sites.usp.br\/cest\/wp-content\/uploads\/sites\/26\/2016\/03\/519672-178_Download-128-45x45.png 45w\" sizes=\"auto, (max-width: 25px) 100vw, 25px\" \/><\/a><\/td>\n<\/tr>\n<tr>\n<td>Utiliza\u00e7\u00e3o do <em>Crowdsourcing<\/em> para Benef\u00edcio da Sociedade<\/td>\n<td>Eduardo Bertassi<\/td>\n<td><a href=\"\/\/www.cest.poli.usp.br\/wp-content\/uploads\/sites\/26\/2017\/04\/V1N10-Crowdsourcing-ptBR.pdf\" target=\"_blank\" rel=\"noopener noreferrer\"><img loading=\"lazy\" decoding=\"async\" class=\"aligncenter wp-image-1198\" src=\"\/\/www.cest.poli.usp.br\/wp-content\/uploads\/sites\/26\/2016\/03\/519672-178_Download-128.png\" alt=\"519672-178_Download-128\" width=\"25\" height=\"25\" srcset=\"https:\/\/sites.usp.br\/cest\/wp-content\/uploads\/sites\/26\/2016\/03\/519672-178_Download-128.png 128w, https:\/\/sites.usp.br\/cest\/wp-content\/uploads\/sites\/26\/2016\/03\/519672-178_Download-128-45x45.png 45w\" sizes=\"auto, (max-width: 25px) 100vw, 25px\" \/><\/a><\/td>\n<\/tr>\n<tr>\n<td>Seguran\u00e7a da Informa\u00e7\u00e3o na Administra\u00e7\u00e3o P\u00fablica<\/td>\n<td>Vera Kerr<\/td>\n<td><a href=\"\/\/www.cest.poli.usp.br\/wp-content\/uploads\/sites\/26\/2017\/05\/V1N9-Seguranca-da-Info-na-Adm-Publica_ptBR.pdf\" target=\"_blank\" rel=\"noopener noreferrer\"><img loading=\"lazy\" decoding=\"async\" class=\"aligncenter wp-image-1198\" src=\"\/\/www.cest.poli.usp.br\/wp-content\/uploads\/sites\/26\/2016\/03\/519672-178_Download-128.png\" alt=\"519672-178_Download-128\" width=\"25\" height=\"25\" srcset=\"https:\/\/sites.usp.br\/cest\/wp-content\/uploads\/sites\/26\/2016\/03\/519672-178_Download-128.png 128w, https:\/\/sites.usp.br\/cest\/wp-content\/uploads\/sites\/26\/2016\/03\/519672-178_Download-128-45x45.png 45w\" sizes=\"auto, (max-width: 25px) 100vw, 25px\" \/><\/a><\/td>\n<\/tr>\n<tr>\n<td>Tecnologias disruptivas e seus reflexos na economia e governos<\/td>\n<td>Sirlei Pitteri<\/td>\n<td><a href=\"\/\/www.cest.poli.usp.br\/wp-content\/uploads\/sites\/26\/2016\/09\/Boletim-5-CEST-Tecnologias-Disruptivas-Sirlei-Pitteri.pdf\"><img loading=\"lazy\" decoding=\"async\" class=\"aligncenter wp-image-1198\" src=\"\/\/www.cest.poli.usp.br\/wp-content\/uploads\/sites\/26\/2016\/03\/519672-178_Download-128.png\" alt=\"519672-178_Download-128\" width=\"25\" height=\"25\" srcset=\"https:\/\/sites.usp.br\/cest\/wp-content\/uploads\/sites\/26\/2016\/03\/519672-178_Download-128.png 128w, https:\/\/sites.usp.br\/cest\/wp-content\/uploads\/sites\/26\/2016\/03\/519672-178_Download-128-45x45.png 45w\" sizes=\"auto, (max-width: 25px) 100vw, 25px\" \/><\/a><\/td>\n<\/tr>\n<tr>\n<td>Do Conflito ao Acordo na Era Digital<\/td>\n<td>M\u00e1rio Magalh\u00e3es<\/td>\n<td><a href=\"\/\/www.cest.poli.usp.br\/wp-content\/uploads\/sites\/26\/2017\/03\/V1N7pt_Do-Conflito-ao-Acordo-na-Era-Digital-final.pdf\" target=\"_blank\" rel=\"noopener noreferrer\"><img loading=\"lazy\" decoding=\"async\" class=\"aligncenter wp-image-1198\" src=\"\/\/www.cest.poli.usp.br\/wp-content\/uploads\/sites\/26\/2016\/03\/519672-178_Download-128.png\" alt=\"519672-178_Download-128\" width=\"25\" height=\"25\" srcset=\"https:\/\/sites.usp.br\/cest\/wp-content\/uploads\/sites\/26\/2016\/03\/519672-178_Download-128.png 128w, https:\/\/sites.usp.br\/cest\/wp-content\/uploads\/sites\/26\/2016\/03\/519672-178_Download-128-45x45.png 45w\" sizes=\"auto, (max-width: 25px) 100vw, 25px\" \/><\/a><\/td>\n<\/tr>\n<tr>\n<td>Heur\u00edsticas, Redes Sociais e Algoritmos<\/td>\n<td>Lucas Lago<\/td>\n<td><a href=\"\/\/www.cest.poli.usp.br\/wp-content\/uploads\/sites\/26\/2017\/03\/V1N6pt_heuristica-final.pdf\" target=\"_blank\" rel=\"noopener noreferrer\"><img loading=\"lazy\" decoding=\"async\" class=\"aligncenter wp-image-1198\" src=\"\/\/www.cest.poli.usp.br\/wp-content\/uploads\/sites\/26\/2016\/03\/519672-178_Download-128.png\" alt=\"519672-178_Download-128\" width=\"25\" height=\"25\" srcset=\"https:\/\/sites.usp.br\/cest\/wp-content\/uploads\/sites\/26\/2016\/03\/519672-178_Download-128.png 128w, https:\/\/sites.usp.br\/cest\/wp-content\/uploads\/sites\/26\/2016\/03\/519672-178_Download-128-45x45.png 45w\" sizes=\"auto, (max-width: 25px) 100vw, 25px\" \/><\/a><\/td>\n<\/tr>\n<tr>\n<td>Engenharia Social e os crimes cibern\u00e9ticos<\/td>\n<td>Marvin Ferreira<\/td>\n<td><a href=\"\/\/www.cest.poli.usp.br\/wp-content\/uploads\/sites\/26\/2017\/03\/V1N5pt_engenharia_social-final.pdf\" target=\"_blank\" rel=\"noopener noreferrer\"><img loading=\"lazy\" decoding=\"async\" class=\"aligncenter wp-image-1198\" src=\"\/\/www.cest.poli.usp.br\/wp-content\/uploads\/sites\/26\/2016\/03\/519672-178_Download-128.png\" alt=\"519672-178_Download-128\" width=\"25\" height=\"25\" srcset=\"https:\/\/sites.usp.br\/cest\/wp-content\/uploads\/sites\/26\/2016\/03\/519672-178_Download-128.png 128w, https:\/\/sites.usp.br\/cest\/wp-content\/uploads\/sites\/26\/2016\/03\/519672-178_Download-128-45x45.png 45w\" sizes=\"auto, (max-width: 25px) 100vw, 25px\" \/><\/a><\/td>\n<\/tr>\n<tr>\n<td>Diversidade de express\u00f5es culturais e novas tecnologias<\/td>\n<td>Lilian Richieri Hanania<\/td>\n<td><a href=\"\/\/www.cest.poli.usp.br\/wp-content\/uploads\/sites\/26\/2017\/03\/V1N4pt_diversidade_cultural-final.pdf\" target=\"_blank\" rel=\"noopener noreferrer\"><img loading=\"lazy\" decoding=\"async\" class=\"aligncenter wp-image-1198\" src=\"\/\/www.cest.poli.usp.br\/wp-content\/uploads\/sites\/26\/2016\/03\/519672-178_Download-128.png\" alt=\"519672-178_Download-128\" width=\"25\" height=\"25\" srcset=\"https:\/\/sites.usp.br\/cest\/wp-content\/uploads\/sites\/26\/2016\/03\/519672-178_Download-128.png 128w, https:\/\/sites.usp.br\/cest\/wp-content\/uploads\/sites\/26\/2016\/03\/519672-178_Download-128-45x45.png 45w\" sizes=\"auto, (max-width: 25px) 100vw, 25px\" \/><\/a><\/td>\n<\/tr>\n<tr>\n<td>Evolu\u00e7\u00e3o da Educa\u00e7\u00e3o Aberta no Brasil<\/td>\n<td>Fabio Nascimbeni<\/td>\n<td><a href=\"\/\/www.cest.poli.usp.br\/wp-content\/uploads\/sites\/26\/2017\/03\/V1N3pt_education-final.pdf\" target=\"_blank\" rel=\"noopener noreferrer\"><img loading=\"lazy\" decoding=\"async\" class=\"aligncenter wp-image-1198\" src=\"\/\/www.cest.poli.usp.br\/wp-content\/uploads\/sites\/26\/2016\/03\/519672-178_Download-128.png\" alt=\"519672-178_Download-128\" width=\"25\" height=\"25\" srcset=\"https:\/\/sites.usp.br\/cest\/wp-content\/uploads\/sites\/26\/2016\/03\/519672-178_Download-128.png 128w, https:\/\/sites.usp.br\/cest\/wp-content\/uploads\/sites\/26\/2016\/03\/519672-178_Download-128-45x45.png 45w\" sizes=\"auto, (max-width: 25px) 100vw, 25px\" \/><\/a><\/td>\n<\/tr>\n<tr>\n<td>A prote\u00e7\u00e3o da propriedade intelectual no Brasil: entre atrasos e avan\u00e7os<\/td>\n<td>Maristela Basso<\/td>\n<td><a href=\"\/\/www.cest.poli.usp.br\/wp-content\/uploads\/sites\/26\/2017\/03\/V1N2pt_propriedade_intelectual-final.pdf\" target=\"_blank\" rel=\"noopener noreferrer\"><img loading=\"lazy\" decoding=\"async\" class=\"aligncenter wp-image-1198\" src=\"\/\/www.cest.poli.usp.br\/wp-content\/uploads\/sites\/26\/2016\/03\/519672-178_Download-128.png\" alt=\"519672-178_Download-128\" width=\"25\" height=\"25\" srcset=\"https:\/\/sites.usp.br\/cest\/wp-content\/uploads\/sites\/26\/2016\/03\/519672-178_Download-128.png 128w, https:\/\/sites.usp.br\/cest\/wp-content\/uploads\/sites\/26\/2016\/03\/519672-178_Download-128-45x45.png 45w\" sizes=\"auto, (max-width: 25px) 100vw, 25px\" \/><\/a><\/td>\n<\/tr>\n<tr>\n<td>Uber X T\u00e1xi: A nova velha economia<\/td>\n<td>Vera Kerr<\/td>\n<td><a href=\"\/\/www.cest.poli.usp.br\/wp-content\/uploads\/sites\/26\/2017\/03\/V1N1pt-uber-final.pdf\" target=\"_blank\" rel=\"noopener noreferrer\"><img loading=\"lazy\" decoding=\"async\" class=\"aligncenter wp-image-1198\" src=\"\/\/www.cest.poli.usp.br\/wp-content\/uploads\/sites\/26\/2016\/03\/519672-178_Download-128.png\" alt=\"Download\" width=\"25\" height=\"25\" srcset=\"https:\/\/sites.usp.br\/cest\/wp-content\/uploads\/sites\/26\/2016\/03\/519672-178_Download-128.png 128w, https:\/\/sites.usp.br\/cest\/wp-content\/uploads\/sites\/26\/2016\/03\/519672-178_Download-128-45x45.png 45w\" sizes=\"auto, (max-width: 25px) 100vw, 25px\" \/><\/a><\/td>\n<\/tr>\n<\/tbody>\n<\/table>\n<p><\/p>","protected":false},"excerpt":{"rendered":"<p>Boletim Autores A transforma\u00e7\u00e3o digital das cidades e a vis\u00e3o do urbanismo Lucas Girard Cidades [&hellip;]<\/p>\n","protected":false},"author":33,"featured_media":0,"parent":0,"menu_order":0,"comment_status":"open","ping_status":"open","template":"","meta":{"footnotes":"","_links_to":"","_links_to_target":""},"class_list":["post-1121","page","type-page","status-publish","hentry"],"_links":{"self":[{"href":"https:\/\/sites.usp.br\/cest\/wp-json\/wp\/v2\/pages\/1121","targetHints":{"allow":["GET"]}}],"collection":[{"href":"https:\/\/sites.usp.br\/cest\/wp-json\/wp\/v2\/pages"}],"about":[{"href":"https:\/\/sites.usp.br\/cest\/wp-json\/wp\/v2\/types\/page"}],"author":[{"embeddable":true,"href":"https:\/\/sites.usp.br\/cest\/wp-json\/wp\/v2\/users\/33"}],"replies":[{"embeddable":true,"href":"https:\/\/sites.usp.br\/cest\/wp-json\/wp\/v2\/comments?post=1121"}],"version-history":[{"count":4,"href":"https:\/\/sites.usp.br\/cest\/wp-json\/wp\/v2\/pages\/1121\/revisions"}],"predecessor-version":[{"id":2114,"href":"https:\/\/sites.usp.br\/cest\/wp-json\/wp\/v2\/pages\/1121\/revisions\/2114"}],"wp:attachment":[{"href":"https:\/\/sites.usp.br\/cest\/wp-json\/wp\/v2\/media?parent=1121"}],"curies":[{"name":"wp","href":"https:\/\/api.w.org\/{rel}","templated":true}]}}