{"id":430,"date":"2014-09-29T11:35:30","date_gmt":"2014-09-29T11:35:30","guid":{"rendered":"http:\/\/www.cest.poli.usp.br\/?page_id=430"},"modified":"2016-08-25T11:53:39","modified_gmt":"2016-08-25T11:53:39","slug":"apoio-pesquisa","status":"publish","type":"page","link":"https:\/\/sites.usp.br\/cest\/apoio-pesquisa\/","title":{"rendered":"Apoio \u00e0 Pesquisa"},"content":{"rendered":"<p>O CEST pode apoiar voc\u00ea de duas formas:<\/p>\n<ul>\n<li>Atrav\u00e9s de bolsas para desenvolver o seu trabalho;<\/li>\n<li>Atrav\u00e9s de ajuda para participar em eventos sobre os temas para expor o seu trabalho;<\/li>\n<\/ul>\n<p>O CEST est\u00e1 trabalhando principalmente nos seguintes temas:<\/p>\n<ul>\n<li><a href=\"http:\/\/www.cest.poli.usp.br\/wp-content\/uploads\/sites\/26\/2016\/08\/O-armazenamento-de-dados-em-rede-global-de-data-centers.pdf\" target=\"_blank\">O armazenamento de dados em rede global de data centers<\/a><\/li>\n<li><a href=\"http:\/\/www.cest.poli.usp.br\/wp-content\/uploads\/sites\/26\/2016\/08\/A-importancia-de-padroes-tecnicos-internacionais-para-estruturacao-de-se....pdf\" target=\"_blank\">A import\u00e2ncia de padr\u00f5es t\u00e9cnicos internacionais (exemplo: ISO 27018) para estrutura\u00e7\u00e3o de servi\u00e7os de cloud sob a \u00f3tica de seguran\u00e7a e privacidade<\/a><\/li>\n<li><a href=\"http:\/\/www.cest.poli.usp.br\/wp-content\/uploads\/sites\/26\/2016\/08\/Os-impactos-da-possivel-nova-regulamentacao-de-protecao-de-dados-para-so....pdf\" target=\"_blank\">Os impactos da poss\u00edvel nova regulamenta\u00e7\u00e3o de prote\u00e7\u00e3o de dados para sociedade empres\u00e1ria<\/a><\/li>\n<li><a href=\"http:\/\/www.cest.poli.usp.br\/wp-content\/uploads\/sites\/26\/2016\/08\/O-impacto-economico-da-regulacao-de-privacidade-no-segmento-de-IoT.pdf\" target=\"_blank\">O impacto econo\u0302mico da regulac\u0327a\u0303o de privacidade no segmento de IoT<\/a><\/li>\n<\/ul>\n<p>Caso tenha interesse preencha o formul\u00e1rio e nos envie atrav\u00e9s do endere\u00e7o de e-mail <strong>cest@usp.br<\/strong><\/p>\n<p><a href=\"https:\/\/dl.dropboxusercontent.com\/u\/30013283\/Plano-de-Pesquisa-CEST.doc\">CLIQUE AQUI FAZER O DOWNLOAD DO FORMUL\u00c1RIO<\/a><\/p>","protected":false},"excerpt":{"rendered":"<p>O CEST pode apoiar voc\u00ea de duas formas: Atrav\u00e9s de bolsas para desenvolver o seu [&hellip;]<\/p>\n","protected":false},"author":33,"featured_media":0,"parent":0,"menu_order":0,"comment_status":"closed","ping_status":"closed","template":"","meta":{"footnotes":"","_links_to":"","_links_to_target":""},"class_list":["post-430","page","type-page","status-publish","hentry"],"_links":{"self":[{"href":"https:\/\/sites.usp.br\/cest\/wp-json\/wp\/v2\/pages\/430","targetHints":{"allow":["GET"]}}],"collection":[{"href":"https:\/\/sites.usp.br\/cest\/wp-json\/wp\/v2\/pages"}],"about":[{"href":"https:\/\/sites.usp.br\/cest\/wp-json\/wp\/v2\/types\/page"}],"author":[{"embeddable":true,"href":"https:\/\/sites.usp.br\/cest\/wp-json\/wp\/v2\/users\/33"}],"replies":[{"embeddable":true,"href":"https:\/\/sites.usp.br\/cest\/wp-json\/wp\/v2\/comments?post=430"}],"version-history":[{"count":7,"href":"https:\/\/sites.usp.br\/cest\/wp-json\/wp\/v2\/pages\/430\/revisions"}],"predecessor-version":[{"id":1464,"href":"https:\/\/sites.usp.br\/cest\/wp-json\/wp\/v2\/pages\/430\/revisions\/1464"}],"wp:attachment":[{"href":"https:\/\/sites.usp.br\/cest\/wp-json\/wp\/v2\/media?parent=430"}],"curies":[{"name":"wp","href":"https:\/\/api.w.org\/{rel}","templated":true}]}}