{"id":62,"date":"2014-02-12T11:28:30","date_gmt":"2014-02-12T13:28:30","guid":{"rendered":"http:\/\/sites.usp.br\/cibio\/?page_id=62"},"modified":"2023-03-13T17:08:32","modified_gmt":"2023-03-13T19:08:32","slug":"pagina-1","status":"publish","type":"page","link":"https:\/\/sites.usp.br\/cibio\/pagina-1\/","title":{"rendered":"Membros"},"content":{"rendered":"<h6>Prof. Dr. <a href=\"http:\/\/lattes.cnpq.br\/2399590592977330\">Eutimio Gustavo Fern\u00e1ndez N\u00fa\u00f1ez <\/a>(Presidente)<\/h6>\n<h6>Prof. Dr. <a href=\"http:\/\/lattes.cnpq.br\/6095210189679861\">Luiz Paulo Moura Andrioli<\/a><\/h6>\n<h6>Prof. Dr. <a href=\"http:\/\/lattes.cnpq.br\/4218239271222247\">Jos\u00e9 Ribamar dos Santos Ferreira J\u00fanior<\/a><\/h6>\n<h6>B.Sc. <a href=\"http:\/\/lattes.cnpq.br\/2687819126032584\">Ernani Barone<\/a><\/h6>\n<h6>Analista Acad\u00eamica Andrea Pedroso (Secret\u00e1ria)<\/h6>\n<p>&nbsp;<\/p>\n<p>&nbsp;<\/p>\n","protected":false},"excerpt":{"rendered":"<p>Prof. Dr. Eutimio Gustavo Fern\u00e1ndez N\u00fa\u00f1ez (Presidente) Prof. Dr. Luiz Paulo Moura Andrioli Prof. Dr. Jos\u00e9 Ribamar dos Santos Ferreira J\u00fanior B.Sc. Ernani Barone Analista Acad\u00eamica Andrea Pedroso (Secret\u00e1ria) &nbsp; &nbsp;<\/p>\n","protected":false},"author":1,"featured_media":0,"parent":0,"menu_order":0,"comment_status":"closed","ping_status":"closed","template":"","meta":{"footnotes":"","_links_to":"","_links_to_target":""},"class_list":["post-62","page","type-page","status-publish","hentry"],"_links":{"self":[{"href":"https:\/\/sites.usp.br\/cibio\/wp-json\/wp\/v2\/pages\/62","targetHints":{"allow":["GET"]}}],"collection":[{"href":"https:\/\/sites.usp.br\/cibio\/wp-json\/wp\/v2\/pages"}],"about":[{"href":"https:\/\/sites.usp.br\/cibio\/wp-json\/wp\/v2\/types\/page"}],"author":[{"embeddable":true,"href":"https:\/\/sites.usp.br\/cibio\/wp-json\/wp\/v2\/users\/1"}],"replies":[{"embeddable":true,"href":"https:\/\/sites.usp.br\/cibio\/wp-json\/wp\/v2\/comments?post=62"}],"version-history":[{"count":4,"href":"https:\/\/sites.usp.br\/cibio\/wp-json\/wp\/v2\/pages\/62\/revisions"}],"predecessor-version":[{"id":184,"href":"https:\/\/sites.usp.br\/cibio\/wp-json\/wp\/v2\/pages\/62\/revisions\/184"}],"wp:attachment":[{"href":"https:\/\/sites.usp.br\/cibio\/wp-json\/wp\/v2\/media?parent=62"}],"curies":[{"name":"wp","href":"https:\/\/api.w.org\/{rel}","templated":true}]}}