{"id":253,"date":"2019-07-23T17:28:48","date_gmt":"2019-07-23T19:28:48","guid":{"rendered":"http:\/\/sites.usp.br\/ciclocuratorial\/?page_id=253"},"modified":"2020-11-12T18:49:30","modified_gmt":"2020-11-12T20:49:30","slug":"producao-academica","status":"publish","type":"page","link":"https:\/\/sites.usp.br\/ciclocuratorial\/producao-academica\/","title":{"rendered":"Produ\u00e7\u00e3o Acad\u00eamica"},"content":{"rendered":"<p>Publica\u00e7\u00f5es<br \/>\nPeri\u00f3dicos<br \/>\nLivros<br \/>\nAnais<\/p>\n<p>Eventos<br \/>\nOrganiza\u00e7\u00e3o de Eventos<\/p>\n<p>Exposi\u00e7\u00f5es<\/p>\n","protected":false},"excerpt":{"rendered":"<p>Publica\u00e7\u00f5es Peri\u00f3dicos Livros Anais Eventos Organiza\u00e7\u00e3o de Eventos Exposi\u00e7\u00f5es<\/p>\n","protected":false},"author":1,"featured_media":0,"parent":0,"menu_order":0,"comment_status":"closed","ping_status":"closed","template":"","meta":{"footnotes":"","_links_to":"","_links_to_target":""},"class_list":["post-253","page","type-page","status-publish","hentry"],"_links":{"self":[{"href":"https:\/\/sites.usp.br\/ciclocuratorial\/wp-json\/wp\/v2\/pages\/253","targetHints":{"allow":["GET"]}}],"collection":[{"href":"https:\/\/sites.usp.br\/ciclocuratorial\/wp-json\/wp\/v2\/pages"}],"about":[{"href":"https:\/\/sites.usp.br\/ciclocuratorial\/wp-json\/wp\/v2\/types\/page"}],"author":[{"embeddable":true,"href":"https:\/\/sites.usp.br\/ciclocuratorial\/wp-json\/wp\/v2\/users\/1"}],"replies":[{"embeddable":true,"href":"https:\/\/sites.usp.br\/ciclocuratorial\/wp-json\/wp\/v2\/comments?post=253"}],"version-history":[{"count":2,"href":"https:\/\/sites.usp.br\/ciclocuratorial\/wp-json\/wp\/v2\/pages\/253\/revisions"}],"predecessor-version":[{"id":570,"href":"https:\/\/sites.usp.br\/ciclocuratorial\/wp-json\/wp\/v2\/pages\/253\/revisions\/570"}],"wp:attachment":[{"href":"https:\/\/sites.usp.br\/ciclocuratorial\/wp-json\/wp\/v2\/media?parent=253"}],"curies":[{"name":"wp","href":"https:\/\/api.w.org\/{rel}","templated":true}]}}