{"id":291,"date":"2019-07-23T18:59:37","date_gmt":"2019-07-23T20:59:37","guid":{"rendered":"http:\/\/sites.usp.br\/ciclocuratorial\/?page_id=291"},"modified":"2020-08-17T14:55:24","modified_gmt":"2020-08-17T16:55:24","slug":"mae-usp","status":"publish","type":"page","link":"https:\/\/sites.usp.br\/ciclocuratorial\/instituicoes\/mae-usp\/","title":{"rendered":"MAE USP"},"content":{"rendered":"<p><strong>Museu de Arqueologia e Etnologia da Universidade de S\u00e3o Paulo <\/strong><\/p>\n<p>O Museu de Arqueologia e Etnologia da USP re\u00fane expressivo acervo relativo \u00e0s sociedades ind\u00edgenas do per\u00edodo pr\u00e9-colonial e do presente, de sociedades africanas e afro-brasileiras e do mediterr\u00e2neo e m\u00e9dio oriente na antiguidade.<\/p>\n<p>Al\u00e9m disso, realiza pesquisa de car\u00e1ter museol\u00f3gico nas \u00e1reas de salvaguarda<br \/>\ne comunica\u00e7\u00e3o museol\u00f3gica. O MAE-USP oferece tamb\u00e9m dois cursos de p\u00f3s-<br \/>\ngradua\u00e7\u00e3o, sendo um em Arqueologia (Mestrado e Doutorado), al\u00e9m de<br \/>\nintegrar o Programa Interunidades em Museologia da USP. Por meio de seu<br \/>\nSetor Educativo vem atuando com diferentes comunidades e projetos de<br \/>\nalcance social.<\/p>\n<p>Saiba mais: <a href=\"http:\/\/mae.usp.br\/\" target=\"_blank\" rel=\"noopener noreferrer\">http:\/\/mae.usp.br\/<\/a><\/p>\n","protected":false},"excerpt":{"rendered":"<p>Museu de Arqueologia e Etnologia da Universidade de S\u00e3o Paulo O Museu de Arqueologia e Etnologia da USP re\u00fane expressivo acervo relativo \u00e0s sociedades ind\u00edgenas do per\u00edodo pr\u00e9-colonial e do presente, de sociedades africanas e afro-brasileiras e do mediterr\u00e2neo e &hellip; <a href=\"https:\/\/sites.usp.br\/ciclocuratorial\/instituicoes\/mae-usp\/\">Continue reading <span class=\"meta-nav\">&rarr;<\/span><\/a><\/p>\n","protected":false},"author":1,"featured_media":0,"parent":244,"menu_order":0,"comment_status":"closed","ping_status":"closed","template":"","meta":{"footnotes":"","_links_to":"","_links_to_target":""},"class_list":["post-291","page","type-page","status-publish","hentry"],"_links":{"self":[{"href":"https:\/\/sites.usp.br\/ciclocuratorial\/wp-json\/wp\/v2\/pages\/291","targetHints":{"allow":["GET"]}}],"collection":[{"href":"https:\/\/sites.usp.br\/ciclocuratorial\/wp-json\/wp\/v2\/pages"}],"about":[{"href":"https:\/\/sites.usp.br\/ciclocuratorial\/wp-json\/wp\/v2\/types\/page"}],"author":[{"embeddable":true,"href":"https:\/\/sites.usp.br\/ciclocuratorial\/wp-json\/wp\/v2\/users\/1"}],"replies":[{"embeddable":true,"href":"https:\/\/sites.usp.br\/ciclocuratorial\/wp-json\/wp\/v2\/comments?post=291"}],"version-history":[{"count":3,"href":"https:\/\/sites.usp.br\/ciclocuratorial\/wp-json\/wp\/v2\/pages\/291\/revisions"}],"predecessor-version":[{"id":419,"href":"https:\/\/sites.usp.br\/ciclocuratorial\/wp-json\/wp\/v2\/pages\/291\/revisions\/419"}],"up":[{"embeddable":true,"href":"https:\/\/sites.usp.br\/ciclocuratorial\/wp-json\/wp\/v2\/pages\/244"}],"wp:attachment":[{"href":"https:\/\/sites.usp.br\/ciclocuratorial\/wp-json\/wp\/v2\/media?parent=291"}],"curies":[{"name":"wp","href":"https:\/\/api.w.org\/{rel}","templated":true}]}}