{"id":565,"date":"2020-11-12T18:32:38","date_gmt":"2020-11-12T20:32:38","guid":{"rendered":"http:\/\/sites.usp.br\/ciclocuratorial\/?page_id=565"},"modified":"2020-11-12T18:40:01","modified_gmt":"2020-11-12T20:40:01","slug":"livros","status":"publish","type":"page","link":"https:\/\/sites.usp.br\/ciclocuratorial\/producao-academica\/publicacoes\/livros\/","title":{"rendered":"Livros"},"content":{"rendered":"<p><strong>Cap\u00edtulos de livros publicados<\/strong><\/p>\n<p>BORREGO, Maria Aparecida de Menezes. Pousos, feitorias e varadouros na configura\u00e7\u00e3o territorial da Am\u00e9rica portuguesa. In: MONTEIRO, Rodrigo Bentes; MEGIANI, Ana Paula (Orgs.). Livro em homenagem a Laura de Mello e Souza. Rio de Janeiro: Ouro sobre Azul, [2020]. No prelo.<\/p>\n<p>BORREGO, Maria Aparecida de Menezes; BORTOLLETO, Anna Beatriz Corr\u00eaa. Os neg\u00f3cios dos comerciantes no oeste da capitania de S\u00e3o Paulo. In: COSTA, Wilma Peres et al. (orgs.). S\u00e3o Paulo: constru\u00e7\u00f5es e desconstru\u00e7\u00f5es. Guarulhos: Unifesp, 2018.<\/p>\n<p>BORREGO, Maria Aparecida de Menezes; SANTOS, Jo\u00e3o Carlos C\u00e2ndido Silva Libardi. As cargas das canoas: alimentos e artefatos na rota das mon\u00e7\u00f5es. In: ALGRANTI, Leila Mezan; MACEDO, Sidiana Ferreira (Orgs.). Hist\u00f3ria e Alimenta\u00e7\u00e3o no Brasil de Norte a Sul. Bel\u00e9m: Paka-Tatu, 2020.<\/p>\n<p>CARVALHO, V\u00e2nia Carneiro de. As esculturas inspiradas na vida galante: um exerc\u00edcio de an\u00e1lise. In: BRITO, Fl\u00e1via; MELLO, Joana; LIRA, Jos\u00e9; RUBINO, Silvana. (Orgs.). Domesticidade, g\u00eanero e cultura material. S\u00e3o Paulo: CPC\/EDUSP, 2017. p. 253-273.<\/p>\n<p>COSTA, Helouise. Educar para o moderno: entre a biblioteca e o museu. In: MUSEU DE ARTE MODERNA DE S\u00c3O PAULO. MAM 70: 1948-2018: Museu de Arte Moderna de S\u00e3o Paulo, Museu de Arte Contempor\u00e2nea da Universidade de S\u00e3o Paulo. S\u00e3o Paulo, 2018. p. 42-54. Dispon\u00edvel em: https:\/\/mam.org.br\/wp-content\/uploads\/2018\/09\/MAM70_CATALOGO_Completo_baixa-1.pdf<\/p>\n<p>COSTA, Helouise. Os estudos fotogr\u00e1ficos de Thomaz Farkas: 70 anos de uma exposi\u00e7\u00e3o singular\u201d. In: FARKAS, Kiko (Ed.). Estudos fotogr\u00e1ficos, Thomaz Farkas: 1949-2019. S\u00e3o Paulo: Instituto Olga Kos, 2018. p. 36-63. Impresso no final de 2018 e disponibilizado em 2019.<\/p>\n<p>COSTA, Helouise. Metamorfoses da fotografia. In: MUSEU DE ARTE MODERNA DE S\u00c3O PAULO. MAM 70: 1948-2018: Museu de Arte Moderna de S\u00e3o Paulo, Museu de Arte Contempor\u00e2nea da Universidade de S\u00e3o Paulo. S\u00e3o Paulo, 2018. p. 61-70. Dispon\u00edvel em: https:\/\/mam.org.br\/wp-content\/uploads\/2018\/09\/MAM70_CATALOGO_Completo_baixa-1.pdf<\/p>\n<p>LIMA, Solange Ferraz de. A cidade e os ornamentos. In: DI MAURO, F\u00e1bio; PELLICCIOTA, Mirza (Orgs). Edifica\u00e7\u00f5es no Tempo: olhares sobre a conserva\u00e7\u00e3o. S\u00e3o Paulo: Museu de Arte Sacra, 2019. p. 100-109.<\/p>\n<p>MACIEL, A. C. M. D.. Pref\u00e1cio. BARROSO, V. L. M. B. (Org.). Encontro de mem\u00f3rias. Porto Alegre: ISCMPA, 2018. p. 13. Dispon\u00edvel em: https:\/\/www.chcsantacasa.org.br\/wp-content\/uploads\/2018\/05\/e-book.pdf<\/p>\n<p>MACIEL, A. C. M. D.. Pref\u00e1cio. BARROSO, V. L. M. B. (Org.). Hist\u00f3ria oral: democracia, direitos e diversidade. Porto Alegre: ISCMPA, 2018.<\/p>\n<p>MACIEL, A. C. M. D.. Eliane Lage: a falling star in the skies of the tropics. In: BERGFELDER, T.; SHAW, L.: VIEIRA, J. L. (Eds.). Stars and stardom in brazilian cinema. New York: Berghahn, 2017. p. 128-143.<\/p>\n<p>MAGALH\u00c3ES, A. G.. Expor e colecionar: a forma\u00e7\u00e3o de acervos de arte moderna e contempor\u00e2nea entre o MAM e o MAC USP. In: MUSEU DE ARTE MODERNA DE S\u00c3O PAULO. MAM 70: 1948-2018: Museu de Arte Moderna de S\u00e3o Paulo, Museu de Arte Contempor\u00e2nea da Universidade de S\u00e3o Paulo. S\u00e3o Paulo, 2018. p. 25-40. Dispon\u00edvel em: https:\/\/mam.org.br\/wp-content\/uploads\/2018\/09\/MAM70_CATALOGO_Completo_baixa-1.pdf<\/p>\n<p>MAGALH\u00c3ES, A. G.. Modigliani \u201cdegenerado e sua recep\u00e7\u00e3o entre a It\u00e1lia e o Brasil\u201d. In: COSTA, Helouise; RINCON, Daniel (Orgs.). Anais do Semin\u00e1rio Internacional Arte Degenerada, 80 Anos: Repercuss\u00f5es no Brasil. S\u00e3o Paulo: Museu de Arte Contempor\u00e2nea da Universidade de S\u00e3o Paulo, 2018. p. 148-163. Dispon\u00edvel em: https:\/\/repositorio.usp.br\/item\/002988537<\/p>\n<p>MAGALH\u00c3ES, A. G. (Org.). Um outro acervo do MAC USP: pr\u00eamios-aquisi\u00e7\u00e3o da Bienal de S\u00e3o Paulo, 1951-1963. S\u00e3o Paulo: Museu de Arte Contempor\u00e2nea da Universidade de S\u00e3o Paulo, 2018.<\/p>\n<p>MAGALH\u00c3ES, A. G.. Verbetes sobre Tarsila do Amaral, Emiliano Di Cavalcanti, Francisco Matarazzo Sobrinho, H\u00e9lio Oiticica e a Revista Klaxon. In: ENCICLOPEDIA dell\u2019arte contemporanea. Roma: Istituto dell\u2019Enciclopedia Treccani, [2018]. No prelo.<\/p>\n<p>MAGALH\u00c3ES, A. G.. O Atelier 17 no tr\u00f3pico de Capric\u00f3rnio. O Museu de Arte Moderna (MAM), a Bienal de S\u00e3o Paulo e a Gravura Norte Americana da Perspectiva no Brasil. In: TOLEDO, C. R.; MAGALH\u00c3ES, A. G.; BROWNLEE, P. J. (Orgs.). Atelier 17 e a Gravura Moderna nas Am\u00e9ricas. S\u00e3o Paulo: Museu de Arte Contempor\u00e2nea da Universidade de S\u00e3o Paulo, 2019. Edi\u00e7\u00e3o Bil\u00edngue: portugu\u00eas\/ingl\u00eas. p. 10-19.<\/p>\n<p>MAGALH\u00c3ES, A. G.. Cesar Baldaccini. In: CHIARELLI, T. (Org.) Acervo: outras abordagens. 2. ed. S\u00e3o Paulo: Museu de Arte Contempor\u00e2nea da Universidade de S\u00e3o Paulo, 2019. v. 2. p.18-20. (MAC Essencial, v. 2). Dispon\u00edvel em: http:\/\/www.livrosabertos.sibi.usp.br\/portaldelivrosUSP\/catalog\/book\/380<\/p>\n<p>MAGALH\u00c3ES, A. G.. Como a Bienal ajudou o Brasil a formar o seu primeiro acervo de arte moderna internacional. In: MAGALH\u00c3ES, A. G. (Org.). Um outro acervo do MAC USP. S\u00e3o Paulo: Museu de Arte Contempor\u00e2nea da Universidade de S\u00e3o Paulo, 2019. p. 9-19. (MAC Essencial, v. 7). Dispon\u00edvel em: http:\/\/www.livrosabertos.sibi.usp.br\/portaldelivrosUSP\/catalog\/book\/354<\/p>\n<p>MAGALH\u00c3ES, A. G.. Fritz Winter. In: CHIARELLI, T. (Org.) Acervo: outras abordagens. 2. ed. S\u00e3o Paulo: Museu de Arte Contempor\u00e2nea da Universidade de S\u00e3o Paulo, 2019. v. 2. p.118-120. (MAC Essencial, v. 2). Dispon\u00edvel em: http:\/\/www.livrosabertos.sibi.usp.br\/portaldelivrosUSP\/catalog\/book\/380<\/p>\n<p>MAGALH\u00c3ES, A. G.. Kurt Schwitters. In: CHIARELLI, T. (Org.) Acervo: outras abordagens. 2. ed. S\u00e3o Paulo: Museu de Arte Contempor\u00e2nea da Universidade de S\u00e3o Paulo, 2019. v. 2. p.108-109. (MAC Essencial, v. 2). Dispon\u00edvel em: http:\/\/www.livrosabertos.sibi.usp.br\/portaldelivrosUSP\/catalog\/book\/380<\/p>\n<p><strong>Livros publicados<\/strong><\/p>\n<p>COSTA, Helouise. Fronteiras incertas: arte e fotografia no acervo do MAC USP (1963-1978). S\u00e3o Paulo: Museu de Arte Contempor\u00e2nea da Universidade de S\u00e3o Paulo, 2019. (MAC Essencial, v. 8). Dispon\u00edvel em: http:\/\/www.livrosabertos.sibi.usp.br\/portaldelivrosUSP\/catalog\/book\/355<\/p>\n<p>MAGALH\u00c3ES, A. G.. Classicismo, realismo, vanguarda: pintura italiana no entreguerras. S\u00e3o Paulo: Museu de Arte Contempor\u00e2nea da Universidade de S\u00e3o Paulo, 2019. (MAC Essencial, v. 13). Dispon\u00edvel em: http:\/\/www.livrosabertos.sibi.usp.br\/portaldelivrosUSP\/catalog\/book\/375<\/p>\n<p>MAGALH\u00c3ES, A. G.. Um outro acervo do MAC USP. S\u00e3o Paulo: Museu de Arte Contempor\u00e2nea da Universidade de S\u00e3o Paulo, 2019. (MAC Essencial, v. 7). Dispon\u00edvel em: http:\/\/www.livrosabertos.sibi.usp.br\/portaldelivrosUSP\/catalog\/book\/354<\/p>\n<p>MAGALH\u00c3ES, A. G.; TOLEDO, C. R.; BROWNLEE, P. J.. Atelier 17 and Modern Printmaking in the Americas. S\u00e3o Paulo: Museu de Arte Contempor\u00e2nea da Universidade de S\u00e3o Paulo, 2019. (MAC Essencial, v. 16). Dispon\u00edvel em: http:\/\/www.livrosabertos.sibi.usp.br\/portaldelivrosUSP\/catalog\/book\/379<\/p>\n<p>MAGALH\u00c3ES, A. G.; TOLEDO, C. R.; BROWNLEE, P. J.. Atelier 17 e a gravura moderna nas Am\u00e9ricas. S\u00e3o Paulo: Museu de Arte Contempor\u00e2nea da Universidade de S\u00e3o Paulo, 2019. (MAC Essencial, v. 15). Dispon\u00edvel em: http:\/\/www.livrosabertos.sibi.usp.br\/portaldelivrosUSP\/catalog\/book\/378<\/p>\n<p><strong>Livros publicados com membros da equipe como autor, organizador ou editor<\/strong><\/p>\n<p>COSTA, Helouise; RINCON, Daniel (Orgs.). Arte Degenerada, 80 anos: repercuss\u00f5es no Brasil. S\u00e3o Paulo: Museu de Arte Contempor\u00e2nea da Universidade de S\u00e3o Paulo, 2019. (MAC Essencial, v. 17). Dispon\u00edvel em: http:\/\/www.livrosabertos.sibi.usp.br\/portaldelivrosUSP\/catalog\/book\/381<\/p>\n<p>MAGALH\u00c3ES, A. G. (Org.). Semin\u00e1rio Internacional Arquivos de Museus e Pesquisa, 5.: pol\u00edticas de acervo: coleta, preserva\u00e7\u00e3o, descarte. S\u00e3o Paulo: Museu de Arte Contempor\u00e2nea da Universidade de S\u00e3o Paulo, 2018. Dispon\u00edvel em: http:\/\/www.mac.usp.br\/mac\/conteudo\/academico\/publicacoes\/anais\/anais_V_seminario.pdf<\/p>\n<p>MAGALH\u00c3ES, A. G.; COSTA, H.. Novas aquisi\u00e7\u00f5es do Acervo MAC USP. S\u00e3o Paulo: Museu de Arte Contempor\u00e2nea da Universidade de S\u00e3o Paulo, 2019. (MAC Essencial, v. 12). Dispon\u00edvel em: http:\/\/www.livrosabertos.sibi.usp.br\/portaldelivrosUSP\/catalog\/book\/359<\/p>\n<p>MAGALH\u00c3ES, A. G.; COSTA, H.; LEITE, E. (Orgs.). Guia do Acervo MAC USP. S\u00e3o Paulo: Museu de Arte Contempor\u00e2nea da Universidade de S\u00e3o Paulo, 2019. (MAC Essencial, v. 11). Dispon\u00edvel em: http:\/\/www.livrosabertos.sibi.usp.br\/portaldelivrosUSP\/catalog\/book\/358<\/p>\n","protected":false},"excerpt":{"rendered":"<p>Cap\u00edtulos de livros publicados BORREGO, Maria Aparecida de Menezes. Pousos, feitorias e varadouros na configura\u00e7\u00e3o territorial da Am\u00e9rica portuguesa. In: MONTEIRO, Rodrigo Bentes; MEGIANI, Ana Paula (Orgs.). Livro em homenagem a Laura de Mello e Souza. Rio de Janeiro: Ouro &hellip; <a href=\"https:\/\/sites.usp.br\/ciclocuratorial\/producao-academica\/publicacoes\/livros\/\">Continue reading <span class=\"meta-nav\">&rarr;<\/span><\/a><\/p>\n","protected":false},"author":1,"featured_media":0,"parent":511,"menu_order":2,"comment_status":"closed","ping_status":"closed","template":"","meta":{"footnotes":"","_links_to":"","_links_to_target":""},"class_list":["post-565","page","type-page","status-publish","hentry"],"_links":{"self":[{"href":"https:\/\/sites.usp.br\/ciclocuratorial\/wp-json\/wp\/v2\/pages\/565","targetHints":{"allow":["GET"]}}],"collection":[{"href":"https:\/\/sites.usp.br\/ciclocuratorial\/wp-json\/wp\/v2\/pages"}],"about":[{"href":"https:\/\/sites.usp.br\/ciclocuratorial\/wp-json\/wp\/v2\/types\/page"}],"author":[{"embeddable":true,"href":"https:\/\/sites.usp.br\/ciclocuratorial\/wp-json\/wp\/v2\/users\/1"}],"replies":[{"embeddable":true,"href":"https:\/\/sites.usp.br\/ciclocuratorial\/wp-json\/wp\/v2\/comments?post=565"}],"version-history":[{"count":2,"href":"https:\/\/sites.usp.br\/ciclocuratorial\/wp-json\/wp\/v2\/pages\/565\/revisions"}],"predecessor-version":[{"id":567,"href":"https:\/\/sites.usp.br\/ciclocuratorial\/wp-json\/wp\/v2\/pages\/565\/revisions\/567"}],"up":[{"embeddable":true,"href":"https:\/\/sites.usp.br\/ciclocuratorial\/wp-json\/wp\/v2\/pages\/511"}],"wp:attachment":[{"href":"https:\/\/sites.usp.br\/ciclocuratorial\/wp-json\/wp\/v2\/media?parent=565"}],"curies":[{"name":"wp","href":"https:\/\/api.w.org\/{rel}","templated":true}]}}