{"id":41,"date":"2023-02-24T13:28:57","date_gmt":"2023-02-24T16:28:57","guid":{"rendered":"https:\/\/sites.usp.br\/circular\/?page_id=41"},"modified":"2023-03-02T09:34:46","modified_gmt":"2023-03-02T12:34:46","slug":"o-tema","status":"publish","type":"page","link":"https:\/\/sites.usp.br\/circular\/o-tema\/","title":{"rendered":"Tema da jornada"},"content":{"rendered":"<p>A constru\u00e7\u00e3o civil exerce press\u00e3o sobre os recursos naturais e seu papel na transi\u00e7\u00e3o para uma economia circular \u00e9 fundamental. A economia circular (EC) \u00e9 um modelo que permite repensar as pr\u00e1ticas econ\u00f4micas da sociedade e oferece a oportunidade de reduzir o uso de recursos, por meio de estrat\u00e9gias que substituem o fim da vida, como redu\u00e7\u00e3o, reutiliza\u00e7\u00e3o e reciclagem de materiais nos processos de produ\u00e7\u00e3o\/distribui\u00e7\u00e3o e consumo (Figura 1). A ado\u00e7\u00e3o da economia circular \u00e9 um pr\u00e9-requisito para a sustentabilidade!<\/p>\n<p>&nbsp;<\/p>\n<p><img fetchpriority=\"high\" decoding=\"async\" class=\"aligncenter wp-image-180 size-full\" src=\"https:\/\/sites.usp.br\/circular\/wp-content\/uploads\/sites\/1263\/2023\/03\/ec-el.jpg\" alt=\"\" width=\"1204\" height=\"425\" srcset=\"https:\/\/sites.usp.br\/circular\/wp-content\/uploads\/sites\/1263\/2023\/03\/ec-el.jpg 1204w, https:\/\/sites.usp.br\/circular\/wp-content\/uploads\/sites\/1263\/2023\/03\/ec-el-300x106.jpg 300w, https:\/\/sites.usp.br\/circular\/wp-content\/uploads\/sites\/1263\/2023\/03\/ec-el-1024x361.jpg 1024w, https:\/\/sites.usp.br\/circular\/wp-content\/uploads\/sites\/1263\/2023\/03\/ec-el-768x271.jpg 768w, https:\/\/sites.usp.br\/circular\/wp-content\/uploads\/sites\/1263\/2023\/03\/ec-el-1200x425.jpg 1200w\" sizes=\"(max-width: 1204px) 100vw, 1204px\" \/><\/p>\n<p style=\"text-align: center;\">Figura 1. Compara\u00e7\u00e3o entre os modelos econ\u00f4micos linear e circular.<\/p>\n<p>Em um contexto de EC, os modelos de neg\u00f3cios circulares (MNCs) interferem em uma combina\u00e7\u00e3o de proposta de valor, nas inter-rela\u00e7\u00f5es entre os elementos e nos valores associados \u00e0 rede, para encontrar solu\u00e7\u00f5es circulares baseadas na intensifica\u00e7\u00e3o, desmaterializa\u00e7\u00e3o, fechamento, estreitamento ou desacelera\u00e7\u00e3o de ciclos de recursos.<\/p>\n<p>A natureza sist\u00eamica da EC requer que o ecossistema e seus componentes mudem. Sua implanta\u00e7\u00e3o no setor \u00e9 limitada e s\u00e3o necess\u00e1rias maiores discuss\u00f5es sobre o tema para direcionar acad\u00eamicos, gestores e tomadores de decis\u00e3o na implanta\u00e7\u00e3o de ferramentas circulares ao longo da cadeia de valor da ind\u00fastria construtiva.<\/p>\n<p>E esse \u00e9 o objetivo desse evento! A Jornada: <strong>Circularidade no contexto da constru\u00e7\u00e3o de baixo carbono<\/strong> visa promover a discuss\u00e3o de novos modelos de neg\u00f3cios e entender onde a cria\u00e7\u00e3o de valor passa a ser circular dentro das cadeias construtivas. Perceber o potencial da circularidade requer nova abordagem de modelos de neg\u00f3cios para todos os aspectos da cadeia de valor e mudan\u00e7a no planejamento, no <em>design<\/em>, na tecnologia e nas abordagens econ\u00f4micas.<\/p>\n<p>Estamos falando de uma reestrutura\u00e7\u00e3o da cadeia construtiva, para vincular os princ\u00edpios e abordagens de <em>design <\/em>existentes e emergentes na constru\u00e7\u00e3o civil, de forma colaborativa e abrangente, definida n\u00e3o pela entrega de componentes individuais, mas pela funcionalidade circular de toda a cadeia de valor.<\/p>\n<h3><strong>Vamos circular essas ideias!<\/strong><\/h3>\n","protected":false},"excerpt":{"rendered":"<p>A constru\u00e7\u00e3o civil exerce press\u00e3o sobre os recursos naturais e seu papel na transi\u00e7\u00e3o para uma economia circular \u00e9 fundamental. A economia circular (EC) \u00e9 um modelo que permite repensar as pr\u00e1ticas econ\u00f4micas da sociedade e oferece a oportunidade de reduzir o uso de recursos, por meio de estrat\u00e9gias que substituem o fim da vida, [&hellip;]<\/p>\n","protected":false},"author":23464,"featured_media":0,"parent":0,"menu_order":0,"comment_status":"closed","ping_status":"closed","template":"","meta":{"ocean_post_layout":"","ocean_both_sidebars_style":"","ocean_both_sidebars_content_width":0,"ocean_both_sidebars_sidebars_width":0,"ocean_sidebar":"0","ocean_second_sidebar":"0","ocean_disable_margins":"enable","ocean_add_body_class":"","ocean_shortcode_before_top_bar":"","ocean_shortcode_after_top_bar":"","ocean_shortcode_before_header":"","ocean_shortcode_after_header":"","ocean_has_shortcode":"","ocean_shortcode_after_title":"","ocean_shortcode_before_footer_widgets":"","ocean_shortcode_after_footer_widgets":"","ocean_shortcode_before_footer_bottom":"","ocean_shortcode_after_footer_bottom":"","ocean_display_top_bar":"default","ocean_display_header":"default","ocean_header_style":"","ocean_center_header_left_menu":"0","ocean_custom_header_template":"0","ocean_custom_logo":0,"ocean_custom_retina_logo":0,"ocean_custom_logo_max_width":0,"ocean_custom_logo_tablet_max_width":0,"ocean_custom_logo_mobile_max_width":0,"ocean_custom_logo_max_height":0,"ocean_custom_logo_tablet_max_height":0,"ocean_custom_logo_mobile_max_height":0,"ocean_header_custom_menu":"0","ocean_menu_typo_font_family":"0","ocean_menu_typo_font_subset":"","ocean_menu_typo_font_size":0,"ocean_menu_typo_font_size_tablet":0,"ocean_menu_typo_font_size_mobile":0,"ocean_menu_typo_font_size_unit":"px","ocean_menu_typo_font_weight":"","ocean_menu_typo_font_weight_tablet":"","ocean_menu_typo_font_weight_mobile":"","ocean_menu_typo_transform":"","ocean_menu_typo_transform_tablet":"","ocean_menu_typo_transform_mobile":"","ocean_menu_typo_line_height":0,"ocean_menu_typo_line_height_tablet":0,"ocean_menu_typo_line_height_mobile":0,"ocean_menu_typo_line_height_unit":"","ocean_menu_typo_spacing":0,"ocean_menu_typo_spacing_tablet":0,"ocean_menu_typo_spacing_mobile":0,"ocean_menu_typo_spacing_unit":"","ocean_menu_link_color":"","ocean_menu_link_color_hover":"","ocean_menu_link_color_active":"","ocean_menu_link_background":"","ocean_menu_link_hover_background":"","ocean_menu_link_active_background":"","ocean_menu_social_links_bg":"","ocean_menu_social_hover_links_bg":"","ocean_menu_social_links_color":"","ocean_menu_social_hover_links_color":"","ocean_disable_title":"default","ocean_disable_heading":"default","ocean_post_title":"","ocean_post_subheading":"","ocean_post_title_style":"","ocean_post_title_background_color":"","ocean_post_title_background":0,"ocean_post_title_bg_image_position":"","ocean_post_title_bg_image_attachment":"","ocean_post_title_bg_image_repeat":"","ocean_post_title_bg_image_size":"","ocean_post_title_height":0,"ocean_post_title_bg_overlay":0.5,"ocean_post_title_bg_overlay_color":"","ocean_disable_breadcrumbs":"default","ocean_breadcrumbs_color":"","ocean_breadcrumbs_separator_color":"","ocean_breadcrumbs_links_color":"","ocean_breadcrumbs_links_hover_color":"","ocean_display_footer_widgets":"default","ocean_display_footer_bottom":"default","ocean_custom_footer_template":"0","footnotes":"","_links_to":"","_links_to_target":""},"class_list":["post-41","page","type-page","status-publish","hentry","entry"],"_links":{"self":[{"href":"https:\/\/sites.usp.br\/circular\/wp-json\/wp\/v2\/pages\/41","targetHints":{"allow":["GET"]}}],"collection":[{"href":"https:\/\/sites.usp.br\/circular\/wp-json\/wp\/v2\/pages"}],"about":[{"href":"https:\/\/sites.usp.br\/circular\/wp-json\/wp\/v2\/types\/page"}],"author":[{"embeddable":true,"href":"https:\/\/sites.usp.br\/circular\/wp-json\/wp\/v2\/users\/23464"}],"replies":[{"embeddable":true,"href":"https:\/\/sites.usp.br\/circular\/wp-json\/wp\/v2\/comments?post=41"}],"version-history":[{"count":4,"href":"https:\/\/sites.usp.br\/circular\/wp-json\/wp\/v2\/pages\/41\/revisions"}],"predecessor-version":[{"id":181,"href":"https:\/\/sites.usp.br\/circular\/wp-json\/wp\/v2\/pages\/41\/revisions\/181"}],"wp:attachment":[{"href":"https:\/\/sites.usp.br\/circular\/wp-json\/wp\/v2\/media?parent=41"}],"curies":[{"name":"wp","href":"https:\/\/api.w.org\/{rel}","templated":true}]}}