{"id":218,"date":"2017-04-11T02:12:27","date_gmt":"2017-04-11T04:12:27","guid":{"rendered":"http:\/\/sites.usp.br\/climatologia\/?page_id=218"},"modified":"2017-04-11T18:43:17","modified_gmt":"2017-04-11T20:43:17","slug":"localizacao","status":"publish","type":"page","link":"https:\/\/sites.usp.br\/climatologia\/localizacao\/","title":{"rendered":"Localiza\u00e7\u00e3o"},"content":{"rendered":"<p><span style=\"color: #000000\">O Centro de Recursos H\u00eddricos e Estudos Ambientais &#8211; CRHEA localiza-se na Rodovia Domingos Innocentini, Km 12,5 no Munic\u00edpio de Itirapina-SP \u00e0s margens da Represa do Lobo (Broa).<\/span><\/p>\n<p>Google Maps:\u00a0<a href=\"https:\/\/goo.gl\/maps\/GQabHYdmUiK2\" target=\"_blank\">https:\/\/goo.gl\/maps\/GQabHYdmUiK2<\/a><\/p>\n<p>&nbsp;<\/p>\n<p><a href=\"http:\/\/sites.usp.br\/climatologia\/wp-content\/uploads\/sites\/267\/2017\/04\/mapa.png\"><img loading=\"lazy\" decoding=\"async\" class=\"aligncenter wp-image-257 size-full\" src=\"http:\/\/sites.usp.br\/climatologia\/wp-content\/uploads\/sites\/267\/2017\/04\/mapa.png\" alt=\"mapa crhea\" width=\"800\" height=\"514\" srcset=\"https:\/\/sites.usp.br\/climatologia\/wp-content\/uploads\/sites\/267\/2017\/04\/mapa.png 800w, https:\/\/sites.usp.br\/climatologia\/wp-content\/uploads\/sites\/267\/2017\/04\/mapa-300x193.png 300w, https:\/\/sites.usp.br\/climatologia\/wp-content\/uploads\/sites\/267\/2017\/04\/mapa-400x257.png 400w\" sizes=\"auto, (max-width: 800px) 100vw, 800px\" \/><\/a><\/p>\n<p>&nbsp;<\/p>\n","protected":false},"excerpt":{"rendered":"<p>O Centro de Recursos H\u00eddricos e Estudos Ambientais &#8211; CRHEA localiza-se na Rodovia Domingos Innocentini, Km 12,5 no Munic\u00edpio de&#46;&#46;&#46;<\/p>\n","protected":false},"author":460,"featured_media":0,"parent":0,"menu_order":0,"comment_status":"closed","ping_status":"closed","template":"","meta":{"footnotes":"","_links_to":"","_links_to_target":""},"class_list":["post-218","page","type-page","status-publish","hentry"],"_links":{"self":[{"href":"https:\/\/sites.usp.br\/climatologia\/wp-json\/wp\/v2\/pages\/218","targetHints":{"allow":["GET"]}}],"collection":[{"href":"https:\/\/sites.usp.br\/climatologia\/wp-json\/wp\/v2\/pages"}],"about":[{"href":"https:\/\/sites.usp.br\/climatologia\/wp-json\/wp\/v2\/types\/page"}],"author":[{"embeddable":true,"href":"https:\/\/sites.usp.br\/climatologia\/wp-json\/wp\/v2\/users\/460"}],"replies":[{"embeddable":true,"href":"https:\/\/sites.usp.br\/climatologia\/wp-json\/wp\/v2\/comments?post=218"}],"version-history":[{"count":6,"href":"https:\/\/sites.usp.br\/climatologia\/wp-json\/wp\/v2\/pages\/218\/revisions"}],"predecessor-version":[{"id":258,"href":"https:\/\/sites.usp.br\/climatologia\/wp-json\/wp\/v2\/pages\/218\/revisions\/258"}],"wp:attachment":[{"href":"https:\/\/sites.usp.br\/climatologia\/wp-json\/wp\/v2\/media?parent=218"}],"curies":[{"name":"wp","href":"https:\/\/api.w.org\/{rel}","templated":true}]}}