{"id":1211,"date":"2021-09-15T14:54:28","date_gmt":"2021-09-15T16:54:28","guid":{"rendered":"https:\/\/sites.usp.br\/codage\/?page_id=1211"},"modified":"2022-04-28T13:04:36","modified_gmt":"2022-04-28T15:04:36","slug":"circulares-2020","status":"publish","type":"page","link":"https:\/\/sites.usp.br\/codage\/comunicados\/circular-codage\/circulares-2020\/","title":{"rendered":"Circulares 2020"},"content":{"rendered":"<p><a href=\"https:\/\/sites.usp.br\/codage\/wp-content\/uploads\/sites\/264\/2021\/09\/CODAGE-CIRC-007_2020-consolidacao-do-BH-do-ACT-19-20.pdf\">CODAGE CIRC 007_2020<\/a> (Prorroga\u00e7\u00e3o prazo Acordo Coletivo 2019-20200<\/p>\n<p><a href=\"https:\/\/sites.usp.br\/codage\/wp-content\/uploads\/sites\/264\/2021\/09\/CODAGE-CIRC-005_2020.pdf\">CODAGE CIRC 005_2020<\/a> (Defini\u00e7\u00f5es e f\u00f3rmulas c\u00e1lculos taxas USP &#8211; Conv\u00eanios de Pesquisa &#8211; Resolu\u00e7\u00e3o USP 7290\/16)<\/p>\n<p><a href=\"https:\/\/sites.usp.br\/codage\/wp-content\/uploads\/sites\/264\/2021\/09\/CODAGE-CIRC-003_2020-Orientacoes-Frequencia-23-03-a-22-04-20.pdf\">CODAGE CIRC 003_2020<\/a> (Orienta\u00e7\u00f5es tratamento frequ\u00eancia 23\/03 a 22\/04\/2020 &#8211; per\u00edodo quarentena Covid-19)<\/p>\n<p><a href=\"https:\/\/sites.usp.br\/codage\/wp-content\/uploads\/sites\/264\/2021\/09\/CODAGE-CIRC-002_2020.pdf\">CODAGE CIRC 002_2020 <\/a>(Recomenda\u00e7\u00f5es sobre funcion\u00e1rios terceirizados, preven\u00e7\u00e3o cont\u00e1gio Covid-19)<\/p>\n","protected":false},"excerpt":{"rendered":"<p>CODAGE CIRC 007_2020 (Prorroga\u00e7\u00e3o prazo Acordo Coletivo 2019-20200 CODAGE CIRC 005_2020 (Defini\u00e7\u00f5es e f\u00f3rmulas c\u00e1lculos taxas USP &#8211; Conv\u00eanios de Pesquisa &#8211; Resolu\u00e7\u00e3o USP 7290\/16) CODAGE CIRC 003_2020 (Orienta\u00e7\u00f5es tratamento frequ\u00eancia 23\/03 a 22\/04\/2020&#46;&#46;&#46;<\/p>\n","protected":false},"author":70,"featured_media":0,"parent":540,"menu_order":4,"comment_status":"closed","ping_status":"closed","template":"","meta":{"footnotes":"","_links_to":"","_links_to_target":""},"class_list":["post-1211","page","type-page","status-publish","hentry"],"_links":{"self":[{"href":"https:\/\/sites.usp.br\/codage\/wp-json\/wp\/v2\/pages\/1211","targetHints":{"allow":["GET"]}}],"collection":[{"href":"https:\/\/sites.usp.br\/codage\/wp-json\/wp\/v2\/pages"}],"about":[{"href":"https:\/\/sites.usp.br\/codage\/wp-json\/wp\/v2\/types\/page"}],"author":[{"embeddable":true,"href":"https:\/\/sites.usp.br\/codage\/wp-json\/wp\/v2\/users\/70"}],"replies":[{"embeddable":true,"href":"https:\/\/sites.usp.br\/codage\/wp-json\/wp\/v2\/comments?post=1211"}],"version-history":[{"count":4,"href":"https:\/\/sites.usp.br\/codage\/wp-json\/wp\/v2\/pages\/1211\/revisions"}],"predecessor-version":[{"id":1728,"href":"https:\/\/sites.usp.br\/codage\/wp-json\/wp\/v2\/pages\/1211\/revisions\/1728"}],"up":[{"embeddable":true,"href":"https:\/\/sites.usp.br\/codage\/wp-json\/wp\/v2\/pages\/540"}],"wp:attachment":[{"href":"https:\/\/sites.usp.br\/codage\/wp-json\/wp\/v2\/media?parent=1211"}],"curies":[{"name":"wp","href":"https:\/\/api.w.org\/{rel}","templated":true}]}}