{"id":2079,"date":"2023-02-09T13:15:36","date_gmt":"2023-02-09T15:15:36","guid":{"rendered":"https:\/\/sites.usp.br\/codage\/?page_id=2079"},"modified":"2023-11-06T15:03:36","modified_gmt":"2023-11-06T17:03:36","slug":"2023-2","status":"publish","type":"page","link":"https:\/\/sites.usp.br\/codage\/comunicados\/circular-codage\/2023-2\/","title":{"rendered":"Circulares 2023"},"content":{"rendered":"<p><a href=\"https:\/\/sites.usp.br\/codage\/wp-content\/uploads\/sites\/264\/2023\/11\/CIRC-CODAGE-10_2023.pdf\">CIRC CODAGE 10_2023<\/a> (Estabelece datas para reuni\u00f5es referentes \u00e0 elabora\u00e7\u00e3o da Proposta Or\u00e7ament\u00e1ria 2024)<\/p>\n<p><a href=\"https:\/\/sites.usp.br\/codage\/wp-content\/uploads\/sites\/264\/2023\/11\/CIRC-CODAGE-09_2023.pdf\">CIRC CODAGE 09_2023<\/a> (Ratifica: prazo para compensa\u00e7\u00e3o do Banco de Horas per\u00edodo 01.10.202 a 30.09.2023 encerra-se em <strong>30.09.2023<\/strong>)<\/p>\n<p><a href=\"https:\/\/sites.usp.br\/codage\/wp-content\/uploads\/sites\/264\/2023\/11\/CIRC-CODAGE-04_2023.pdf\">CIRC CODAGE 04_2023<\/a> (Legalidade cumprimento mandatos eletivos de natureza estatut\u00e1ria e\/ou regimental de docentes e servidores aut\u00e1rquicos aposentados pela compuls\u00f3ria&#8230;)<\/p>\n<p><a href=\"https:\/\/sites.usp.br\/codage\/wp-content\/uploads\/sites\/264\/2023\/03\/CIRC-CODAGE-002_2023.pdf\">CIRC CODAGE 002_2023<\/a> (Atualiza\u00e7\u00e3o valores di\u00e1rias &#8211; Tabelas)<\/p>\n<p><a href=\"https:\/\/sites.usp.br\/codage\/wp-content\/uploads\/sites\/264\/2016\/05\/Oficio-CODAGE-CIRC-001_2023.pdf\">CIRC <\/a><a href=\"https:\/\/sites.usp.br\/codage\/wp-content\/uploads\/sites\/264\/2016\/05\/Oficio-CODAGE-CIRC-001_2023.pdf\">CODAGE<\/a><a href=\"https:\/\/sites.usp.br\/codage\/wp-content\/uploads\/sites\/264\/2016\/05\/Oficio-CODAGE-CIRC-001_2023.pdf\"> 001 2023<\/a> (Esclarecimentos relativos ao Aux\u00edlio Sa\u00fade USP &#8211; Resolu\u00e7\u00e3o n\u00ba 8.358\/2022)<\/p>\n<p>&nbsp;<\/p>\n","protected":false},"excerpt":{"rendered":"<p>CIRC CODAGE 10_2023 (Estabelece datas para reuni\u00f5es referentes \u00e0 elabora\u00e7\u00e3o da Proposta Or\u00e7ament\u00e1ria 2024) CIRC CODAGE 09_2023 (Ratifica: prazo para compensa\u00e7\u00e3o do Banco de Horas per\u00edodo 01.10.202 a 30.09.2023 encerra-se em 30.09.2023) CIRC CODAGE&#46;&#46;&#46;<\/p>\n","protected":false},"author":288,"featured_media":0,"parent":540,"menu_order":0,"comment_status":"closed","ping_status":"closed","template":"","meta":{"footnotes":"","_links_to":"","_links_to_target":""},"class_list":["post-2079","page","type-page","status-publish","hentry"],"_links":{"self":[{"href":"https:\/\/sites.usp.br\/codage\/wp-json\/wp\/v2\/pages\/2079","targetHints":{"allow":["GET"]}}],"collection":[{"href":"https:\/\/sites.usp.br\/codage\/wp-json\/wp\/v2\/pages"}],"about":[{"href":"https:\/\/sites.usp.br\/codage\/wp-json\/wp\/v2\/types\/page"}],"author":[{"embeddable":true,"href":"https:\/\/sites.usp.br\/codage\/wp-json\/wp\/v2\/users\/288"}],"replies":[{"embeddable":true,"href":"https:\/\/sites.usp.br\/codage\/wp-json\/wp\/v2\/comments?post=2079"}],"version-history":[{"count":5,"href":"https:\/\/sites.usp.br\/codage\/wp-json\/wp\/v2\/pages\/2079\/revisions"}],"predecessor-version":[{"id":2250,"href":"https:\/\/sites.usp.br\/codage\/wp-json\/wp\/v2\/pages\/2079\/revisions\/2250"}],"up":[{"embeddable":true,"href":"https:\/\/sites.usp.br\/codage\/wp-json\/wp\/v2\/pages\/540"}],"wp:attachment":[{"href":"https:\/\/sites.usp.br\/codage\/wp-json\/wp\/v2\/media?parent=2079"}],"curies":[{"name":"wp","href":"https:\/\/api.w.org\/{rel}","templated":true}]}}