{"id":358,"date":"2022-05-24T17:00:10","date_gmt":"2022-05-24T19:00:10","guid":{"rendered":"http:\/\/sites.usp.br\/codage\/?page_id=358"},"modified":"2026-03-17T15:34:37","modified_gmt":"2026-03-17T17:34:37","slug":"informativo-codage","status":"publish","type":"page","link":"https:\/\/sites.usp.br\/codage\/gestao-orcamentaria\/informativo-codage\/","title":{"rendered":"Informativo CODAGE"},"content":{"rendered":"<p>Informativo de periodicidade mensal criado com o objetivo de manter a comunidade universit\u00e1ria informada sobre o comportamento da arrecada\u00e7\u00e3o do ICMS e a evolu\u00e7\u00e3o do comprometimento dos recursos provenientes do Tesouro Estadual com os gastos de pessoal e seus reflexos.<\/p>\n<p>Acesse:<\/p>\n<h3>2026<\/h3>\n<ul>\n<li style=\"list-style-type: none\">\n<ul>\n<li><a href=\"http:\/\/sites.usp.br\/codage\/wp-content\/uploads\/sites\/264\/2026\/03\/Boletim-Codage-mar-26.pdf\">N\u00ba 110, Mar\/26<\/a><\/li>\n<li><a href=\"http:\/\/sites.usp.br\/codage\/wp-content\/uploads\/sites\/264\/2026\/01\/Boletim-Codage-Jan-26.pdf\">N\u00ba 109, Jan\/26<\/a><\/li>\n<\/ul>\n<\/li>\n<\/ul>\n<p>&nbsp;<\/p>\n<p>&nbsp;<\/p>\n<h3>2025<\/h3>\n<ul>\n<li><a href=\"https:\/\/sites.usp.br\/codage\/wp-content\/uploads\/sites\/264\/2025\/12\/Boletim_N108_Dez-25.pdf\">N\u00ba 108, Dez\/25<\/a><\/li>\n<li><a href=\"https:\/\/sites.usp.br\/codage\/wp-content\/uploads\/sites\/264\/2025\/11\/Boletim_N_107_Nov-25.pdf\">N\u00ba 107, Nov\/25<\/a><\/li>\n<li><a href=\"https:\/\/sites.usp.br\/codage\/wp-content\/uploads\/sites\/264\/2025\/09\/Boletim_N_106_Set-25.pdf\">N\u00ba 106, Set\/25<\/a><\/li>\n<li><a href=\"https:\/\/sites.usp.br\/codage\/wp-content\/uploads\/sites\/264\/2025\/08\/Boletim_105_Ago-25.pdf\">N\u00ba105, Ago\/25<\/a><\/li>\n<li><a href=\"https:\/\/sites.usp.br\/codage\/wp-content\/uploads\/sites\/264\/2025\/07\/Boletim_N_104_Jul-25.pdf\">N\u00ba 104 Jul-25<\/a><\/li>\n<li><a href=\"https:\/\/sites.usp.br\/codage\/wp-content\/uploads\/sites\/264\/2025\/06\/Boletim_N_103_Jun-25.pdf\">N\u00ba 103, Jun\/25<\/a><\/li>\n<li><a href=\"https:\/\/sites.usp.br\/codage\/wp-content\/uploads\/sites\/264\/2025\/05\/Boletim_N_102_Mai-25.pdf\">N\u00ba 102, Maio\/25<\/a><\/li>\n<li><a href=\"https:\/\/sites.usp.br\/codage\/wp-content\/uploads\/sites\/264\/2025\/04\/Boletim_N_101_Abr-25.pdf\">N\u00ba 101, Abr\/25<\/a><\/li>\n<li><a href=\"https:\/\/sites.usp.br\/codage\/wp-content\/uploads\/sites\/264\/2025\/03\/Boletim_N_100_Mar-25.pdf\">N\u00ba 100, Mar\/25<\/a><\/li>\n<li><a href=\"https:\/\/sites.usp.br\/codage\/wp-content\/uploads\/sites\/264\/2025\/02\/Boletim_N_99_Fev-25.pdf\">N\u00ba 99, Fev\/25<\/a><\/li>\n<li><a href=\"https:\/\/sites.usp.br\/codage\/wp-content\/uploads\/sites\/264\/2025\/01\/Boletim_N_98_Jan-25.pdf\">N\u00ba 98, Jan\/2<\/a><a href=\"https:\/\/sites.usp.br\/codage\/wp-content\/uploads\/sites\/264\/2025\/01\/Boletim_N_98_Jan-25.pdf\">5<\/a><\/li>\n<\/ul>\n<h3><\/h3>\n<h3>2024<\/h3>\n<ul>\n<li><a href=\"https:\/\/sites.usp.br\/codage\/wp-content\/uploads\/sites\/264\/2024\/12\/Boletim_N_97-dez-24.pdf\">N\u00ba 97, dez\/24<\/a><\/li>\n<li><a href=\"https:\/\/sites.usp.br\/codage\/wp-content\/uploads\/sites\/264\/2024\/11\/Boletim_N_96_nov-24.pdf\">N\u00ba 96, nov\/24<\/a><\/li>\n<li><a href=\"https:\/\/sites.usp.br\/codage\/wp-content\/uploads\/sites\/264\/2024\/09\/Boletim_N_95_set-24.pdf\">N\u00ba 95, set\/24<\/a><\/li>\n<li><a href=\"https:\/\/sites.usp.br\/codage\/wp-content\/uploads\/sites\/264\/2024\/08\/Boletim_N_94_ago-24.pdf\">N\u00ba 94, ago\/24<\/a><\/li>\n<li><a href=\"https:\/\/sites.usp.br\/codage\/wp-content\/uploads\/sites\/264\/2024\/07\/Boletim_N_93_jul-24.pdf\">N\u00ba 93, jul\/24<\/a><\/li>\n<li><a href=\"https:\/\/sites.usp.br\/codage\/wp-content\/uploads\/sites\/264\/2024\/06\/Boletim_N_92_-jun-24.pdf\">N\u00ba 92, Jun\/24<\/a><\/li>\n<li><a href=\"https:\/\/sites.usp.br\/codage\/wp-content\/uploads\/sites\/264\/2024\/05\/Boletim_N_91_-mai-24.pdf\">N\u00ba <\/a><a href=\"https:\/\/sites.usp.br\/codage\/wp-content\/uploads\/sites\/264\/2024\/05\/Boletim_N_91_-mai-24.pdf\">91, maio\/24<\/a><\/li>\n<li><a href=\"https:\/\/sites.usp.br\/codage\/wp-content\/uploads\/sites\/264\/2024\/04\/Boletim_N_90_-abr-24.pdf\">N\u00ba 90, abr\/24<\/a><\/li>\n<li><a href=\"https:\/\/sites.usp.br\/codage\/wp-content\/uploads\/sites\/264\/2024\/03\/Boletim_N_89_mar-24.pdf\">N\u00b0 89, Fev\/24<\/a><\/li>\n<li><a href=\"https:\/\/sites.usp.br\/codage\/wp-content\/uploads\/sites\/264\/2024\/01\/Boletim_N_88_Jan-24.pdf\">N\u00ba 88, Jan\/24<\/a><\/li>\n<\/ul>\n<h3>2023<\/h3>\n<ul>\n<li><a href=\"https:\/\/sites.usp.br\/codage\/wp-content\/uploads\/sites\/264\/2023\/12\/Boletim_N_87_Dez-23.pdf\">N\u00ba 87, Dez\/23<\/a><\/li>\n<li><a href=\"https:\/\/sites.usp.br\/codage\/wp-content\/uploads\/sites\/264\/2023\/11\/Boletim-_N_86_Out-23.pdf\">N\u00ba 86,Out\/23<\/a><\/li>\n<li><a href=\"https:\/\/sites.usp.br\/codage\/wp-content\/uploads\/sites\/264\/2023\/09\/Boletim_N_85_Set-23.pdf\">N\u00ba 85, Set\/23<\/a><\/li>\n<li><a href=\"https:\/\/sites.usp.br\/codage\/wp-content\/uploads\/sites\/264\/2023\/08\/Boletim_N_84_Jul-23.pdf\">N\u00ba 84, Jul\/23<\/a><\/li>\n<li><a href=\"https:\/\/sites.usp.br\/codage\/wp-content\/uploads\/sites\/264\/2023\/06\/Boletim_N_83_Jun-23.pdf\">N\u00ba 83, Jun\/23<\/a><\/li>\n<li><a href=\"https:\/\/sites.usp.br\/codage\/wp-content\/uploads\/sites\/264\/2023\/05\/Boletim_N_82_Mai-23.pdf\">N\u00ba 82, Mai\/23<\/a><\/li>\n<li><a href=\"https:\/\/sites.usp.br\/codage\/wp-content\/uploads\/sites\/264\/2023\/03\/Boletim_N_81_Mar_23.pdf\">N\u00ba 81, Mar\/23<\/a><\/li>\n<\/ul>\n<h3>2022<\/h3>\n<ul>\n<li><a href=\"https:\/\/sites.usp.br\/codage\/wp-content\/uploads\/sites\/264\/2023\/01\/Boletim_N_80_-Jan-23.pdf\">N\u00ba 80, Jan\/23<\/a><\/li>\n<li><a href=\"https:\/\/sites.usp.br\/codage\/wp-content\/uploads\/sites\/264\/2022\/11\/Boletim_N_79_Nov-22.pdf\">N\u00ba 79, Nov\/22<\/a><\/li>\n<li><a href=\"https:\/\/sites.usp.br\/codage\/wp-content\/uploads\/sites\/264\/2022\/10\/Boletim_N_78_Set-22.pdf\">N\u00ba 78, Set\/22<\/a><\/li>\n<li><a href=\"https:\/\/sites.usp.br\/codage\/wp-content\/uploads\/sites\/264\/2022\/08\/Boletim_N_77_Jul-22.pdf\">N\u00ba 77, Jul\/22<\/a><\/li>\n<li><a href=\"https:\/\/sites.usp.br\/codage\/wp-content\/uploads\/sites\/264\/2022\/08\/Boletim_N_76_Jun-22.pdf\">N\u00ba 76, Jun\/22<\/a><\/li>\n<li><a href=\"https:\/\/sites.usp.br\/codage\/wp-content\/uploads\/sites\/264\/2022\/06\/Boletim_N_75_Maio_22.pdf\">N\u00ba 75, Maio\/22<\/a><\/li>\n<li><a href=\"https:\/\/sites.usp.br\/codage\/wp-content\/uploads\/sites\/264\/2022\/05\/Boletim_N74_Abr-22.pdf\">N\u00ba 74, Abr\/22<\/a><\/li>\n<li><a href=\"https:\/\/sites.usp.br\/codage\/wp-content\/uploads\/sites\/264\/2022\/04\/Boletim_N_73_Mar-22.pdf\">N\u00ba 73, Mar\/22<\/a><\/li>\n<li><a href=\"https:\/\/sites.usp.br\/codage\/wp-content\/uploads\/sites\/264\/2022\/03\/Boletim_N72_-Fev-22.pdf\">N\u00ba 72, Fev\/22<\/a><\/li>\n<li><a href=\"https:\/\/sites.usp.br\/codage\/wp-content\/uploads\/sites\/264\/2022\/01\/Boletim_N_71_janeiro_22.pdf\">N\u00b0 71, jan\/22<\/a><\/li>\n<\/ul>\n<h3>2021<\/h3>\n<ul>\n<li><a href=\"https:\/\/sites.usp.br\/codage\/wp-content\/uploads\/sites\/264\/2022\/01\/informativo-codage-n70_dez_21.pdf\">N\u00b0 70, dez\/21<\/a><\/li>\n<li><a href=\"https:\/\/sites.usp.br\/codage\/wp-content\/uploads\/sites\/264\/2021\/12\/informativo-codage-n69-nov21.pdf\">N\u00ba 69, nov\/21<\/a><\/li>\n<li><a href=\"https:\/\/sites.usp.br\/codage\/wp-content\/uploads\/sites\/264\/2021\/10\/informativo-codage-n68-out21.pdf\">N\u00ba 68, out\/21<\/a><\/li>\n<li><a href=\"https:\/\/sites.usp.br\/codage\/wp-content\/uploads\/sites\/264\/2021\/09\/informativo-codage-n67-set21.pdf\">N\u00b0 67, set\/21<\/a><\/li>\n<li><a href=\"https:\/\/sites.usp.br\/codage\/wp-content\/uploads\/sites\/264\/2021\/09\/informativo-codage-n66-ago-21.pdf\">N\u00ba 66, ago\/21<\/a><\/li>\n<li><a href=\"https:\/\/sites.usp.br\/codage\/wp-content\/uploads\/sites\/264\/2021\/09\/informativo-codage-n65-jul-21.pdf\">N\u00ba 65, jul\/21<\/a><\/li>\n<li><a href=\"https:\/\/sites.usp.br\/codage\/wp-content\/uploads\/sites\/264\/2021\/09\/informativo-codage-n64-jun-21.pdf\">N\u00b0 64, jun\/21<\/a><\/li>\n<li><a href=\"https:\/\/sites.usp.br\/codage\/wp-content\/uploads\/sites\/264\/2021\/09\/informativo-codage-n63-mai-21.pdf\">N\u00ba 63, mai\/21<\/a><\/li>\n<li><a href=\"https:\/\/sites.usp.br\/codage\/wp-content\/uploads\/sites\/264\/2021\/09\/informativo-codage-n62-abr-21.pdf\">N\u00ba 62, abr\/21<\/a><\/li>\n<li><a href=\"https:\/\/sites.usp.br\/codage\/wp-content\/uploads\/sites\/264\/2021\/09\/informativo-codage-n61-mar-21.pdf\">N\u00ba 61, mar\/21<\/a><\/li>\n<li><a href=\"https:\/\/sites.usp.br\/codage\/wp-content\/uploads\/sites\/264\/2021\/09\/informativo-codage-n60-fev-21.pdf\">N\u00ba 60, fev\/21<\/a><\/li>\n<li><a href=\"https:\/\/sites.usp.br\/codage\/wp-content\/uploads\/sites\/264\/2021\/09\/informativo-codage-n59-jan-21.pdf\">N\u00ba 59, jan\/21<\/a><\/li>\n<\/ul>\n<h3>2020<\/h3>\n<ul>\n<li><a href=\"https:\/\/sites.usp.br\/codage\/wp-content\/uploads\/sites\/264\/2021\/09\/informativo-codage-n58-dez-20.pdf\">N\u00ba 58, dez\/20<\/a><\/li>\n<li><a href=\"https:\/\/sites.usp.br\/codage\/wp-content\/uploads\/sites\/264\/2021\/09\/informativo-codage-n57-nov-20.pdf\">N\u00ba 57, nov\/20<\/a><\/li>\n<li><a href=\"https:\/\/sites.usp.br\/codage\/wp-content\/uploads\/sites\/264\/2021\/09\/informativo-codage-n56-out-20.pdf\">N\u00ba 56, out\/20<\/a><\/li>\n<li><a href=\"https:\/\/sites.usp.br\/codage\/wp-content\/uploads\/sites\/264\/2021\/09\/informativo-codage-n55-set-20.pdf\">N\u00ba 55, set\/20<\/a><\/li>\n<li><a href=\"https:\/\/sites.usp.br\/codage\/wp-content\/uploads\/sites\/264\/2021\/09\/informativo-codage-n54-ago-20.pdf\">N\u00b0 54, ago\/20<\/a><\/li>\n<li><a href=\"https:\/\/sites.usp.br\/codage\/wp-content\/uploads\/sites\/264\/2021\/09\/informativo-codage-n53-jul-20.pdf\">N\u00ba 53, jul\/20<\/a><\/li>\n<li><a href=\"https:\/\/sites.usp.br\/codage\/wp-content\/uploads\/sites\/264\/2021\/09\/informativo-codage-n52-jun-20.pdf\">N\u00ba 52, jun\/20<\/a><\/li>\n<li><a href=\"https:\/\/sites.usp.br\/codage\/wp-content\/uploads\/sites\/264\/2021\/09\/informativo-codage-n51-mai-20.pdf\">N\u00ba 51, mai\/20<\/a><\/li>\n<li><a href=\"https:\/\/sites.usp.br\/codage\/wp-content\/uploads\/sites\/264\/2021\/09\/informativo-codage-n50-abr-20.pdf\">N\u00ba 50, abr\/20<\/a><\/li>\n<li><a href=\"https:\/\/sites.usp.br\/codage\/wp-content\/uploads\/sites\/264\/2021\/09\/informativo-codage-n49-mar-20.pdf\">N\u00ba 49, mar\/20<\/a><\/li>\n<li><a href=\"https:\/\/sites.usp.br\/codage\/wp-content\/uploads\/sites\/264\/2021\/09\/informativo-codage-n48-fev-20.pdf\">N\u00ba 48, fev\/20<\/a><\/li>\n<li><a href=\"https:\/\/sites.usp.br\/codage\/wp-content\/uploads\/sites\/264\/2021\/09\/informativo-codage-n47-jan-20.pdf\">N\u00ba 47, jan\/20<\/a><\/li>\n<\/ul>\n<h3>2019<\/h3>\n<ul>\n<li><a href=\"https:\/\/sites.usp.br\/codage\/wp-content\/uploads\/sites\/264\/2021\/09\/informativo-codage-n46-dez-19.pdf\">N\u00ba 46, dez\/19<\/a><\/li>\n<li><a href=\"https:\/\/sites.usp.br\/codage\/wp-content\/uploads\/sites\/264\/2021\/09\/informativo-codage-n45-nov-19.pdf\">N\u00ba 45, nov\/19<\/a><\/li>\n<li><a href=\"https:\/\/sites.usp.br\/codage\/wp-content\/uploads\/sites\/264\/2021\/09\/informativo-codage-n44-out-19.pdf\">N\u00ba 44, out\/19<\/a><\/li>\n<li><a href=\"https:\/\/sites.usp.br\/codage\/wp-content\/uploads\/sites\/264\/2021\/09\/informativo-codage-n43-set-19.pdf\">N\u00ba 43, set\/19<\/a><\/li>\n<li><a href=\"https:\/\/sites.usp.br\/codage\/wp-content\/uploads\/sites\/264\/2021\/09\/informativo-codage-n42-ago-19.pdf\">N\u00ba 42, ago\/19<\/a><\/li>\n<li><a href=\"https:\/\/sites.usp.br\/codage\/wp-content\/uploads\/sites\/264\/2021\/09\/informativo-codage-n41-jul-19.pdf\">N\u00ba 41, jul\/19<\/a><\/li>\n<li><a href=\"https:\/\/sites.usp.br\/codage\/wp-content\/uploads\/sites\/264\/2021\/09\/informativo-codage-n40-jun-19-1.pdf\">N\u00ba 40, jun\/19<\/a><\/li>\n<li><a href=\"https:\/\/sites.usp.br\/codage\/wp-content\/uploads\/sites\/264\/2021\/09\/informativo-codage-n39-mai-19.pdf\">N\u00ba 39, mai\/19<\/a><\/li>\n<li><a href=\"https:\/\/sites.usp.br\/codage\/wp-content\/uploads\/sites\/264\/2021\/09\/informativo-codage-n38-abr-19.pdf\">N\u00ba 38, abr\/19<\/a><\/li>\n<li><a href=\"https:\/\/sites.usp.br\/codage\/wp-content\/uploads\/sites\/264\/2021\/09\/informativo-codage-n37-mar-19.pdf\">N\u00ba 37, mar\/19<\/a><\/li>\n<\/ul>\n<h3><strong>2018<\/strong><\/h3>\n<ul>\n<li><a href=\"https:\/\/sites.usp.br\/codage\/wp-content\/uploads\/sites\/264\/2021\/09\/informativo-codage-n36-dez-18.pdf\">N\u00ba 36, dez\/18<\/a><\/li>\n<li><a href=\"https:\/\/sites.usp.br\/codage\/wp-content\/uploads\/sites\/264\/2021\/09\/informativo-codage-n35-nov-18.pdf\">N\u00ba 35, nov\/18<\/a><\/li>\n<li><a href=\"https:\/\/sites.usp.br\/codage\/wp-content\/uploads\/sites\/264\/2021\/09\/informativo-codage-n34-out-18.pdf\">N\u00ba 34, out\/18<\/a><\/li>\n<li><a href=\"https:\/\/sites.usp.br\/codage\/wp-content\/uploads\/sites\/264\/2021\/09\/informativo-codage-n33-set-18.pdf\">N\u00ba 33, set\/18<\/a><\/li>\n<li><a href=\"https:\/\/sites.usp.br\/codage\/wp-content\/uploads\/sites\/264\/2021\/09\/informativo-codage-n32-ago-18.pdf\">N\u00ba 32, ago\/18<\/a><\/li>\n<li><a href=\"https:\/\/sites.usp.br\/codage\/wp-content\/uploads\/sites\/264\/2021\/09\/informativo-codage-n31-jul-18.pdf\">N\u00ba 31, jul\/18<\/a><\/li>\n<li><a href=\"https:\/\/sites.usp.br\/codage\/wp-content\/uploads\/sites\/264\/2021\/09\/informativo-codage-n30-jun-18.pdf\">N\u00ba 30, jun\/18<\/a><\/li>\n<li><a href=\"https:\/\/sites.usp.br\/codage\/wp-content\/uploads\/sites\/264\/2021\/09\/informativo-codage-n29-mai-18.pdf\">N\u00ba 29, mai\/18<\/a><\/li>\n<li><a href=\"https:\/\/sites.usp.br\/codage\/wp-content\/uploads\/sites\/264\/2021\/09\/informativo-codage-n28-abr-18.pdf\">N\u00ba 28, abr\/18<\/a><\/li>\n<li><a href=\"https:\/\/sites.usp.br\/codage\/wp-content\/uploads\/sites\/264\/2021\/09\/informativo-codage-n27-mar-18.pdf\">N\u00ba 27, mar\/18<\/a><\/li>\n<li><a href=\"https:\/\/sites.usp.br\/codage\/wp-content\/uploads\/sites\/264\/2021\/09\/informativo-codage-n26-fev-18.pdf\">N\u00ba 26, fev\/18<\/a><\/li>\n<li><a href=\"https:\/\/sites.usp.br\/codage\/wp-content\/uploads\/sites\/264\/2021\/09\/informativo-codage-n25-jan-18.pdf\">N\u00ba 25, jan\/18<\/a><\/li>\n<\/ul>\n<h3><strong>2017<\/strong><\/h3>\n<ul>\n<li><a href=\"https:\/\/sites.usp.br\/codage\/wp-content\/uploads\/sites\/264\/2021\/09\/informativo-codage-n24-dez-17.pdf\">N\u00ba 24, dez\/17<\/a><\/li>\n<li><a href=\"https:\/\/sites.usp.br\/codage\/wp-content\/uploads\/sites\/264\/2021\/09\/informativo-codage-n23-nov-17.pdf\">N\u00ba 23, nov\/17<\/a><\/li>\n<li><a href=\"https:\/\/sites.usp.br\/codage\/wp-content\/uploads\/sites\/264\/2021\/09\/informativo-codage-n22-out-17.pdf\">N\u00ba 22, out\/17<\/a><\/li>\n<li><a href=\"https:\/\/sites.usp.br\/codage\/wp-content\/uploads\/sites\/264\/2021\/09\/informativo-codage-n21-set-17.pdf\">N\u00ba 21, set\/17<\/a><\/li>\n<li><a href=\"https:\/\/sites.usp.br\/codage\/wp-content\/uploads\/sites\/264\/2021\/09\/informativo-codage-n20-ago-17.pdf\">N\u00ba 20, ago\/17<\/a><\/li>\n<li><a href=\"https:\/\/sites.usp.br\/codage\/wp-content\/uploads\/sites\/264\/2021\/09\/informativo-codage-n19-jul-17.pdf\">N\u00ba 19, jul\/17<\/a><\/li>\n<li><a href=\"https:\/\/sites.usp.br\/codage\/wp-content\/uploads\/sites\/264\/2021\/09\/informativo-codage-n18-jun-17.pdf\">N\u00ba 18, jun\/17<\/a><\/li>\n<li><a href=\"https:\/\/sites.usp.br\/codage\/wp-content\/uploads\/sites\/264\/2021\/09\/informativo-codage-n17-mai-17.pdf\">N\u00ba 17, mai\/17<\/a><\/li>\n<li><a href=\"https:\/\/sites.usp.br\/codage\/wp-content\/uploads\/sites\/264\/2021\/09\/informativo-codage-n16-abr-17.pdf\">N\u00ba 16, abr\/17<\/a><\/li>\n<li><a href=\"https:\/\/sites.usp.br\/codage\/wp-content\/uploads\/sites\/264\/2021\/09\/informativo-codage-n15-mar-17.pdf\">N\u00ba 15, mar\/17<\/a><\/li>\n<li><a href=\"https:\/\/sites.usp.br\/codage\/wp-content\/uploads\/sites\/264\/2021\/09\/informativo-codage-n14-fev-17.pdf\">N\u00ba 14, fev\/17<\/a><\/li>\n<\/ul>\n<h3>2016<\/h3>\n<ul>\n<li><a href=\"https:\/\/sites.usp.br\/codage\/wp-content\/uploads\/sites\/264\/2021\/09\/informativo-codage-n13-dez-16-fechamento.pdf\">N\u00ba 13, dez\/16 &#8211; Fechamento<\/a><\/li>\n<li><a href=\"https:\/\/sites.usp.br\/codage\/wp-content\/uploads\/sites\/264\/2021\/09\/informativo-codage-n12-nov-16.pdf\">N\u00ba 12, nov\/16<\/a><\/li>\n<li><a href=\"https:\/\/sites.usp.br\/codage\/wp-content\/uploads\/sites\/264\/2021\/09\/informativo-codage-n11-out-16.pdf\">N\u00ba 11, out\/16<\/a><\/li>\n<li><a href=\"https:\/\/sites.usp.br\/codage\/wp-content\/uploads\/sites\/264\/2021\/09\/informativo-codage-n10-set-16.pdf\">N\u00ba 10, set\/16<\/a><\/li>\n<li><a href=\"https:\/\/sites.usp.br\/codage\/wp-content\/uploads\/sites\/264\/2021\/09\/informativo-codage-n09-ago-16.pdf\">N\u00ba 09, ago\/16<\/a><\/li>\n<li><a href=\"https:\/\/sites.usp.br\/codage\/wp-content\/uploads\/sites\/264\/2021\/09\/informativo-codage-n08-jul-16.pdf\">N\u00ba 08, jul\/16<\/a><\/li>\n<li><a href=\"https:\/\/sites.usp.br\/codage\/wp-content\/uploads\/sites\/264\/2021\/09\/informativo-codage-n07-jun-16.pdf\">N\u00ba 07, jun\/16<\/a><\/li>\n<li><a href=\"https:\/\/sites.usp.br\/codage\/wp-content\/uploads\/sites\/264\/2021\/09\/informativo-codage-n06-mai-16.pdf\">N\u00ba 06, maio\/16<\/a><\/li>\n<li><a href=\"https:\/\/sites.usp.br\/codage\/wp-content\/uploads\/sites\/264\/2021\/09\/informativo-codage-n05-abr-16.pdf\">N\u00ba 05, abr\/16<\/a><\/li>\n<li><a href=\"https:\/\/sites.usp.br\/codage\/wp-content\/uploads\/sites\/264\/2021\/09\/informativo-codage-n04-16.pdf\">N\u00ba 04, abril\/16<\/a><\/li>\n<li><a href=\"https:\/\/sites.usp.br\/codage\/wp-content\/uploads\/sites\/264\/2021\/09\/informativo-codage-n03-mar-16.pdf\">N\u00ba 03, mar\/16<\/a><\/li>\n<li><a href=\"https:\/\/sites.usp.br\/codage\/wp-content\/uploads\/sites\/264\/2021\/09\/informativo-02-fev-16.pdf\">N\u00ba 02, fev\/16<\/a><\/li>\n<li><a href=\"https:\/\/sites.usp.br\/codage\/wp-content\/uploads\/sites\/264\/2021\/09\/informativo-codage-n01-jan-16.pdf\">N\u00ba 01, jan\/16<\/a><\/li>\n<\/ul>\n<div id=\"node-69\" class=\"node clear-block\">\n<h3>2015<\/h3>\n<ul>\n<li><a href=\"https:\/\/sites.usp.br\/codage\/wp-content\/uploads\/sites\/264\/2021\/09\/InformeCodage-Dez_mar16.pdf\">Dez\/15<\/a><\/li>\n<li><a href=\"https:\/\/sites.usp.br\/codage\/wp-content\/uploads\/sites\/264\/2021\/09\/InformeCodage-nov15.pdf\">Nov\/15<\/a><\/li>\n<li><a href=\"https:\/\/sites.usp.br\/codage\/wp-content\/uploads\/sites\/264\/2021\/09\/InformeCodage-out15.pdf\">Out\/15<\/a><\/li>\n<li><a href=\"https:\/\/sites.usp.br\/codage\/wp-content\/uploads\/sites\/264\/2021\/09\/InformeCodage-set15.pdf\">Set\/15<\/a><\/li>\n<li><a href=\"https:\/\/sites.usp.br\/codage\/wp-content\/uploads\/sites\/264\/2021\/09\/InformeCodage-ago15.pdf\">Ago\/15<\/a><\/li>\n<li><a href=\"https:\/\/sites.usp.br\/codage\/wp-content\/uploads\/sites\/264\/2021\/09\/InformeCodage-jul15.pdf\">Jul\/15<\/a><\/li>\n<li><a href=\"https:\/\/sites.usp.br\/codage\/wp-content\/uploads\/sites\/264\/2021\/09\/InformeCodage-jun15.pdf\">Jun\/15<\/a><\/li>\n<li><a href=\"https:\/\/sites.usp.br\/codage\/wp-content\/uploads\/sites\/264\/2021\/09\/InformeCodage-mai15.pdf\">Maio\/15<\/a><\/li>\n<li><a href=\"https:\/\/sites.usp.br\/codage\/wp-content\/uploads\/sites\/264\/2021\/09\/InformeCodage-abr15.pdf\">Abril\/15<\/a><\/li>\n<li><a href=\"https:\/\/sites.usp.br\/codage\/wp-content\/uploads\/sites\/264\/2021\/09\/InformeCodage-mar15.pdf\">Mar\/15<\/a><\/li>\n<li><a href=\"https:\/\/sites.usp.br\/codage\/wp-content\/uploads\/sites\/264\/2021\/09\/InformeCodage-fev15.pdf\">Fev\/15<\/a><\/li>\n<\/ul>\n<h3>2014<\/h3>\n<ul>\n<li><a href=\"https:\/\/sites.usp.br\/codage\/wp-content\/uploads\/sites\/264\/2021\/09\/InformeCodage_dez.pdf\">Dez\/14<\/a><\/li>\n<li><a href=\"https:\/\/sites.usp.br\/codage\/wp-content\/uploads\/sites\/264\/2021\/09\/InformeCodage_nov.pdf\">Nov\/14<\/a><\/li>\n<li><a href=\"https:\/\/sites.usp.br\/codage\/wp-content\/uploads\/sites\/264\/2021\/09\/InformeCodage_out.pdf\">Out\/14<\/a><\/li>\n<li><a href=\"https:\/\/sites.usp.br\/codage\/wp-content\/uploads\/sites\/264\/2021\/09\/InformeCodage_set.pdf\">Set\/14<\/a><\/li>\n<li><a href=\"https:\/\/sites.usp.br\/codage\/wp-content\/uploads\/sites\/264\/2021\/09\/InformeCodage_agosto.pdf\">Ago\/14<\/a><\/li>\n<li><a href=\"https:\/\/sites.usp.br\/codage\/wp-content\/uploads\/sites\/264\/2021\/09\/InformeCodage01-jul.pdf\">Jul\/14<\/a><\/li>\n<li><a href=\"https:\/\/sites.usp.br\/codage\/wp-content\/uploads\/sites\/264\/2021\/09\/InformeCodage_jun.pdf\">Jun\/14<\/a><\/li>\n<li><a href=\"https:\/\/sites.usp.br\/codage\/wp-content\/uploads\/sites\/264\/2021\/09\/InformeCodage_abril.pdf\">Abril\/14<\/a><\/li>\n<li><a href=\"https:\/\/sites.usp.br\/codage\/wp-content\/uploads\/sites\/264\/2021\/09\/InformeCodage_mar.pdf\">Mar\/14<\/a><\/li>\n<li><a href=\"https:\/\/sites.usp.br\/codage\/wp-content\/uploads\/sites\/264\/2021\/09\/InformeCodage_fev.pdf\">Fev\/14<\/a><\/li>\n<\/ul>\n<\/div>\n","protected":false},"excerpt":{"rendered":"<p>Informativo de periodicidade mensal criado com o objetivo de manter a comunidade universit\u00e1ria informada sobre o comportamento da arrecada\u00e7\u00e3o do ICMS e a evolu\u00e7\u00e3o do comprometimento dos recursos provenientes do Tesouro Estadual com os&#46;&#46;&#46;<\/p>\n","protected":false},"author":400,"featured_media":0,"parent":193,"menu_order":9,"comment_status":"closed","ping_status":"closed","template":"page-templates\/child-menu.php","meta":{"footnotes":"","_links_to":"","_links_to_target":""},"class_list":["post-358","page","type-page","status-publish","hentry"],"_links":{"self":[{"href":"https:\/\/sites.usp.br\/codage\/wp-json\/wp\/v2\/pages\/358","targetHints":{"allow":["GET"]}}],"collection":[{"href":"https:\/\/sites.usp.br\/codage\/wp-json\/wp\/v2\/pages"}],"about":[{"href":"https:\/\/sites.usp.br\/codage\/wp-json\/wp\/v2\/types\/page"}],"author":[{"embeddable":true,"href":"https:\/\/sites.usp.br\/codage\/wp-json\/wp\/v2\/users\/400"}],"replies":[{"embeddable":true,"href":"https:\/\/sites.usp.br\/codage\/wp-json\/wp\/v2\/comments?post=358"}],"version-history":[{"count":5,"href":"https:\/\/sites.usp.br\/codage\/wp-json\/wp\/v2\/pages\/358\/revisions"}],"predecessor-version":[{"id":2853,"href":"https:\/\/sites.usp.br\/codage\/wp-json\/wp\/v2\/pages\/358\/revisions\/2853"}],"up":[{"embeddable":true,"href":"https:\/\/sites.usp.br\/codage\/wp-json\/wp\/v2\/pages\/193"}],"wp:attachment":[{"href":"https:\/\/sites.usp.br\/codage\/wp-json\/wp\/v2\/media?parent=358"}],"curies":[{"name":"wp","href":"https:\/\/api.w.org\/{rel}","templated":true}]}}