{"id":426,"date":"2017-05-18T15:28:43","date_gmt":"2017-05-18T17:28:43","guid":{"rendered":"http:\/\/sites.usp.br\/codage\/?page_id=426"},"modified":"2025-09-08T10:13:47","modified_gmt":"2025-09-08T12:13:47","slug":"links","status":"publish","type":"page","link":"https:\/\/sites.usp.br\/codage\/links\/","title":{"rendered":"LINKS"},"content":{"rendered":"<h4><\/h4>\n<ul>\n<li><a href=\"http:\/\/www.usp.br\/\" target=\"_blank\" rel=\"noopener\">Universidade de S\u00e3o Paulo<\/a><\/li>\n<li><a href=\"http:\/\/www.reitoria.usp.br\/\" target=\"_blank\" rel=\"noopener\">Gabinete do Reitor<\/a><\/li>\n<li><a href=\"http:\/\/www.usp.br\/gvr\/\" target=\"_blank\" rel=\"noopener\">Gabinete do Vice-Reitor<\/a><\/li>\n<li><a href=\"http:\/\/www.usp.br\/prc\/\" target=\"_blank\" rel=\"noopener\">Pr\u00f3-Reitoria de Cultura e Extens\u00e3o<\/a><\/li>\n<li><a href=\"http:\/\/www.usp.br\/prg\/site\/\" target=\"_blank\" rel=\"noopener\">Pr\u00f3-Reitoria de Gradua\u00e7\u00e3o<\/a><\/li>\n<li><a href=\"http:\/\/www.usp.br\/prpg\/\" target=\"_blank\" rel=\"noopener\">Pr\u00f3-Reitoria de P\u00f3s-Gradua\u00e7\u00e3o<\/a><\/li>\n<li><a href=\"http:\/\/www.usp.br\/prp\/\" target=\"_blank\" rel=\"noopener\">Pr\u00f3-Reitoria de Pesquisa<\/a><\/li>\n<li><a href=\"http:\/\/www.usp.br\/leginf\/\" target=\"_blank\" rel=\"noopener\">Normas USP<\/a><\/li>\n<li><a href=\"https:\/\/uspdigital.usp.br\/anuario\/AnuarioControle\">Anu\u00e1rio Estat\u00edstico<\/a><\/li>\n<li><a href=\"http:\/\/www.usp.br\/secretaria\/\" target=\"_blank\" rel=\"noopener\">Secretaria Geral<\/a><\/li>\n<li><a href=\"http:\/\/www.pgusp.usp.br\/\" target=\"_blank\" rel=\"noopener\">Procuradoria Geral da USP<\/a><\/li>\n<li><a href=\"http:\/\/www.unicamp.br\/\" target=\"_blank\" rel=\"noopener\">Unicamp<\/a><\/li>\n<li><a href=\"http:\/\/www.unesp.br\/\" target=\"_blank\" rel=\"noopener\">Unesp<\/a><\/li>\n<li><a href=\"http:\/\/www.unesp.br\/cruesp\/\" target=\"_blank\" rel=\"noopener\">CRUESP<\/a><\/li>\n<li><a href=\"http:\/\/www.saopaulo.sp.gov.br\/\" target=\"_blank\" rel=\"noopener\">Governo do Estado de S\u00e3o Paulo<\/a><\/li>\n<li><a href=\"http:\/\/www.fazenda.sp.gov.br\/\" target=\"_blank\" rel=\"noopener\">Secretaria da Fazenda<\/a><\/li>\n<li><a href=\"http:\/\/www.bcb.gov.br\">Banco Central do Brasil<\/a><\/li>\n<li><a href=\"https:\/\/www.seade.gov.br\/\" target=\"_blank\" rel=\"noopener\">Funda\u00e7\u00e3o Sistema Estadual de An\u00e1lise de Dados \u2013 Seade<\/a><\/li>\n<li><a href=\"https:\/\/codagedf.uspdigital.usp.br\">Prop Orc<\/a><\/li>\n<\/ul>\n","protected":false},"excerpt":{"rendered":"<p>Universidade de S\u00e3o Paulo Gabinete do Reitor Gabinete do Vice-Reitor Pr\u00f3-Reitoria de Cultura e Extens\u00e3o Pr\u00f3-Reitoria de Gradua\u00e7\u00e3o Pr\u00f3-Reitoria de P\u00f3s-Gradua\u00e7\u00e3o Pr\u00f3-Reitoria de Pesquisa Normas USP Anu\u00e1rio Estat\u00edstico Secretaria Geral Procuradoria Geral da USP&#46;&#46;&#46;<\/p>\n","protected":false},"author":400,"featured_media":0,"parent":0,"menu_order":22,"comment_status":"closed","ping_status":"closed","template":"","meta":{"footnotes":"","_links_to":"","_links_to_target":""},"class_list":["post-426","page","type-page","status-publish","hentry"],"_links":{"self":[{"href":"https:\/\/sites.usp.br\/codage\/wp-json\/wp\/v2\/pages\/426","targetHints":{"allow":["GET"]}}],"collection":[{"href":"https:\/\/sites.usp.br\/codage\/wp-json\/wp\/v2\/pages"}],"about":[{"href":"https:\/\/sites.usp.br\/codage\/wp-json\/wp\/v2\/types\/page"}],"author":[{"embeddable":true,"href":"https:\/\/sites.usp.br\/codage\/wp-json\/wp\/v2\/users\/400"}],"replies":[{"embeddable":true,"href":"https:\/\/sites.usp.br\/codage\/wp-json\/wp\/v2\/comments?post=426"}],"version-history":[{"count":4,"href":"https:\/\/sites.usp.br\/codage\/wp-json\/wp\/v2\/pages\/426\/revisions"}],"predecessor-version":[{"id":2696,"href":"https:\/\/sites.usp.br\/codage\/wp-json\/wp\/v2\/pages\/426\/revisions\/2696"}],"wp:attachment":[{"href":"https:\/\/sites.usp.br\/codage\/wp-json\/wp\/v2\/media?parent=426"}],"curies":[{"name":"wp","href":"https:\/\/api.w.org\/{rel}","templated":true}]}}