{"id":62,"date":"2014-02-12T11:28:30","date_gmt":"2014-02-12T13:28:30","guid":{"rendered":"http:\/\/sites.usp.br\/codage\/?page_id=62"},"modified":"2026-02-03T17:40:03","modified_gmt":"2026-02-03T19:40:03","slug":"sobre","status":"publish","type":"page","link":"https:\/\/sites.usp.br\/codage\/sobre\/","title":{"rendered":"CODAGE"},"content":{"rendered":"<p>A Coordenadoria de Administra\u00e7\u00e3o Geral foi constitu\u00edda inicialmente pela Resolu\u00e7\u00e3o 248 de 24.08.1973.<\/p>\n<p>Seu regimento atual foi aprovado por meio da <a href=\"http:\/\/www.leginf.usp.br\/?resolucao=resolucao-7111-de-04-de-setembro-de-2015\">Resolu\u00e7\u00e3o 7.111 de 04.09.2015<\/a>.<\/p>\n<p>S\u00e3o compet\u00eancias da Codage:<\/p>\n<p>I \u00a0 &#8211; elaborar estudos e zelar pela efici\u00eancia da orienta\u00e7\u00e3o e controle da administra\u00e7\u00e3o geral da Universidade;<br \/>\nII \u00a0-coordenar e articular suas atividades com a de outros \u00f3rg\u00e3os da USP, promovendo integra\u00e7\u00e3o, padroniza\u00e7\u00e3o e difus\u00e3o de boas pr\u00e1ticas de gest\u00e3o, na qualidade de \u00f3rg\u00e3o central regulador e fiscalizador da administra\u00e7\u00e3o.<\/p>\n<p>Atribui\u00e7\u00f5es da Codage:<\/p>\n<p>Responder pela Universidade no Conselho dos Reitores das Universidades Estaduais Paulistas &#8211; <a href=\"http:\/\/www.cruesp.sp.gov.br\/\">CRUESP<\/a>.<\/p>\n<p>Presidir a Comiss\u00e3o Central de Recursos Humanos &#8211; <a href=\"http:\/\/www.usp.br\/drh\/trabalhe-na-usp\/carreiras-usp\/carreira-funcionarios\/ccrh\/\">CCRH<\/a>.<\/p>\n<p>Sua estrutura organizacional est\u00e1 assim definida:<\/p>\n<p>&nbsp;<\/p>\n<p><a href=\"http:\/\/sites.usp.br\/codage\/wp-content\/uploads\/sites\/264\/2026\/02\/Gestoes-Anteriores-CODAGE.pdf\">Gest\u00f5es Anteriores &#8211; CODAGE<\/a><\/p>\n<p>&nbsp;<\/p>\n<p>&nbsp;<\/p>\n<p>&nbsp;<\/p>\n<p>&nbsp;<\/p>\n<p><a href=\"http:\/\/sites.usp.br\/codage\/wp-content\/uploads\/sites\/264\/2026\/02\/Organograma_CODAGE_26.png\"><img loading=\"lazy\" decoding=\"async\" class=\"size-medium wp-image-2840 aligncenter\" src=\"http:\/\/sites.usp.br\/codage\/wp-content\/uploads\/sites\/264\/2026\/02\/Organograma_CODAGE_26-300x225.png\" alt=\"\" width=\"300\" height=\"225\" srcset=\"https:\/\/sites.usp.br\/codage\/wp-content\/uploads\/sites\/264\/2026\/02\/Organograma_CODAGE_26-300x225.png 300w, https:\/\/sites.usp.br\/codage\/wp-content\/uploads\/sites\/264\/2026\/02\/Organograma_CODAGE_26-768x576.png 768w, https:\/\/sites.usp.br\/codage\/wp-content\/uploads\/sites\/264\/2026\/02\/Organograma_CODAGE_26-80x60.png 80w, https:\/\/sites.usp.br\/codage\/wp-content\/uploads\/sites\/264\/2026\/02\/Organograma_CODAGE_26-400x300.png 400w, https:\/\/sites.usp.br\/codage\/wp-content\/uploads\/sites\/264\/2026\/02\/Organograma_CODAGE_26.png 960w\" sizes=\"auto, (max-width: 300px) 100vw, 300px\" \/><\/a><\/p>\n<p style=\"text-align: center;\">Atualizado em jan\/2026<\/p>\n","protected":false},"excerpt":{"rendered":"<p>A Coordenadoria de Administra\u00e7\u00e3o Geral foi constitu\u00edda inicialmente pela Resolu\u00e7\u00e3o 248 de 24.08.1973. Seu regimento atual foi aprovado por meio da Resolu\u00e7\u00e3o 7.111 de 04.09.2015. S\u00e3o compet\u00eancias da Codage: I \u00a0 &#8211; elaborar estudos&#46;&#46;&#46;<\/p>\n","protected":false},"author":1,"featured_media":0,"parent":0,"menu_order":17,"comment_status":"closed","ping_status":"closed","template":"page-templates\/child-menu.php","meta":{"footnotes":"","_links_to":"","_links_to_target":""},"class_list":["post-62","page","type-page","status-publish","hentry"],"_links":{"self":[{"href":"https:\/\/sites.usp.br\/codage\/wp-json\/wp\/v2\/pages\/62","targetHints":{"allow":["GET"]}}],"collection":[{"href":"https:\/\/sites.usp.br\/codage\/wp-json\/wp\/v2\/pages"}],"about":[{"href":"https:\/\/sites.usp.br\/codage\/wp-json\/wp\/v2\/types\/page"}],"author":[{"embeddable":true,"href":"https:\/\/sites.usp.br\/codage\/wp-json\/wp\/v2\/users\/1"}],"replies":[{"embeddable":true,"href":"https:\/\/sites.usp.br\/codage\/wp-json\/wp\/v2\/comments?post=62"}],"version-history":[{"count":5,"href":"https:\/\/sites.usp.br\/codage\/wp-json\/wp\/v2\/pages\/62\/revisions"}],"predecessor-version":[{"id":2844,"href":"https:\/\/sites.usp.br\/codage\/wp-json\/wp\/v2\/pages\/62\/revisions\/2844"}],"wp:attachment":[{"href":"https:\/\/sites.usp.br\/codage\/wp-json\/wp\/v2\/media?parent=62"}],"curies":[{"name":"wp","href":"https:\/\/api.w.org\/{rel}","templated":true}]}}