{"id":682,"date":"2017-07-14T11:49:35","date_gmt":"2017-07-14T13:49:35","guid":{"rendered":"http:\/\/sites.usp.br\/codage\/?page_id=682"},"modified":"2022-06-08T17:46:27","modified_gmt":"2022-06-08T19:46:27","slug":"circulares-2012","status":"publish","type":"page","link":"https:\/\/sites.usp.br\/codage\/comunicados\/circular-codage\/circulares-2012\/","title":{"rendered":"Circulares 2012"},"content":{"rendered":"<p><a href=\"\/\/sites.usp.br\/codage\/wp-content\/uploads\/sites\/264\/2017\/07\/2012_CIRC-039.pdf\">Circ-039 &#8211; 2012<\/a> (Nova fase de atendimento Almoxarifado Central a partir de janeiro 2013)<\/p>\n<p><a href=\"\/\/sites.usp.br\/codage\/wp-content\/uploads\/sites\/264\/2017\/07\/2012_CIRC-035.pdf\">Circ-035 &#8211; 2012<\/a> (Modalidade de Di\u00e1rias e valor em UFESP para 2012)<\/p>\n<p><a href=\"\/\/sites.usp.br\/codage\/wp-content\/uploads\/sites\/264\/2017\/07\/2012_CIRC-034.pdf\">Circ-034 &#8211; 2012<\/a> (3\u00ba GEPEA &#8211; Gest\u00e3o de Expdiente, Protocolo e Arquivo)<\/p>\n<p><a href=\"\/\/sites.usp.br\/codage\/wp-content\/uploads\/sites\/264\/2017\/07\/2012_CIRC-023.pdf\">Circ-023 &#8211; 2012<\/a> (Esclarecimentos concess\u00e3o Vale Refei\u00e7\u00e3o a partir da Portaria GR n\u00ba 5594 de 16.04.2012)<\/p>\n<p><a href=\"\/\/sites.usp.br\/codage\/wp-content\/uploads\/sites\/264\/2017\/07\/2012_CIRC-015.pdf\">Circ-015 &#8211; 2012<\/a> (Vale-Refei\u00e7\u00e3o)<\/p>\n<p><a href=\"\/\/sites.usp.br\/codage\/wp-content\/uploads\/sites\/264\/2017\/07\/2012_CIRC-014.pdf\">Circ-014 &#8211; 2012<\/a> (Esclarecimentos sobre procedimentos cadastramento situa\u00e7\u00e3o de &#8220;Professor S\u00eanior&#8221;)<\/p>\n<p><a href=\"\/\/sites.usp.br\/codage\/wp-content\/uploads\/sites\/264\/2017\/07\/2012_CIRC-008.pdf\">Circ-008 &#8211; 2012<\/a> (M\u00f3dulo Web de controle patrimonial)<\/p>\n<p><a href=\"\/\/sites.usp.br\/codage\/wp-content\/uploads\/sites\/264\/2017\/07\/2012_CIRC-007.pdf\">Circ-007 &#8211; 2012<\/a> (Altera\u00e7\u00e3o de prazo e percentual implementa\u00e7\u00e3o primeira movimenta\u00e7\u00e3o da carreira)<\/p>\n<p>&nbsp;<\/p>\n<p>&nbsp;<\/p>\n<p>&nbsp;<\/p>\n<p>&nbsp;<\/p>\n<p>&nbsp;<\/p>\n<p>&nbsp;<\/p>\n<p>&nbsp;<\/p>\n","protected":false},"excerpt":{"rendered":"<p>Circ-039 &#8211; 2012 (Nova fase de atendimento Almoxarifado Central a partir de janeiro 2013) Circ-035 &#8211; 2012 (Modalidade de Di\u00e1rias e valor em UFESP para 2012) Circ-034 &#8211; 2012 (3\u00ba GEPEA &#8211; Gest\u00e3o de&#46;&#46;&#46;<\/p>\n","protected":false},"author":400,"featured_media":0,"parent":540,"menu_order":19,"comment_status":"closed","ping_status":"closed","template":"","meta":{"footnotes":"","_links_to":"","_links_to_target":""},"class_list":["post-682","page","type-page","status-publish","hentry"],"_links":{"self":[{"href":"https:\/\/sites.usp.br\/codage\/wp-json\/wp\/v2\/pages\/682","targetHints":{"allow":["GET"]}}],"collection":[{"href":"https:\/\/sites.usp.br\/codage\/wp-json\/wp\/v2\/pages"}],"about":[{"href":"https:\/\/sites.usp.br\/codage\/wp-json\/wp\/v2\/types\/page"}],"author":[{"embeddable":true,"href":"https:\/\/sites.usp.br\/codage\/wp-json\/wp\/v2\/users\/400"}],"replies":[{"embeddable":true,"href":"https:\/\/sites.usp.br\/codage\/wp-json\/wp\/v2\/comments?post=682"}],"version-history":[{"count":4,"href":"https:\/\/sites.usp.br\/codage\/wp-json\/wp\/v2\/pages\/682\/revisions"}],"predecessor-version":[{"id":1921,"href":"https:\/\/sites.usp.br\/codage\/wp-json\/wp\/v2\/pages\/682\/revisions\/1921"}],"up":[{"embeddable":true,"href":"https:\/\/sites.usp.br\/codage\/wp-json\/wp\/v2\/pages\/540"}],"wp:attachment":[{"href":"https:\/\/sites.usp.br\/codage\/wp-json\/wp\/v2\/media?parent=682"}],"curies":[{"name":"wp","href":"https:\/\/api.w.org\/{rel}","templated":true}]}}