{"id":932,"date":"2015-10-08T16:27:09","date_gmt":"2015-10-08T19:27:09","guid":{"rendered":"http:\/\/sites.usp.br\/comissaodaverdade\/?page_id=932"},"modified":"2015-10-08T17:02:39","modified_gmt":"2015-10-08T20:02:39","slug":"revistas-adusp","status":"publish","type":"page","link":"https:\/\/sites.usp.br\/comissaodaverdade\/institucional\/revistas-adusp\/","title":{"rendered":"Revistas ADUSP"},"content":{"rendered":"<p><strong>Revista n\u00ba 03<\/strong> &#8211; julho de 1995<br \/>\n<a href=\"http:\/\/www.adusp.org.br\/files\/revistas\/03\/r03a03.pdf\" target=\"_blank\">Desaparecidos Pol\u00edticos a falta de vontade pol\u00edtica de FHC &#8211;<\/a> Ivan Seixas<\/p>\n<p><strong>Revista n\u00ba 04<\/strong> &#8211; outubro de 1995<br \/>\n<a href=\"http:\/\/www.adusp.org.br\/files\/revistas\/04\/r04a03.pdf\" target=\"_blank\">Ditadura Militar: professores punidos pela congrega\u00e7\u00e3o<\/a> &#8211; Depoimento prestado pelo professor Florestan Fernandes ao Jornal Adusp em maio de 1994<\/p>\n<p><strong>Revista n\u00ba 08<\/strong> &#8211; dezembro de 1996<br \/>\n<a href=\"http:\/\/www.adusp.org.br\/files\/revistas\/08\/r08a12.pdf\" target=\"_blank\">Ditadura do pensamento \u00fanico: a ADUSP e a conjuntura nacional- <\/a>Carlos Eduardo Malhado Baldij\u00e3o<\/p>\n<p><strong>Revista n\u00ba 13<\/strong> &#8211; abril de 1998<br \/>\n<a href=\"http:\/\/www.adusp.org.br\/files\/revistas\/13\/r13.pdf\" target=\"_blank\">Especial:<\/a><br \/>\nA USP nos arquivos do DOPS<br \/>\nReitores da USP colaboravam com \u00f3rg\u00e3os de seguran\u00e7a antes mesmo do golpe de 64<br \/>\nDocumento comprova exist\u00eancia de representa\u00e7\u00e3o do Dops na reitoria da USP<br \/>\nAcompanhamento di\u00e1rio do Campus da Capital<br \/>\nFlorestan e Schemberg foram constantemente vigiados<br \/>\nCaixa de surpresas<\/p>\n<p><strong>Revista n\u00ba 33<\/strong> &#8211; outubro de 2004<br \/>\n<a href=\"http:\/\/www.adusp.org.br\/files\/revistas\/33\/r33.pdf\" target=\"_blank\">Ditadura e resist\u00eancia<\/a><\/p>\n<p><strong>Revista n\u00ba 34<\/strong> &#8211; maio de 2005<br \/>\n<a href=\"http:\/\/www.adusp.org.br\/files\/revistas\/34\/r34.pdf\" target=\"_blank\">Ditadura e mem\u00f3ria<\/a><\/p>\n<p><strong>Revista n\u00ba 39<\/strong> &#8211; mar\u00e7o de 2007<br \/>\n<a href=\"http:\/\/www.adusp.org.br\/files\/revistas\/39\/r39a06.pdf\" target=\"_blank\">Evento lembra luta contra a Ditadura<\/a><\/p>\n<p><strong>Revista n\u00ba 44<\/strong> &#8211; mar\u00e7o de 2009<br \/>\n<a href=\"http:\/\/www.adusp.org.br\/files\/revistas\/44\/r44.pdf\" target=\"_blank\">A Ditadura Militar Morreu?<\/a><\/p>\n<p><strong>Revista n\u00ba 48<\/strong> &#8211; setembro de 2010<br \/>\n<a href=\"http:\/\/www.adusp.org.br\/files\/revistas\/48\/r48a08.pdf\" target=\"_blank\">Justi\u00e7a Militar agora quer punir civil por suposto crime militar<\/a> &#8211; Rudson Pinheiro Soares<\/p>\n<p><strong>Revista n\u00ba 49<\/strong> &#8211; janeiro de 2011<br \/>\n<a href=\"http:\/\/www.adusp.org.br\/files\/revistas\/49\/rev49.pdf\" target=\"_blank\">&#8220;Comandante Toledo, presente! Agora e sempre!&#8221;<\/a><br \/>\nVanessa Silva e Pedro Estevam da Rocha Pomar<br \/>\n<a href=\"http:\/\/www.adusp.org.br\/files\/revistas\/49\/rev49.pdf\" target=\"_blank\">Nomes recuperados na dura pedra do Parque da Mem\u00f3ria<\/a><br \/>\nCec\u00edlia Luedemann<br \/>\n<a href=\"http:\/\/www.adusp.org.br\/files\/revistas\/49\/rev49.pdf\">Mem\u00f3ria<\/a><\/p>\n<p><strong>Revista n\u00ba 50<\/strong> &#8211; junho de 2011<br \/>\n<a href=\"http:\/\/www.adusp.org.br\/files\/revistas\/50\/rev50.pdf\" target=\"_blank\">Se a Ditadura acabou, onde est\u00e1 a Democracia?<\/a><\/p>\n<p><strong>Revista n\u00ba 51<\/strong> &#8211; outubro de 2011<br \/>\n<a href=\"http:\/\/www.adusp.org.br\/files\/revistas\/51\/r51a19.pdf\" target=\"_blank\">Desaparecida pol\u00edtica<\/a><\/p>\n<p><strong>Revista n\u00ba 52<\/strong> &#8211; abril de 2012<br \/>\n<a href=\"http:\/\/www.adusp.org.br\/files\/revistas\/52\/rev52.pdf\" target=\"_blank\">Mem\u00f3ria<\/a><\/p>\n<p><strong>Revista n\u00b0 53<\/strong> &#8211; outubro de 2012<br \/>\n<a href=\"http:\/\/www.adusp.org.br\/files\/revistas\/53\/Revista53.pdf\" target=\"_blank\">Comiss\u00e3o da Verdade tamb\u00e9m na USP<\/a><\/p>\n<p><strong>Revista n\u00b0 54<\/strong> &#8211; maio de 2012<br \/>\n<a href=\"http:\/\/www.adusp.org.br\/files\/revistas\/54\/RevistaAdusp54.pdf\" target=\"_blank\">USP &amp; ditadura militar<\/a><\/p>\n<p><strong>Revista n\u00b0 55<\/strong> &#8211; outubro de 2013<br \/>\n<a href=\"http:\/\/www.adusp.org.br\/files\/revistas\/55\/RevistaAdusp55.pdf\" target=\"_blank\">Ditadura<\/a><\/p>\n<p><strong>Cadernos ADUSP<\/strong><br \/>\n<a href=\"http:\/\/www.adusp.org.br\/files\/cadernos\/livronegro.pdf\" target=\"_blank\">O Controle Ideol\u00f3gico na USP (1964-1978) <\/a>publicado originalmente em 1978 sob o t\u00edtulo O livro negro da USP &#8211; O controle ideol\u00f3gico na Universidade<\/p>\n","protected":false},"excerpt":{"rendered":"<p>Revista n\u00ba 03 &#8211; julho de 1995 Desaparecidos Pol\u00edticos a falta de vontade pol\u00edtica de [&hellip;]<\/p>\n","protected":false},"author":63,"featured_media":0,"parent":281,"menu_order":0,"comment_status":"closed","ping_status":"closed","template":"","meta":{"footnotes":"","_links_to":"","_links_to_target":""},"class_list":["post-932","page","type-page","status-publish","hentry"],"_links":{"self":[{"href":"https:\/\/sites.usp.br\/comissaodaverdade\/wp-json\/wp\/v2\/pages\/932","targetHints":{"allow":["GET"]}}],"collection":[{"href":"https:\/\/sites.usp.br\/comissaodaverdade\/wp-json\/wp\/v2\/pages"}],"about":[{"href":"https:\/\/sites.usp.br\/comissaodaverdade\/wp-json\/wp\/v2\/types\/page"}],"author":[{"embeddable":true,"href":"https:\/\/sites.usp.br\/comissaodaverdade\/wp-json\/wp\/v2\/users\/63"}],"replies":[{"embeddable":true,"href":"https:\/\/sites.usp.br\/comissaodaverdade\/wp-json\/wp\/v2\/comments?post=932"}],"version-history":[{"count":6,"href":"https:\/\/sites.usp.br\/comissaodaverdade\/wp-json\/wp\/v2\/pages\/932\/revisions"}],"predecessor-version":[{"id":948,"href":"https:\/\/sites.usp.br\/comissaodaverdade\/wp-json\/wp\/v2\/pages\/932\/revisions\/948"}],"up":[{"embeddable":true,"href":"https:\/\/sites.usp.br\/comissaodaverdade\/wp-json\/wp\/v2\/pages\/281"}],"wp:attachment":[{"href":"https:\/\/sites.usp.br\/comissaodaverdade\/wp-json\/wp\/v2\/media?parent=932"}],"curies":[{"name":"wp","href":"https:\/\/api.w.org\/{rel}","templated":true}]}}