{"id":1252,"date":"2022-11-25T10:57:18","date_gmt":"2022-11-25T13:57:18","guid":{"rendered":"https:\/\/sites.usp.br\/comunicarparaprevenir\/?page_id=1252"},"modified":"2022-11-25T11:00:31","modified_gmt":"2022-11-25T14:00:31","slug":"quem-somos","status":"publish","type":"page","link":"https:\/\/sites.usp.br\/comunicarparaprevenir\/quem-somos\/","title":{"rendered":"Quem somos"},"content":{"rendered":"\n<p><strong>Quem somos:<\/strong><\/p>\n\n\n\n<p><em>Coordena\u00e7\u00e3o:<\/em><\/p>\n\n\n\n<p>Dan\u00fabia Caporusso Bargos \u2013 Doutora em Ci\u00eancias e Docente do Departamento de Ci\u00eancias B\u00e1sicas e Ambientais da EEL\/USP (Lattes:&nbsp;<a href=\"http:\/\/lattes.cnpq.br\/1070404228174660\" target=\"_blank\" rel=\"noreferrer noopener\">http:\/\/lattes.cnpq.br\/1070404228174660<\/a>) -;<\/p>\n\n\n\n<p><em>Colaboradores:<\/em><\/p>\n\n\n\n<ul class=\"wp-block-list\">\n<li>Daniel Andr\u00e9s Rodriguez \u2013 Doutor em Meteorologia e Pesquisador da UFRJ (Lattes:&nbsp;<a href=\"http:\/\/lattes.cnpq.br\/9562026485353606\" target=\"_blank\" rel=\"noreferrer noopener\">http:\/\/lattes.cnpq.br\/9562026485353606<\/a>);<\/li>\n\n\n\n<li>D\u00e9bora Luisa Silva Teixeira \u2013 Mestranda em Meio Ambiente e Recursos H\u00eddricos pela UNIFEI \u2013 MG (Lattes:&nbsp;<a href=\"http:\/\/lattes.cnpq.br\/4004112372907611\" target=\"_blank\" rel=\"noreferrer noopener\">http:\/\/lattes.cnpq.br\/4004112372907611<\/a>);<\/li>\n\n\n\n<li>Efraim Greg\u00f3rio Ferraz \u2013 Professor de Educa\u00e7\u00e3o B\u00e1sica II da Est\u00e2ncia Clim\u00e1tica de Cunha, Secretaria de Educa\u00e7\u00e3o do Estado de S\u00e3o Paulo;<\/li>\n\n\n\n<li>Elsa Paula Figueira Ferreira Morgado de Sampaio \u2013 Doutora em Ci\u00eancias do Ambiente, Docente e Pesquisadora no Departamento de Geoci\u00eancias da Universidade de \u00c9vora \u2013 Portugal (Curr\u00edculo:&nbsp;<a href=\"https:\/\/www.cienciavitae.pt\/8014-6B10-BB34\" target=\"_blank\" rel=\"noreferrer noopener\">https:\/\/www.cienciavitae.pt\/8014-6B10-BB34<\/a>;&nbsp;<a href=\"https:\/\/www.uevora.pt\/pessoas?id=23746\" target=\"_blank\" rel=\"noreferrer noopener\">https:\/\/www.uevora.pt\/pessoas?id=23746<\/a>);<\/li>\n\n\n\n<li>Helena Ricardo Rosa \u2013 Graduanda em Engenharia Civil pela FEG\/UNESP (Lattes:&nbsp;<a href=\"http:\/\/lattes.cnpq.br\/0618697262376535\" target=\"_blank\" rel=\"noreferrer noopener\">http:\/\/lattes.cnpq.br\/0618697262376535<\/a>);<\/li>\n\n\n\n<li>Irving Rodrigues de Souza \u2013 Engenheiro civil graduado pela FEG\/UNESP (Lattes:&nbsp;<a href=\"http:\/\/lattes.cnpq.br\/0057449879291962\" target=\"_blank\" rel=\"noreferrer noopener\">http:\/\/lattes.cnpq.br\/0057449879291962<\/a>);<\/li>\n\n\n\n<li>Jos\u00e9 Eder Galdino da Costa \u2013 Prefeito Municipal da Est\u00e2ncia Clim\u00e1tica de Cunha \u2013 SP;<\/li>\n\n\n\n<li>Adriano Lopes Pereira \u2013 Secret\u00e1rio de Planejamento e Obras da Est\u00e2ncia Clim\u00e1tica de Cunha \u2013 SP;<\/li>\n\n\n\n<li>Luiz Tadeu da Silva \u2013 Doutor em Ci\u00eancias Ambientais e Pesquisador do INPE (Lattes:&nbsp;<a href=\"http:\/\/lattes.cnpq.br\/6253609309630714\" target=\"_blank\" rel=\"noreferrer noopener\">http:\/\/lattes.cnpq.br\/6253609309630714<\/a>);<\/li>\n\n\n\n<li>Marcelo Barbio Rosa \u2013 Doutor em Meteorologia e Pesquisador do INPE (Lattes:&nbsp;<a href=\"http:\/\/lattes.cnpq.br\/1550003350972703\" target=\"_blank\" rel=\"noreferrer noopener\">http:\/\/lattes.cnpq.br\/1550003350972703<\/a>);<\/li>\n\n\n\n<li>Maria Beth\u00e2nia de Siqueira Leite Fochi \u2013 Docente em Escola Municipal da Est\u00e2ncia Clim\u00e1tica de Cunha (Lattes:&nbsp;<a href=\"http:\/\/lattes.cnpq.br\/5023608850559653\" target=\"_blank\" rel=\"noreferrer noopener\">http:\/\/lattes.cnpq.br\/5023608850559653<\/a>);<\/li>\n\n\n\n<li>Ot\u00e1vio Augusto Kalckmann \u2013 Arquiteto, Empres\u00e1rio e Membro da comunidade da Est\u00e2ncia Clim\u00e1tica de Cunha;<\/li>\n\n\n\n<li>Paulo Valladares Soares \u2013 Doutor em Geoci\u00eancias e Docente do Departamento de Engenharia Civil da FEG\/UNESP (Lattes:&nbsp;<a href=\"http:\/\/lattes.cnpq.br\/6042891876352496\" target=\"_blank\" rel=\"noreferrer noopener\">http:\/\/lattes.cnpq.br\/6042891876352496<\/a>);<\/li>\n\n\n\n<li>Ronaldo Charles dos Santos \u2013 Presidente da C\u00e2mara Municipal da Est\u00e2ncia Clim\u00e1tica de Cunha \u2013 SP;<\/li>\n\n\n\n<li>Thiago Bazzan \u2013 Doutorando em Sensoriamento Remoto pelo INPE (Lattes:&nbsp;<a href=\"http:\/\/lattes.cnpq.br\/0882145988534430\" target=\"_blank\" rel=\"noreferrer noopener\">http:\/\/lattes.cnpq.br\/0882145988534430<\/a>);<\/li>\n\n\n\n<li>Wilson dos Santos Monteiro \u2013 Diretor da C\u00e2mara Municipal da Est\u00e2ncia Clim\u00e1tica de Cunha \u2013 SP;<\/li>\n<\/ul>\n","protected":false},"excerpt":{"rendered":"<p>Quem somos: Coordena\u00e7\u00e3o: Dan\u00fabia Caporusso Bargos \u2013 Doutora em Ci\u00eancias e Docente do Departamento de Ci\u00eancias B\u00e1sicas e Ambientais da EEL\/USP (Lattes:&nbsp;http:\/\/lattes.cnpq.br\/1070404228174660) -; Colaboradores:<\/p>\n","protected":false},"author":23096,"featured_media":0,"parent":0,"menu_order":0,"comment_status":"closed","ping_status":"closed","template":"","meta":{"footnotes":"","_links_to":"","_links_to_target":""},"class_list":["post-1252","page","type-page","status-publish","hentry"],"_links":{"self":[{"href":"https:\/\/sites.usp.br\/comunicarparaprevenir\/wp-json\/wp\/v2\/pages\/1252","targetHints":{"allow":["GET"]}}],"collection":[{"href":"https:\/\/sites.usp.br\/comunicarparaprevenir\/wp-json\/wp\/v2\/pages"}],"about":[{"href":"https:\/\/sites.usp.br\/comunicarparaprevenir\/wp-json\/wp\/v2\/types\/page"}],"author":[{"embeddable":true,"href":"https:\/\/sites.usp.br\/comunicarparaprevenir\/wp-json\/wp\/v2\/users\/23096"}],"replies":[{"embeddable":true,"href":"https:\/\/sites.usp.br\/comunicarparaprevenir\/wp-json\/wp\/v2\/comments?post=1252"}],"version-history":[{"count":2,"href":"https:\/\/sites.usp.br\/comunicarparaprevenir\/wp-json\/wp\/v2\/pages\/1252\/revisions"}],"predecessor-version":[{"id":1260,"href":"https:\/\/sites.usp.br\/comunicarparaprevenir\/wp-json\/wp\/v2\/pages\/1252\/revisions\/1260"}],"wp:attachment":[{"href":"https:\/\/sites.usp.br\/comunicarparaprevenir\/wp-json\/wp\/v2\/media?parent=1252"}],"curies":[{"name":"wp","href":"https:\/\/api.w.org\/{rel}","templated":true}]}}