{"id":639,"date":"2022-12-28T19:05:19","date_gmt":"2022-12-28T22:05:19","guid":{"rendered":"https:\/\/sites.usp.br\/comunicasaoremo\/?page_id=639"},"modified":"2023-01-11T16:38:42","modified_gmt":"2023-01-11T19:38:42","slug":"oficina-radio","status":"publish","type":"page","link":"https:\/\/sites.usp.br\/comunicasaoremo\/projetos\/oficina-radio\/","title":{"rendered":"R\u00e1dio"},"content":{"rendered":"\t\t<div data-elementor-type=\"wp-page\" data-elementor-id=\"639\" class=\"elementor elementor-639\" data-elementor-post-type=\"page\">\n\t\t\t\t\t\t<section class=\"elementor-section elementor-top-section elementor-element elementor-element-cfbe4e0 elementor-section-boxed elementor-section-height-default elementor-section-height-default\" data-id=\"cfbe4e0\" data-element_type=\"section\">\n\t\t\t\t\t\t<div class=\"elementor-container elementor-column-gap-default\">\n\t\t\t\t\t<div class=\"elementor-column elementor-col-100 elementor-top-column elementor-element elementor-element-fbc1381\" data-id=\"fbc1381\" data-element_type=\"column\">\n\t\t\t<div class=\"elementor-widget-wrap elementor-element-populated\">\n\t\t\t\t\t\t<section class=\"elementor-section elementor-inner-section elementor-element elementor-element-1ac9b65 elementor-section-boxed elementor-section-height-default elementor-section-height-default\" data-id=\"1ac9b65\" data-element_type=\"section\">\n\t\t\t\t\t\t<div class=\"elementor-container elementor-column-gap-default\">\n\t\t\t\t\t<div class=\"elementor-column elementor-col-50 elementor-inner-column elementor-element elementor-element-9e8f24f\" data-id=\"9e8f24f\" data-element_type=\"column\">\n\t\t\t<div class=\"elementor-widget-wrap elementor-element-populated\">\n\t\t\t\t\t\t<div class=\"elementor-element elementor-element-7117dde elementor-widget elementor-widget-heading\" data-id=\"7117dde\" data-element_type=\"widget\" data-widget_type=\"heading.default\">\n\t\t\t\t<div class=\"elementor-widget-container\">\n\t\t\t<h2 class=\"elementor-heading-title elementor-size-default\">Oficina de R\u00e1dio<\/h2>\t\t<\/div>\n\t\t\t\t<\/div>\n\t\t\t\t<div class=\"elementor-element elementor-element-d94f301 elementor-widget elementor-widget-text-editor\" data-id=\"d94f301\" data-element_type=\"widget\" data-widget_type=\"text-editor.default\">\n\t\t\t\t<div class=\"elementor-widget-container\">\n\t\t\t\t\t\t\t<p><span style=\"font-weight: 400;\">A oficina de r\u00e1dio surgiu a<\/span><span style=\"font-weight: 400;\">\u00a0partir da demanda identificada nas reuni\u00f5es com grupos e lideran\u00e7as da comunidade S\u00e3o Remo no per\u00edodo inicial do projeto Comunica S\u00e3o Remo (2021), convidamos no m\u00eas de junho de 2022 para uma reflex\u00e3o sobre como co-construir uma r\u00e1dio, sua import\u00e2ncia e poss\u00edveis caminhos para a\u00e7\u00e3o.<\/span><\/p>\t\t\t\t\t\t<\/div>\n\t\t\t\t<\/div>\n\t\t\t\t\t<\/div>\n\t\t<\/div>\n\t\t\t\t<div class=\"elementor-column elementor-col-50 elementor-inner-column elementor-element elementor-element-67e68e9\" data-id=\"67e68e9\" data-element_type=\"column\">\n\t\t\t<div class=\"elementor-widget-wrap elementor-element-populated\">\n\t\t\t\t\t\t<div class=\"elementor-element elementor-element-68cf4ca elementor-widget elementor-widget-image\" data-id=\"68cf4ca\" data-element_type=\"widget\" data-widget_type=\"image.default\">\n\t\t\t\t<div class=\"elementor-widget-container\">\n\t\t\t\t\t\t\t\t\t\t\t\t\t<img fetchpriority=\"high\" decoding=\"async\" width=\"300\" height=\"300\" src=\"https:\/\/sites.usp.br\/comunicasaoremo\/wp-content\/uploads\/sites\/1067\/2022\/07\/radio-300x300.png\" class=\"attachment-medium size-medium wp-image-632\" alt=\"\" srcset=\"https:\/\/sites.usp.br\/comunicasaoremo\/wp-content\/uploads\/sites\/1067\/2022\/07\/radio-300x300.png 300w, https:\/\/sites.usp.br\/comunicasaoremo\/wp-content\/uploads\/sites\/1067\/2022\/07\/radio-150x150.png 150w, https:\/\/sites.usp.br\/comunicasaoremo\/wp-content\/uploads\/sites\/1067\/2022\/07\/radio-768x768.png 768w, https:\/\/sites.usp.br\/comunicasaoremo\/wp-content\/uploads\/sites\/1067\/2022\/07\/radio-600x600.png 600w, https:\/\/sites.usp.br\/comunicasaoremo\/wp-content\/uploads\/sites\/1067\/2022\/07\/radio-45x45.png 45w, https:\/\/sites.usp.br\/comunicasaoremo\/wp-content\/uploads\/sites\/1067\/2022\/07\/radio.png 904w\" sizes=\"(max-width: 300px) 100vw, 300px\" \/>\t\t\t\t\t\t\t\t\t\t\t\t\t<\/div>\n\t\t\t\t<\/div>\n\t\t\t\t\t<\/div>\n\t\t<\/div>\n\t\t\t\t\t<\/div>\n\t\t<\/section>\n\t\t\t\t\t<\/div>\n\t\t<\/div>\n\t\t\t\t\t<\/div>\n\t\t<\/section>\n\t\t\t\t<section class=\"elementor-section elementor-top-section elementor-element elementor-element-79838e0 elementor-section-boxed elementor-section-height-default elementor-section-height-default\" data-id=\"79838e0\" data-element_type=\"section\">\n\t\t\t\t\t\t<div class=\"elementor-container elementor-column-gap-default\">\n\t\t\t\t\t<div class=\"elementor-column elementor-col-100 elementor-top-column elementor-element elementor-element-e953c89\" data-id=\"e953c89\" data-element_type=\"column\">\n\t\t\t<div class=\"elementor-widget-wrap elementor-element-populated\">\n\t\t\t\t\t\t<div class=\"elementor-element elementor-element-0588f28 elementor-widget elementor-widget-text-editor\" data-id=\"0588f28\" data-element_type=\"widget\" data-widget_type=\"text-editor.default\">\n\t\t\t\t<div class=\"elementor-widget-container\">\n\t\t\t\t\t\t\t<p><span style=\"font-weight: 400;\">O primeiro encontro ocorreu no dia 21 de junho de 2022, no sal\u00e3o da Igreja Cat\u00f3lica da S\u00e3o Remo, com moradores presentes todos eles j\u00e1 com alguma experi\u00eancia em difus\u00e3o (de m\u00fasica, podcast, eventos diversos) em diversas redes sociais. No primeiro momento, foram convidados a formar tr\u00eas grupos para lan\u00e7ar os fundamentos da r\u00e1dio, mediante a resposta \u00e0s seguintes quest\u00f5es: Quem somos? O que queremos falar? Para quem queremos falar? Por que queremos falar? Quais s\u00e3o os nossos objetivos? Sistematizadas, as respostas comp\u00f5em o quadro seguinte<\/span><\/p><p><span style=\"font-weight: 400;\">Na sequ\u00eancia, os mesmos grupos foram convidados a elaborar a programa\u00e7\u00e3o para uma semana de funcionamento da R\u00e1dio, durante 24 horas di\u00e1rias. A jun\u00e7\u00e3o das sugest\u00f5es de programas est\u00e3o nos quadros seguintes, em tr\u00eas cores diferentes, cada cor referente \u00e0s sugest\u00f5es de um dos grupos.\u00a0\u00a0<\/span><\/p>\t\t\t\t\t\t<\/div>\n\t\t\t\t<\/div>\n\t\t\t\t<div class=\"elementor-element elementor-element-2c5d9cd elementor-arrows-position-inside elementor-pagination-position-outside elementor-widget elementor-widget-image-carousel\" data-id=\"2c5d9cd\" data-element_type=\"widget\" data-settings=\"{&quot;slides_to_show&quot;:&quot;1&quot;,&quot;navigation&quot;:&quot;both&quot;,&quot;autoplay&quot;:&quot;yes&quot;,&quot;pause_on_hover&quot;:&quot;yes&quot;,&quot;pause_on_interaction&quot;:&quot;yes&quot;,&quot;autoplay_speed&quot;:5000,&quot;infinite&quot;:&quot;yes&quot;,&quot;effect&quot;:&quot;slide&quot;,&quot;speed&quot;:500}\" data-widget_type=\"image-carousel.default\">\n\t\t\t\t<div class=\"elementor-widget-container\">\n\t\t\t\t\t<div class=\"elementor-image-carousel-wrapper swiper\" dir=\"ltr\">\n\t\t\t<div class=\"elementor-image-carousel swiper-wrapper\" aria-live=\"off\">\n\t\t\t\t\t\t\t\t<div class=\"swiper-slide\" role=\"group\" aria-roledescription=\"slide\" aria-label=\"1 de 7\"><figure class=\"swiper-slide-inner\"><img decoding=\"async\" class=\"swiper-slide-image\" src=\"https:\/\/sites.usp.br\/comunicasaoremo\/wp-content\/uploads\/sites\/1067\/2022\/12\/20220620_193718-768x432.jpg\" alt=\"Pequenos grupos - estrutura\u00e7\u00e3o da r\u00e1dio\" \/><\/figure><\/div><div class=\"swiper-slide\" role=\"group\" aria-roledescription=\"slide\" aria-label=\"2 de 7\"><figure class=\"swiper-slide-inner\"><img decoding=\"async\" class=\"swiper-slide-image\" src=\"https:\/\/sites.usp.br\/comunicasaoremo\/wp-content\/uploads\/sites\/1067\/2022\/12\/20220620_193728-scaled-e1672266062594-768x556.jpg\" alt=\"Pequenos grupos - estrutura\u00e7\u00e3o da r\u00e1dio\" \/><\/figure><\/div><div class=\"swiper-slide\" role=\"group\" aria-roledescription=\"slide\" aria-label=\"3 de 7\"><figure class=\"swiper-slide-inner\"><img decoding=\"async\" class=\"swiper-slide-image\" src=\"https:\/\/sites.usp.br\/comunicasaoremo\/wp-content\/uploads\/sites\/1067\/2022\/12\/20220620_193735-768x432.jpg\" alt=\"Pequenos grupos - estrutura\u00e7\u00e3o da r\u00e1dio\" \/><\/figure><\/div><div class=\"swiper-slide\" role=\"group\" aria-roledescription=\"slide\" aria-label=\"4 de 7\"><figure class=\"swiper-slide-inner\"><img decoding=\"async\" class=\"swiper-slide-image\" src=\"https:\/\/sites.usp.br\/comunicasaoremo\/wp-content\/uploads\/sites\/1067\/2022\/12\/20220620_193747-768x432.jpg\" alt=\"Pequenos grupos - estrutura\u00e7\u00e3o da r\u00e1dio\" \/><\/figure><\/div><div class=\"swiper-slide\" role=\"group\" aria-roledescription=\"slide\" aria-label=\"5 de 7\"><figure class=\"swiper-slide-inner\"><img decoding=\"async\" class=\"swiper-slide-image\" src=\"https:\/\/sites.usp.br\/comunicasaoremo\/wp-content\/uploads\/sites\/1067\/2022\/12\/20220620_193809-768x432.jpg\" alt=\"Pequenos grupos - estrutura\u00e7\u00e3o da r\u00e1dio\" \/><\/figure><\/div><div class=\"swiper-slide\" role=\"group\" aria-roledescription=\"slide\" aria-label=\"6 de 7\"><figure class=\"swiper-slide-inner\"><img decoding=\"async\" class=\"swiper-slide-image\" src=\"https:\/\/sites.usp.br\/comunicasaoremo\/wp-content\/uploads\/sites\/1067\/2022\/12\/20220620_193814-768x432.jpg\" alt=\"Pequenos grupos - estrutura\u00e7\u00e3o da r\u00e1dio\" \/><\/figure><\/div><div class=\"swiper-slide\" role=\"group\" aria-roledescription=\"slide\" aria-label=\"7 de 7\"><figure class=\"swiper-slide-inner\"><img decoding=\"async\" class=\"swiper-slide-image\" src=\"https:\/\/sites.usp.br\/comunicasaoremo\/wp-content\/uploads\/sites\/1067\/2022\/12\/20220620_214619-768x432.jpg\" alt=\"Participantes da Oficina\" \/><\/figure><\/div>\t\t\t<\/div>\n\t\t\t\t\t\t\t\t\t\t\t\t<div class=\"elementor-swiper-button elementor-swiper-button-prev\" role=\"button\" tabindex=\"0\">\n\t\t\t\t\t\t<i aria-hidden=\"true\" class=\"eicon-chevron-left\"><\/i>\t\t\t\t\t<\/div>\n\t\t\t\t\t<div class=\"elementor-swiper-button elementor-swiper-button-next\" role=\"button\" tabindex=\"0\">\n\t\t\t\t\t\t<i aria-hidden=\"true\" class=\"eicon-chevron-right\"><\/i>\t\t\t\t\t<\/div>\n\t\t\t\t\n\t\t\t\t\t\t\t\t\t<div class=\"swiper-pagination\"><\/div>\n\t\t\t\t\t\t\t\t\t<\/div>\n\t\t\t\t<\/div>\n\t\t\t\t<\/div>\n\t\t\t\t\t<\/div>\n\t\t<\/div>\n\t\t\t\t\t<\/div>\n\t\t<\/section>\n\t\t\t\t<section class=\"elementor-section elementor-top-section elementor-element elementor-element-8b3550d elementor-section-boxed elementor-section-height-default elementor-section-height-default\" data-id=\"8b3550d\" data-element_type=\"section\">\n\t\t\t\t\t\t<div class=\"elementor-container elementor-column-gap-default\">\n\t\t\t\t\t<div class=\"elementor-column elementor-col-100 elementor-top-column elementor-element elementor-element-d0dd84e\" data-id=\"d0dd84e\" data-element_type=\"column\">\n\t\t\t<div class=\"elementor-widget-wrap elementor-element-populated\">\n\t\t\t\t\t\t<div class=\"elementor-element elementor-element-4256c43 elementor-widget elementor-widget-text-editor\" data-id=\"4256c43\" data-element_type=\"widget\" data-widget_type=\"text-editor.default\">\n\t\t\t\t<div class=\"elementor-widget-container\">\n\t\t\t\t\t\t\t<p><span style=\"font-weight: 400;\">O segundo encontro pretendeu promover um interc\u00e2mbio entre academia\/universidade de S\u00e3o Paulo e a comunidade S\u00e3o Remo e aconteceu para compartilhar conhecimentos b\u00e1sicos necess\u00e1rios \u00e0 compreens\u00e3o dos fen\u00f4menos sonoros e da cria\u00e7\u00e3o de narrativas em m\u00eddia \u00e1udio no dia 21\/06\/2022 com alunos e professores da ECA e EACH nos Laborat\u00f3rios de Capta\u00e7\u00e3o e Processamentos de \u00c1udio da Escola de Comunica\u00e7\u00f5es e Artes (ECA) da Universidade de S\u00e3o Paulo (USP) na Cidade Universit\u00e1ria liderados pelo Prof. Dr. Marciel A. Consani (CCA-ECA\/USP), professor do curso de Licenciatura em Educomunica\u00e7\u00e3o do Centro de Comunica\u00e7\u00e3o e Artes (CCA) da ECA\/USP e do Programa de P\u00f3s-Gradua\u00e7\u00e3o em Ci\u00eancia da Comunica\u00e7\u00e3o da ECA-USP. Os participantes ap\u00f3s uma viv\u00eancia em sala de aula fizeram uma visita t\u00e9cnica aos est\u00fadio de \u00e1udio e v\u00eddeo da ECA_USP e depois tiveram uma confraterniza\u00e7\u00e3o em um <\/span><i><span style=\"font-weight: 400;\">coffe break<\/span><\/i><span style=\"font-weight: 400;\"> oferecido pela equipe do Projeto Comunica S\u00e3o Remo.<\/span><\/p>\t\t\t\t\t\t<\/div>\n\t\t\t\t<\/div>\n\t\t\t\t<div class=\"elementor-element elementor-element-e5ef8ce elementor-arrows-position-inside elementor-pagination-position-outside elementor-widget elementor-widget-image-carousel\" data-id=\"e5ef8ce\" data-element_type=\"widget\" data-settings=\"{&quot;slides_to_show&quot;:&quot;1&quot;,&quot;navigation&quot;:&quot;both&quot;,&quot;autoplay&quot;:&quot;yes&quot;,&quot;pause_on_hover&quot;:&quot;yes&quot;,&quot;pause_on_interaction&quot;:&quot;yes&quot;,&quot;autoplay_speed&quot;:5000,&quot;infinite&quot;:&quot;yes&quot;,&quot;effect&quot;:&quot;slide&quot;,&quot;speed&quot;:500}\" data-widget_type=\"image-carousel.default\">\n\t\t\t\t<div class=\"elementor-widget-container\">\n\t\t\t\t\t<div class=\"elementor-image-carousel-wrapper swiper\" dir=\"ltr\">\n\t\t\t<div class=\"elementor-image-carousel swiper-wrapper\" aria-live=\"off\">\n\t\t\t\t\t\t\t\t<div class=\"swiper-slide\" role=\"group\" aria-roledescription=\"slide\" aria-label=\"1 de 7\"><figure class=\"swiper-slide-inner\"><img decoding=\"async\" class=\"swiper-slide-image\" src=\"https:\/\/sites.usp.br\/comunicasaoremo\/wp-content\/uploads\/sites\/1067\/2022\/12\/20220621_213641-768x432.jpg\" alt=\"20220621_213641\" \/><\/figure><\/div><div class=\"swiper-slide\" role=\"group\" aria-roledescription=\"slide\" aria-label=\"2 de 7\"><figure class=\"swiper-slide-inner\"><img decoding=\"async\" class=\"swiper-slide-image\" src=\"https:\/\/sites.usp.br\/comunicasaoremo\/wp-content\/uploads\/sites\/1067\/2022\/12\/20220621_213648-768x432.jpg\" alt=\"20220621_213648\" \/><\/figure><\/div><div class=\"swiper-slide\" role=\"group\" aria-roledescription=\"slide\" aria-label=\"3 de 7\"><figure class=\"swiper-slide-inner\"><img decoding=\"async\" class=\"swiper-slide-image\" src=\"https:\/\/sites.usp.br\/comunicasaoremo\/wp-content\/uploads\/sites\/1067\/2022\/12\/20220621_213651-768x432.jpg\" alt=\"20220621_213651\" \/><\/figure><\/div><div class=\"swiper-slide\" role=\"group\" aria-roledescription=\"slide\" aria-label=\"4 de 7\"><figure class=\"swiper-slide-inner\"><img decoding=\"async\" class=\"swiper-slide-image\" src=\"https:\/\/sites.usp.br\/comunicasaoremo\/wp-content\/uploads\/sites\/1067\/2022\/12\/20220621_213748-768x432.jpg\" alt=\"20220621_213748\" \/><\/figure><\/div><div class=\"swiper-slide\" role=\"group\" aria-roledescription=\"slide\" aria-label=\"5 de 7\"><figure class=\"swiper-slide-inner\"><img decoding=\"async\" class=\"swiper-slide-image\" src=\"https:\/\/sites.usp.br\/comunicasaoremo\/wp-content\/uploads\/sites\/1067\/2022\/12\/20220621_213921-768x432.jpg\" alt=\"20220621_213921\" \/><\/figure><\/div><div class=\"swiper-slide\" role=\"group\" aria-roledescription=\"slide\" aria-label=\"6 de 7\"><figure class=\"swiper-slide-inner\"><img decoding=\"async\" class=\"swiper-slide-image\" src=\"https:\/\/sites.usp.br\/comunicasaoremo\/wp-content\/uploads\/sites\/1067\/2022\/12\/20220621_215556-768x432.jpg\" alt=\"20220621_215556\" \/><\/figure><\/div><div class=\"swiper-slide\" role=\"group\" aria-roledescription=\"slide\" aria-label=\"7 de 7\"><figure class=\"swiper-slide-inner\"><img decoding=\"async\" class=\"swiper-slide-image\" src=\"https:\/\/sites.usp.br\/comunicasaoremo\/wp-content\/uploads\/sites\/1067\/2022\/12\/20220621_215853-768x576.jpg\" alt=\"20220621_215853\" \/><\/figure><\/div>\t\t\t<\/div>\n\t\t\t\t\t\t\t\t\t\t\t\t<div class=\"elementor-swiper-button elementor-swiper-button-prev\" role=\"button\" tabindex=\"0\">\n\t\t\t\t\t\t<i aria-hidden=\"true\" class=\"eicon-chevron-left\"><\/i>\t\t\t\t\t<\/div>\n\t\t\t\t\t<div class=\"elementor-swiper-button elementor-swiper-button-next\" role=\"button\" tabindex=\"0\">\n\t\t\t\t\t\t<i aria-hidden=\"true\" class=\"eicon-chevron-right\"><\/i>\t\t\t\t\t<\/div>\n\t\t\t\t\n\t\t\t\t\t\t\t\t\t<div class=\"swiper-pagination\"><\/div>\n\t\t\t\t\t\t\t\t\t<\/div>\n\t\t\t\t<\/div>\n\t\t\t\t<\/div>\n\t\t\t\t<div class=\"elementor-element elementor-element-e9a2d14 elementor-widget elementor-widget-text-editor\" data-id=\"e9a2d14\" data-element_type=\"widget\" data-widget_type=\"text-editor.default\">\n\t\t\t\t<div class=\"elementor-widget-container\">\n\t\t\t\t\t\t\t<p><span style=\"font-weight: 400;\">A \u00faltima etapa consistiu em mais uma reuni\u00e3o para planejamento das a\u00e7\u00f5es futuras para implementa\u00e7\u00e3o de uma R\u00e1dio Comunit\u00e1ria com apoio dos docentes do projeto. Partimos do pressuposto de que o trabalho com o r\u00e1dio na comunidade S\u00e3o Remo permite a flexibilidade, ou seja, diferentes adapta\u00e7\u00f5es a depender do contexto, dos recursos materiais e, sobretudo, da disponibilidade de p\u00fablicos variados.<\/span><\/p><p><span style=\"font-weight: 400;\">A terceira e \u00faltima etapa pretende alinhar, junto com os moradores, a\u00e7\u00f5es capazes de garantir a continuidade das atividades implantadas pelo projeto, desta feita sob o comando e a opera\u00e7\u00e3o exclusivamente da pr\u00f3pria comunidade. Uma destas a\u00e7\u00f5es \u00e9 a cria\u00e7\u00e3o e implanta\u00e7\u00e3o de uma emissora de r\u00e1dio, operada, inicialmente, pela Internet, inteiramente concebida e executada por moradores da S\u00e3o Remo. Para tanto, uma s\u00e9rie de oficinas deve prepar\u00e1-los para a tarefa no futuro.<\/span><\/p>\t\t\t\t\t\t<\/div>\n\t\t\t\t<\/div>\n\t\t\t\t\t<\/div>\n\t\t<\/div>\n\t\t\t\t\t<\/div>\n\t\t<\/section>\n\t\t\t\t<\/div>\n\t\t","protected":false},"excerpt":{"rendered":"<p>Oficina de R\u00e1dio A oficina de r\u00e1dio surgiu a\u00a0partir da demanda identificada nas reuni\u00f5es com grupos e lideran\u00e7as da comunidade S\u00e3o Remo no per\u00edodo inicial do projeto Comunica S\u00e3o Remo (2021), convidamos no m\u00eas de junho de 2022 para uma reflex\u00e3o sobre como co-construir uma r\u00e1dio, sua import\u00e2ncia e poss\u00edveis caminhos para a\u00e7\u00e3o. O primeiro [&hellip;]<\/p>\n","protected":false},"author":22764,"featured_media":0,"parent":113,"menu_order":0,"comment_status":"closed","ping_status":"closed","template":"","meta":{"ocean_post_layout":"","ocean_both_sidebars_style":"","ocean_both_sidebars_content_width":0,"ocean_both_sidebars_sidebars_width":0,"ocean_sidebar":"","ocean_second_sidebar":"","ocean_disable_margins":"enable","ocean_add_body_class":"","ocean_shortcode_before_top_bar":"","ocean_shortcode_after_top_bar":"","ocean_shortcode_before_header":"","ocean_shortcode_after_header":"","ocean_has_shortcode":"","ocean_shortcode_after_title":"","ocean_shortcode_before_footer_widgets":"","ocean_shortcode_after_footer_widgets":"","ocean_shortcode_before_footer_bottom":"","ocean_shortcode_after_footer_bottom":"","ocean_display_top_bar":"default","ocean_display_header":"default","ocean_header_style":"","ocean_center_header_left_menu":"","ocean_custom_header_template":"","ocean_custom_logo":0,"ocean_custom_retina_logo":0,"ocean_custom_logo_max_width":0,"ocean_custom_logo_tablet_max_width":0,"ocean_custom_logo_mobile_max_width":0,"ocean_custom_logo_max_height":0,"ocean_custom_logo_tablet_max_height":0,"ocean_custom_logo_mobile_max_height":0,"ocean_header_custom_menu":"","ocean_menu_typo_font_family":"","ocean_menu_typo_font_subset":"","ocean_menu_typo_font_size":0,"ocean_menu_typo_font_size_tablet":0,"ocean_menu_typo_font_size_mobile":0,"ocean_menu_typo_font_size_unit":"px","ocean_menu_typo_font_weight":"","ocean_menu_typo_font_weight_tablet":"","ocean_menu_typo_font_weight_mobile":"","ocean_menu_typo_transform":"","ocean_menu_typo_transform_tablet":"","ocean_menu_typo_transform_mobile":"","ocean_menu_typo_line_height":0,"ocean_menu_typo_line_height_tablet":0,"ocean_menu_typo_line_height_mobile":0,"ocean_menu_typo_line_height_unit":"","ocean_menu_typo_spacing":0,"ocean_menu_typo_spacing_tablet":0,"ocean_menu_typo_spacing_mobile":0,"ocean_menu_typo_spacing_unit":"","ocean_menu_link_color":"","ocean_menu_link_color_hover":"","ocean_menu_link_color_active":"","ocean_menu_link_background":"","ocean_menu_link_hover_background":"","ocean_menu_link_active_background":"","ocean_menu_social_links_bg":"","ocean_menu_social_hover_links_bg":"","ocean_menu_social_links_color":"","ocean_menu_social_hover_links_color":"","ocean_disable_title":"default","ocean_disable_heading":"default","ocean_post_title":"","ocean_post_subheading":"","ocean_post_title_style":"","ocean_post_title_background_color":"","ocean_post_title_background":0,"ocean_post_title_bg_image_position":"","ocean_post_title_bg_image_attachment":"","ocean_post_title_bg_image_repeat":"","ocean_post_title_bg_image_size":"","ocean_post_title_height":0,"ocean_post_title_bg_overlay":0.5,"ocean_post_title_bg_overlay_color":"","ocean_disable_breadcrumbs":"default","ocean_breadcrumbs_color":"","ocean_breadcrumbs_separator_color":"","ocean_breadcrumbs_links_color":"","ocean_breadcrumbs_links_hover_color":"","ocean_display_footer_widgets":"default","ocean_display_footer_bottom":"default","ocean_custom_footer_template":"","footnotes":"","_links_to":"","_links_to_target":""},"class_list":["post-639","page","type-page","status-publish","hentry","entry"],"_links":{"self":[{"href":"https:\/\/sites.usp.br\/comunicasaoremo\/wp-json\/wp\/v2\/pages\/639","targetHints":{"allow":["GET"]}}],"collection":[{"href":"https:\/\/sites.usp.br\/comunicasaoremo\/wp-json\/wp\/v2\/pages"}],"about":[{"href":"https:\/\/sites.usp.br\/comunicasaoremo\/wp-json\/wp\/v2\/types\/page"}],"author":[{"embeddable":true,"href":"https:\/\/sites.usp.br\/comunicasaoremo\/wp-json\/wp\/v2\/users\/22764"}],"replies":[{"embeddable":true,"href":"https:\/\/sites.usp.br\/comunicasaoremo\/wp-json\/wp\/v2\/comments?post=639"}],"version-history":[{"count":4,"href":"https:\/\/sites.usp.br\/comunicasaoremo\/wp-json\/wp\/v2\/pages\/639\/revisions"}],"predecessor-version":[{"id":1062,"href":"https:\/\/sites.usp.br\/comunicasaoremo\/wp-json\/wp\/v2\/pages\/639\/revisions\/1062"}],"up":[{"embeddable":true,"href":"https:\/\/sites.usp.br\/comunicasaoremo\/wp-json\/wp\/v2\/pages\/113"}],"wp:attachment":[{"href":"https:\/\/sites.usp.br\/comunicasaoremo\/wp-json\/wp\/v2\/media?parent=639"}],"curies":[{"name":"wp","href":"https:\/\/api.w.org\/{rel}","templated":true}]}}