{"id":2269,"date":"2025-04-08T23:13:23","date_gmt":"2025-04-09T01:13:23","guid":{"rendered":"https:\/\/sites.usp.br\/conexoescriticas\/?page_id=2269"},"modified":"2026-05-10T22:17:14","modified_gmt":"2026-05-11T00:17:14","slug":"ebooks","status":"publish","type":"page","link":"https:\/\/sites.usp.br\/conexoescriticas\/ebooks\/","title":{"rendered":"E-books"},"content":{"rendered":"\t\t<div data-elementor-type=\"wp-page\" data-elementor-id=\"2269\" class=\"elementor elementor-2269\" data-elementor-post-type=\"page\">\n\t\t\t\t\t\t<section class=\"elementor-section elementor-top-section elementor-element elementor-element-29b7cfd elementor-section-boxed elementor-section-height-default elementor-section-height-default\" data-id=\"29b7cfd\" data-element_type=\"section\">\n\t\t\t\t\t\t<div class=\"elementor-container elementor-column-gap-default\">\n\t\t\t\t\t<div class=\"elementor-column elementor-col-50 elementor-top-column elementor-element elementor-element-31e6399\" data-id=\"31e6399\" data-element_type=\"column\">\n\t\t\t<div class=\"elementor-widget-wrap elementor-element-populated\">\n\t\t\t\t\t\t<div class=\"elementor-element elementor-element-c49d694 elementor-widget elementor-widget-heading\" data-id=\"c49d694\" data-element_type=\"widget\" data-widget_type=\"heading.default\">\n\t\t\t\t<div class=\"elementor-widget-container\">\n\t\t\t<h2 class=\"elementor-heading-title elementor-size-default\">Vol. 3<\/h2>\t\t<\/div>\n\t\t\t\t<\/div>\n\t\t\t\t<div class=\"elementor-element elementor-element-6c92d4e elementor-widget__width-initial elementor-widget elementor-widget-image\" data-id=\"6c92d4e\" data-element_type=\"widget\" data-widget_type=\"image.default\">\n\t\t\t\t<div class=\"elementor-widget-container\">\n\t\t\t\t\t\t\t\t\t\t\t\t\t<img fetchpriority=\"high\" decoding=\"async\" width=\"1082\" height=\"1536\" src=\"https:\/\/sites.usp.br\/conexoescriticas\/wp-content\/uploads\/sites\/1402\/2026\/05\/Capa-Raquel-a_arte_de_trancar_vozes-final-1082x1536.png\" class=\"attachment-1536x1536 size-1536x1536 wp-image-2805\" alt=\"\" srcset=\"https:\/\/sites.usp.br\/conexoescriticas\/wp-content\/uploads\/sites\/1402\/2026\/05\/Capa-Raquel-a_arte_de_trancar_vozes-final-1082x1536.png 1082w, https:\/\/sites.usp.br\/conexoescriticas\/wp-content\/uploads\/sites\/1402\/2026\/05\/Capa-Raquel-a_arte_de_trancar_vozes-final-211x300.png 211w, https:\/\/sites.usp.br\/conexoescriticas\/wp-content\/uploads\/sites\/1402\/2026\/05\/Capa-Raquel-a_arte_de_trancar_vozes-final-722x1024.png 722w, https:\/\/sites.usp.br\/conexoescriticas\/wp-content\/uploads\/sites\/1402\/2026\/05\/Capa-Raquel-a_arte_de_trancar_vozes-final-768x1090.png 768w, https:\/\/sites.usp.br\/conexoescriticas\/wp-content\/uploads\/sites\/1402\/2026\/05\/Capa-Raquel-a_arte_de_trancar_vozes-final-1443x2048.png 1443w, https:\/\/sites.usp.br\/conexoescriticas\/wp-content\/uploads\/sites\/1402\/2026\/05\/Capa-Raquel-a_arte_de_trancar_vozes-final-400x568.png 400w, https:\/\/sites.usp.br\/conexoescriticas\/wp-content\/uploads\/sites\/1402\/2026\/05\/Capa-Raquel-a_arte_de_trancar_vozes-final-scaled.png 1804w\" sizes=\"(max-width: 1082px) 100vw, 1082px\" \/>\t\t\t\t\t\t\t\t\t\t\t\t\t<\/div>\n\t\t\t\t<\/div>\n\t\t\t\t<div class=\"elementor-element elementor-element-c9d8932 elementor-tablet-align-center elementor-align-center elementor-widget elementor-widget-button\" data-id=\"c9d8932\" data-element_type=\"widget\" data-widget_type=\"button.default\">\n\t\t\t\t<div class=\"elementor-widget-container\">\n\t\t\t\t\t\t\t<div class=\"elementor-button-wrapper\">\n\t\t\t\t\t<a class=\"elementor-button elementor-button-link elementor-size-sm\" href=\"https:\/\/sites.usp.br\/conexoescriticas\/ebooks\/ebook-a-arte-de-trancar-vozes\/\" target=\"_blank\">\n\t\t\t\t\t\t<span class=\"elementor-button-content-wrapper\">\n\t\t\t\t\t\t\t\t\t<span class=\"elementor-button-text\">DOWNLOAD Free PDF<\/span>\n\t\t\t\t\t<\/span>\n\t\t\t\t\t<\/a>\n\t\t\t\t<\/div>\n\t\t\t\t\t\t<\/div>\n\t\t\t\t<\/div>\n\t\t\t\t<div class=\"elementor-element elementor-element-f3996ca elementor-tablet-align-center elementor-align-center elementor-widget elementor-widget-button\" data-id=\"f3996ca\" data-element_type=\"widget\" data-widget_type=\"button.default\">\n\t\t\t\t<div class=\"elementor-widget-container\">\n\t\t\t\t\t\t\t<div class=\"elementor-button-wrapper\">\n\t\t\t\t\t<a class=\"elementor-button elementor-button-link elementor-size-sm\" href=\"https:\/\/drive.google.com\/file\/d\/1ccuTxkDkEocyO_aPeo9qJbSF6L0b_QnJ\/view?usp=sharing\" target=\"_blank\">\n\t\t\t\t\t\t<span class=\"elementor-button-content-wrapper\">\n\t\t\t\t\t\t\t\t\t<span class=\"elementor-button-text\">DOWNLOAD Free EPub<\/span>\n\t\t\t\t\t<\/span>\n\t\t\t\t\t<\/a>\n\t\t\t\t<\/div>\n\t\t\t\t\t\t<\/div>\n\t\t\t\t<\/div>\n\t\t\t\t\t<\/div>\n\t\t<\/div>\n\t\t\t\t<div class=\"elementor-column elementor-col-50 elementor-top-column elementor-element elementor-element-2498c03\" data-id=\"2498c03\" data-element_type=\"column\">\n\t\t\t<div class=\"elementor-widget-wrap elementor-element-populated\">\n\t\t\t\t\t\t<div class=\"elementor-element elementor-element-cdbcc23 elementor-widget elementor-widget-image\" data-id=\"cdbcc23\" data-element_type=\"widget\" data-widget_type=\"image.default\">\n\t\t\t\t<div class=\"elementor-widget-container\">\n\t\t\t\t\t\t\t\t\t\t\t\t\t<img decoding=\"async\" width=\"150\" height=\"150\" src=\"https:\/\/sites.usp.br\/conexoescriticas\/wp-content\/uploads\/sites\/1402\/2025\/07\/Untitled-design-1-150x150.png\" class=\"attachment-thumbnail size-thumbnail wp-image-2412\" alt=\"\" srcset=\"https:\/\/sites.usp.br\/conexoescriticas\/wp-content\/uploads\/sites\/1402\/2025\/07\/Untitled-design-1-150x150.png 150w, https:\/\/sites.usp.br\/conexoescriticas\/wp-content\/uploads\/sites\/1402\/2025\/07\/Untitled-design-1-45x45.png 45w, https:\/\/sites.usp.br\/conexoescriticas\/wp-content\/uploads\/sites\/1402\/2025\/07\/Untitled-design-1-200x200.png 200w, https:\/\/sites.usp.br\/conexoescriticas\/wp-content\/uploads\/sites\/1402\/2025\/07\/Untitled-design-1.png 300w\" sizes=\"(max-width: 150px) 100vw, 150px\" \/>\t\t\t\t\t\t\t\t\t\t\t\t\t<\/div>\n\t\t\t\t<\/div>\n\t\t\t\t\t<\/div>\n\t\t<\/div>\n\t\t\t\t\t<\/div>\n\t\t<\/section>\n\t\t\t\t<section class=\"elementor-section elementor-top-section elementor-element elementor-element-148e6e4 elementor-section-boxed elementor-section-height-default elementor-section-height-default\" data-id=\"148e6e4\" data-element_type=\"section\">\n\t\t\t\t\t\t<div class=\"elementor-container elementor-column-gap-default\">\n\t\t\t\t\t<div class=\"elementor-column elementor-col-50 elementor-top-column elementor-element elementor-element-af16f3a\" data-id=\"af16f3a\" data-element_type=\"column\">\n\t\t\t<div class=\"elementor-widget-wrap elementor-element-populated\">\n\t\t\t\t\t\t<div class=\"elementor-element elementor-element-a7a7181 elementor-widget elementor-widget-heading\" data-id=\"a7a7181\" data-element_type=\"widget\" data-widget_type=\"heading.default\">\n\t\t\t\t<div class=\"elementor-widget-container\">\n\t\t\t<h2 class=\"elementor-heading-title elementor-size-default\">Vol. 2<\/h2>\t\t<\/div>\n\t\t\t\t<\/div>\n\t\t\t\t<div class=\"elementor-element elementor-element-1b5aee3 elementor-widget__width-initial elementor-widget elementor-widget-image\" data-id=\"1b5aee3\" data-element_type=\"widget\" data-widget_type=\"image.default\">\n\t\t\t\t<div class=\"elementor-widget-container\">\n\t\t\t\t\t\t\t\t\t\t\t\t\t<img decoding=\"async\" width=\"1082\" height=\"1536\" src=\"https:\/\/sites.usp.br\/conexoescriticas\/wp-content\/uploads\/sites\/1402\/2025\/11\/Capa-Raquel-02-1082x1536.jpg\" class=\"attachment-1536x1536 size-1536x1536 wp-image-2517\" alt=\"\" srcset=\"https:\/\/sites.usp.br\/conexoescriticas\/wp-content\/uploads\/sites\/1402\/2025\/11\/Capa-Raquel-02-1082x1536.jpg 1082w, https:\/\/sites.usp.br\/conexoescriticas\/wp-content\/uploads\/sites\/1402\/2025\/11\/Capa-Raquel-02-211x300.jpg 211w, https:\/\/sites.usp.br\/conexoescriticas\/wp-content\/uploads\/sites\/1402\/2025\/11\/Capa-Raquel-02-722x1024.jpg 722w, https:\/\/sites.usp.br\/conexoescriticas\/wp-content\/uploads\/sites\/1402\/2025\/11\/Capa-Raquel-02-768x1090.jpg 768w, https:\/\/sites.usp.br\/conexoescriticas\/wp-content\/uploads\/sites\/1402\/2025\/11\/Capa-Raquel-02-1443x2048.jpg 1443w, https:\/\/sites.usp.br\/conexoescriticas\/wp-content\/uploads\/sites\/1402\/2025\/11\/Capa-Raquel-02-400x568.jpg 400w, https:\/\/sites.usp.br\/conexoescriticas\/wp-content\/uploads\/sites\/1402\/2025\/11\/Capa-Raquel-02-scaled.jpg 1804w\" sizes=\"(max-width: 1082px) 100vw, 1082px\" \/>\t\t\t\t\t\t\t\t\t\t\t\t\t<\/div>\n\t\t\t\t<\/div>\n\t\t\t\t<div class=\"elementor-element elementor-element-6b00d8e elementor-tablet-align-center elementor-align-center elementor-widget elementor-widget-button\" data-id=\"6b00d8e\" data-element_type=\"widget\" data-widget_type=\"button.default\">\n\t\t\t\t<div class=\"elementor-widget-container\">\n\t\t\t\t\t\t\t<div class=\"elementor-button-wrapper\">\n\t\t\t\t\t<a class=\"elementor-button elementor-button-link elementor-size-sm\" href=\"https:\/\/sites.usp.br\/conexoescriticas\/ebooks\/ebook-o-prisma-da-traducao\/\" target=\"_blank\">\n\t\t\t\t\t\t<span class=\"elementor-button-content-wrapper\">\n\t\t\t\t\t\t\t\t\t<span class=\"elementor-button-text\">DOWNLOAD Free PDF<\/span>\n\t\t\t\t\t<\/span>\n\t\t\t\t\t<\/a>\n\t\t\t\t<\/div>\n\t\t\t\t\t\t<\/div>\n\t\t\t\t<\/div>\n\t\t\t\t<div class=\"elementor-element elementor-element-9803688 elementor-tablet-align-center elementor-align-center elementor-widget elementor-widget-button\" data-id=\"9803688\" data-element_type=\"widget\" data-widget_type=\"button.default\">\n\t\t\t\t<div class=\"elementor-widget-container\">\n\t\t\t\t\t\t\t<div class=\"elementor-button-wrapper\">\n\t\t\t\t\t<a class=\"elementor-button elementor-button-link elementor-size-sm\" href=\"https:\/\/drive.google.com\/file\/d\/1ebs4Hila0aRq8qYWKvJmhePD1rxaYfJ3\/view?usp=drive_link\" target=\"_blank\">\n\t\t\t\t\t\t<span class=\"elementor-button-content-wrapper\">\n\t\t\t\t\t\t\t\t\t<span class=\"elementor-button-text\">DOWNLOAD Free EPub<\/span>\n\t\t\t\t\t<\/span>\n\t\t\t\t\t<\/a>\n\t\t\t\t<\/div>\n\t\t\t\t\t\t<\/div>\n\t\t\t\t<\/div>\n\t\t\t\t\t<\/div>\n\t\t<\/div>\n\t\t\t\t<div class=\"elementor-column elementor-col-50 elementor-top-column elementor-element elementor-element-2c4a160\" data-id=\"2c4a160\" data-element_type=\"column\">\n\t\t\t<div class=\"elementor-widget-wrap elementor-element-populated\">\n\t\t\t\t\t\t<div class=\"elementor-element elementor-element-3033994 elementor-widget elementor-widget-image\" data-id=\"3033994\" data-element_type=\"widget\" data-widget_type=\"image.default\">\n\t\t\t\t<div class=\"elementor-widget-container\">\n\t\t\t\t\t\t\t\t\t\t\t\t\t<img decoding=\"async\" width=\"150\" height=\"150\" src=\"https:\/\/sites.usp.br\/conexoescriticas\/wp-content\/uploads\/sites\/1402\/2025\/07\/Untitled-design-1-150x150.png\" class=\"attachment-thumbnail size-thumbnail wp-image-2412\" alt=\"\" srcset=\"https:\/\/sites.usp.br\/conexoescriticas\/wp-content\/uploads\/sites\/1402\/2025\/07\/Untitled-design-1-150x150.png 150w, https:\/\/sites.usp.br\/conexoescriticas\/wp-content\/uploads\/sites\/1402\/2025\/07\/Untitled-design-1-45x45.png 45w, https:\/\/sites.usp.br\/conexoescriticas\/wp-content\/uploads\/sites\/1402\/2025\/07\/Untitled-design-1-200x200.png 200w, https:\/\/sites.usp.br\/conexoescriticas\/wp-content\/uploads\/sites\/1402\/2025\/07\/Untitled-design-1.png 300w\" sizes=\"(max-width: 150px) 100vw, 150px\" \/>\t\t\t\t\t\t\t\t\t\t\t\t\t<\/div>\n\t\t\t\t<\/div>\n\t\t\t\t\t<\/div>\n\t\t<\/div>\n\t\t\t\t\t<\/div>\n\t\t<\/section>\n\t\t\t\t<section class=\"elementor-section elementor-top-section elementor-element elementor-element-efb9c69 elementor-section-boxed elementor-section-height-default elementor-section-height-default\" data-id=\"efb9c69\" data-element_type=\"section\">\n\t\t\t\t\t\t<div class=\"elementor-container elementor-column-gap-default\">\n\t\t\t\t\t<div class=\"elementor-column elementor-col-50 elementor-top-column elementor-element elementor-element-0a8fd87\" data-id=\"0a8fd87\" data-element_type=\"column\">\n\t\t\t<div class=\"elementor-widget-wrap elementor-element-populated\">\n\t\t\t\t\t\t<div class=\"elementor-element elementor-element-1aa1f90 elementor-widget elementor-widget-heading\" data-id=\"1aa1f90\" data-element_type=\"widget\" data-widget_type=\"heading.default\">\n\t\t\t\t<div class=\"elementor-widget-container\">\n\t\t\t<h2 class=\"elementor-heading-title elementor-size-default\">Vol. 1<\/h2>\t\t<\/div>\n\t\t\t\t<\/div>\n\t\t\t\t<div class=\"elementor-element elementor-element-ab5f6e9 elementor-widget__width-initial elementor-widget elementor-widget-image\" data-id=\"ab5f6e9\" data-element_type=\"widget\" data-widget_type=\"image.default\">\n\t\t\t\t<div class=\"elementor-widget-container\">\n\t\t\t\t\t\t\t\t\t\t\t\t\t<img loading=\"lazy\" decoding=\"async\" width=\"1024\" height=\"1536\" src=\"https:\/\/sites.usp.br\/conexoescriticas\/wp-content\/uploads\/sites\/1402\/2025\/05\/a-nebulosa-marginal-8-1024x1536.png\" class=\"attachment-1536x1536 size-1536x1536 wp-image-2307\" alt=\"\" srcset=\"https:\/\/sites.usp.br\/conexoescriticas\/wp-content\/uploads\/sites\/1402\/2025\/05\/a-nebulosa-marginal-8-1024x1536.png 1024w, https:\/\/sites.usp.br\/conexoescriticas\/wp-content\/uploads\/sites\/1402\/2025\/05\/a-nebulosa-marginal-8-200x300.png 200w, https:\/\/sites.usp.br\/conexoescriticas\/wp-content\/uploads\/sites\/1402\/2025\/05\/a-nebulosa-marginal-8-682x1024.png 682w, https:\/\/sites.usp.br\/conexoescriticas\/wp-content\/uploads\/sites\/1402\/2025\/05\/a-nebulosa-marginal-8-768x1152.png 768w, https:\/\/sites.usp.br\/conexoescriticas\/wp-content\/uploads\/sites\/1402\/2025\/05\/a-nebulosa-marginal-8-400x600.png 400w, https:\/\/sites.usp.br\/conexoescriticas\/wp-content\/uploads\/sites\/1402\/2025\/05\/a-nebulosa-marginal-8.png 1181w\" sizes=\"(max-width: 1024px) 100vw, 1024px\" \/>\t\t\t\t\t\t\t\t\t\t\t\t\t<\/div>\n\t\t\t\t<\/div>\n\t\t\t\t<div class=\"elementor-element elementor-element-a5df040 elementor-tablet-align-center elementor-align-center elementor-widget elementor-widget-button\" data-id=\"a5df040\" data-element_type=\"widget\" data-widget_type=\"button.default\">\n\t\t\t\t<div class=\"elementor-widget-container\">\n\t\t\t\t\t\t\t<div class=\"elementor-button-wrapper\">\n\t\t\t\t\t<a class=\"elementor-button elementor-button-link elementor-size-sm\" href=\"https:\/\/sites.usp.br\/conexoescriticas\/ebooks\/ebook-a-nebulosa-marginal\/\" target=\"_blank\">\n\t\t\t\t\t\t<span class=\"elementor-button-content-wrapper\">\n\t\t\t\t\t\t\t\t\t<span class=\"elementor-button-text\">DOWNLOAD Free PDF<\/span>\n\t\t\t\t\t<\/span>\n\t\t\t\t\t<\/a>\n\t\t\t\t<\/div>\n\t\t\t\t\t\t<\/div>\n\t\t\t\t<\/div>\n\t\t\t\t\t<\/div>\n\t\t<\/div>\n\t\t\t\t<div class=\"elementor-column elementor-col-50 elementor-top-column elementor-element elementor-element-610412d\" data-id=\"610412d\" data-element_type=\"column\">\n\t\t\t<div class=\"elementor-widget-wrap elementor-element-populated\">\n\t\t\t\t\t\t<div class=\"elementor-element elementor-element-6285434 elementor-widget elementor-widget-image\" data-id=\"6285434\" data-element_type=\"widget\" data-widget_type=\"image.default\">\n\t\t\t\t<div class=\"elementor-widget-container\">\n\t\t\t\t\t\t\t\t\t\t\t\t\t<img decoding=\"async\" width=\"150\" height=\"150\" src=\"https:\/\/sites.usp.br\/conexoescriticas\/wp-content\/uploads\/sites\/1402\/2025\/07\/Untitled-design-1-150x150.png\" class=\"attachment-thumbnail size-thumbnail wp-image-2412\" alt=\"\" srcset=\"https:\/\/sites.usp.br\/conexoescriticas\/wp-content\/uploads\/sites\/1402\/2025\/07\/Untitled-design-1-150x150.png 150w, https:\/\/sites.usp.br\/conexoescriticas\/wp-content\/uploads\/sites\/1402\/2025\/07\/Untitled-design-1-45x45.png 45w, https:\/\/sites.usp.br\/conexoescriticas\/wp-content\/uploads\/sites\/1402\/2025\/07\/Untitled-design-1-200x200.png 200w, https:\/\/sites.usp.br\/conexoescriticas\/wp-content\/uploads\/sites\/1402\/2025\/07\/Untitled-design-1.png 300w\" sizes=\"(max-width: 150px) 100vw, 150px\" \/>\t\t\t\t\t\t\t\t\t\t\t\t\t<\/div>\n\t\t\t\t<\/div>\n\t\t\t\t<div class=\"elementor-element elementor-element-69c0a30 elementor-widget__width-initial elementor-widget elementor-widget-eael-adv-accordion\" data-id=\"69c0a30\" data-element_type=\"widget\" data-widget_type=\"eael-adv-accordion.default\">\n\t\t\t\t<div class=\"elementor-widget-container\">\n\t\t\t        <div class=\"eael-adv-accordion\" id=\"eael-adv-accordion-69c0a30\" data-scroll-on-click=\"\" data-scroll-speed=\"300\" data-accordion-id=\"69c0a30\" data-accordion-type=\"accordion\" data-toogle-speed=\"300\">\n    <div class=\"eael-accordion-list\">\n                <div id=\"selo-conexes-crticas\" class=\"elementor-tab-title eael-accordion-header\" tabindex=\"0\" data-tab=\"1\" aria-controls=\"elementor-tab-content-1101\"><span class=\"eael-advanced-accordion-icon-closed\"><i aria-hidden=\"true\" class=\"fa-accordion-icon fas fa-chevron-down\"><\/i><\/span><span class=\"eael-advanced-accordion-icon-opened\"><i aria-hidden=\"true\" class=\"fa-accordion-icon fas fa-chevron-up\"><\/i><\/span><h4 class=\"eael-accordion-tab-title\">Selo Conex\u00f5es Cr\u00edticas<\/h4><\/div><div id=\"elementor-tab-content-1101\" class=\"eael-accordion-content clearfix\" data-tab=\"1\" aria-labelledby=\"selo-conexes-crticas\"><p><span style=\"font-weight: 400;\">O selo <\/span><b>Conex\u00f5es Cr\u00edticas <\/b><span style=\"font-weight: 400;\">visa promover a circula\u00e7\u00e3o de obras que abordam a literatura e a cr\u00edtica brasileira do s\u00e9culo XXI, ainda in\u00e9ditas em portugu\u00eas.<\/span><\/p><p><span style=\"font-weight: 400;\"> O primeiro trabalho publicado em maio de 2025 foi o Volume 1 da tese de Michel Riaudel, &#8220;A nebulosa marginal e Ana Cristina Cesar&#8221;.<\/span><\/p><p>Em novembro de 2025,\u00a0 publicamos o volume 2 &#8220;Ana Cristina Cesar: o prisma da tradu\u00e7\u00e3o&#8221;, com a tradu\u00e7\u00e3o de Riaudel em portugu\u00eas.\u00a0<\/p><p>Em maio de 2026, disponibilizamos o volume 3 com o t\u00edtulo &#8220;Ana Cristina Cesar: a arte de tran\u00e7ar vozes&#8221;, \u00faltima parte da tese, finalizando a publica\u00e7\u00e3o da integralidade do conte\u00fado em portugu\u00eas.\u00a0<\/p><\/div>\n                <\/div><div class=\"eael-accordion-list\">\n                <div id=\"as-tradues\" class=\"elementor-tab-title eael-accordion-header\" tabindex=\"0\" data-tab=\"2\" aria-controls=\"elementor-tab-content-1102\"><span class=\"eael-advanced-accordion-icon-closed\"><i aria-hidden=\"true\" class=\"fa-accordion-icon fas fa-chevron-down\"><\/i><\/span><span class=\"eael-advanced-accordion-icon-opened\"><i aria-hidden=\"true\" class=\"fa-accordion-icon fas fa-chevron-up\"><\/i><\/span><h4 class=\"eael-accordion-tab-title\">As tradu\u00e7\u00f5es<\/h4><\/div><div id=\"elementor-tab-content-1102\" class=\"eael-accordion-content clearfix\" data-tab=\"2\" aria-labelledby=\"as-tradues\"><p>O primeiro e-book publicado pelo selo \u00e9 o Volume I da tese <em>Intertextualit\u00e9 et transferts (Br\u00e9sil, \u00c9tats-Unis, Europe): r\u00e9\u00e9critures de la modernit\u00e9 po\u00e9tique dans l\u2019\u0153uvre d&#8217;Ana Cristina Cesar<\/em> (<em>\u00c9cole Doctorale Lettres Langues Spectacles, Universit\u00e9 Paris X, Nanterre<\/em>, 2007). Trata-se de uma tradu\u00e7\u00e3o coordenada pela pesquisadora Raquel Machado Galv\u00e3o, durante est\u00e1gio de pesquisa no exterior (Sorbonne Universit\u00e9, 2023), que contou com a colabora\u00e7\u00e3o de Victoria Zanetti Largura e Bruno Oliveira Couto.<\/p><p>Pesquisadores, com flu\u00eancia em portugu\u00eas, poder\u00e3o acessar \u201cA nebulosa marginal\u201d e \u201cAna Cristina Cesar: poeta marginal?\u201d, do primeiro cap\u00edtulo da tese, \u201cG\u00eaneses, heran\u00e7as\u201d, com pref\u00e1cio de Viviana Bosi.<\/p><p>Em novembro de 2025, publicamos o Volume 2 da tese de Michel Riaudel em portugu\u00eas, com tradu\u00e7\u00e3o do pr\u00f3prio pesquisador. O volume traz as se\u00e7\u00f5es &#8220;Introdu\u00e7\u00e3o&#8221; e &#8220;Forma\u00e7\u00e3o: o foco da tradu\u00e7\u00e3o&#8221;, com pref\u00e1cio de Maria L\u00facia de Barros Camargo.<\/p><p>Em maio de 2026, o volume 3 da tese traz as \u00faltimas se\u00e7\u00f5es da tese: \u00a0\u201cTradu\u00e7\u00e3o e reescrita\u201d e \u201cTransfer\u00eancias e tradu\u00e7\u00e3o\u201d, traduzidas por Michel Riaudel, com texto introdut\u00f3rio do Prof. Roberto Zular.;<\/p><\/div>\n                <\/div><div class=\"eael-accordion-list\">\n                <div id=\"o-autor\" class=\"elementor-tab-title eael-accordion-header\" tabindex=\"0\" data-tab=\"3\" aria-controls=\"elementor-tab-content-1103\"><span class=\"eael-advanced-accordion-icon-closed\"><i aria-hidden=\"true\" class=\"fa-accordion-icon fas fa-chevron-down\"><\/i><\/span><span class=\"eael-advanced-accordion-icon-opened\"><i aria-hidden=\"true\" class=\"fa-accordion-icon fas fa-chevron-up\"><\/i><\/span><h4 class=\"eael-accordion-tab-title\">O autor<\/h4><\/div><div id=\"elementor-tab-content-1103\" class=\"eael-accordion-content clearfix\" data-tab=\"3\" aria-labelledby=\"o-autor\"><p>Michel Riaudel \u00e9 docente, pesquisador, tradutor e escritor, interessado em circula\u00e7\u00f5es liter\u00e1rias e culturais entre Brasil e Fran\u00e7a. \u00c9 professor em\u00e9rito na <em>Sorbonne Universit\u00e9<\/em> e Membro permanente do <em>Centro de Pesquisas Interdisciplinares sobre os Mundos Ib\u00e9ricos Contempor\u00e2neos<\/em>. Iniciou a carreira no Brasil como leitor de literatura francesa na Universidade Federal do Par\u00e1. Traduziu para o franc\u00eas obras dos brasileiros Fernanda Torres, Milton Hatoum, Jo\u00e3o Guimar\u00e3es Rosa e de Ana Cristina Cesar, de quem traduziu<em> Luvas de Pelica e outros poemas<\/em> (2005).<\/p><p><br \/>Riaudel tamb\u00e9m publicou importantes ensaios sobre Ana Cristina Cesar em peri\u00f3dicos brasileiros e estrangeiros, incluindo \u201cO autor invis\u00edvel: tradu\u00e7\u00e3o e cria\u00e7\u00e3o na obra po\u00e9tica de Ana Cristina Cesar\u201d, que integra a colet\u00e2nea <em>Sereia de papel: vis\u00f5es de Ana Cristina Cesar<\/em> (Org. Viviana Bosi, \u00c1lvaro Faleiros e Roberto Zular). Realizou doutorado em Literatura Comparada na Universit\u00e9 de Paris X, com a tese: \u201cIntertextualidade e transfer\u00eancias (Brasil, Estados-Unidos, Europa: Reescritas da Modernidade po\u00e9tica na obra de Ana Cristina Cesar (Rio de Janeiro, 1952-1983)\u201d, defendida com honra e louvor em 2007. Este \u00faltimo \u00e9 o trabalho que agora estamos conhecendo em l\u00edngua portuguesa gra\u00e7as ao selo <strong>Conex\u00f5es Cr\u00edticas<\/strong>.<\/p><\/div>\n                <\/div><\/div>\t\t<\/div>\n\t\t\t\t<\/div>\n\t\t\t\t\t<\/div>\n\t\t<\/div>\n\t\t\t\t\t<\/div>\n\t\t<\/section>\n\t\t\t\t<\/div>\n\t\t","protected":false},"excerpt":{"rendered":"<p>Vol. 3 DOWNLOAD Free PDF DOWNLOAD Free EPub Vol. 2 DOWNLOAD Free PDF DOWNLOAD Free EPub Vol. 1 DOWNLOAD Free PDF Selo Conex\u00f5es Cr\u00edticas O selo Conex\u00f5es Cr\u00edticas visa promover a circula\u00e7\u00e3o de obras que abordam a literatura e a cr\u00edtica brasileira do s\u00e9culo XXI, ainda in\u00e9ditas em portugu\u00eas. O primeiro trabalho publicado em maio [&hellip;]<\/p>\n","protected":false},"author":23885,"featured_media":0,"parent":0,"menu_order":0,"comment_status":"closed","ping_status":"closed","template":"","meta":{"footnotes":"","_links_to":"","_links_to_target":""},"class_list":["post-2269","page","type-page","status-publish","hentry"],"_links":{"self":[{"href":"https:\/\/sites.usp.br\/conexoescriticas\/wp-json\/wp\/v2\/pages\/2269","targetHints":{"allow":["GET"]}}],"collection":[{"href":"https:\/\/sites.usp.br\/conexoescriticas\/wp-json\/wp\/v2\/pages"}],"about":[{"href":"https:\/\/sites.usp.br\/conexoescriticas\/wp-json\/wp\/v2\/types\/page"}],"author":[{"embeddable":true,"href":"https:\/\/sites.usp.br\/conexoescriticas\/wp-json\/wp\/v2\/users\/23885"}],"replies":[{"embeddable":true,"href":"https:\/\/sites.usp.br\/conexoescriticas\/wp-json\/wp\/v2\/comments?post=2269"}],"version-history":[{"count":4,"href":"https:\/\/sites.usp.br\/conexoescriticas\/wp-json\/wp\/v2\/pages\/2269\/revisions"}],"predecessor-version":[{"id":2832,"href":"https:\/\/sites.usp.br\/conexoescriticas\/wp-json\/wp\/v2\/pages\/2269\/revisions\/2832"}],"wp:attachment":[{"href":"https:\/\/sites.usp.br\/conexoescriticas\/wp-json\/wp\/v2\/media?parent=2269"}],"curies":[{"name":"wp","href":"https:\/\/api.w.org\/{rel}","templated":true}]}}