{"id":2745,"date":"2024-07-25T15:43:18","date_gmt":"2024-07-25T18:43:18","guid":{"rendered":"https:\/\/sites.usp.br\/construinova\/?page_id=2745"},"modified":"2025-07-25T15:09:46","modified_gmt":"2025-07-25T18:09:46","slug":"2022-2021","status":"publish","type":"page","link":"https:\/\/sites.usp.br\/construinova\/dissertacoes-concluidas\/2022-2021\/","title":{"rendered":"2022 &#8211; 2021"},"content":{"rendered":"<h4><strong>Clique nos t\u00edtulos e acesse as disserta\u00e7\u00f5es do Programa conclu\u00eddas em 2021 ou 2022:<\/strong><\/h4>\n<table style=\"height: 1920px; width: 100%; border-style: solid; border-color: #055e6f;\">\n<tbody>\n<tr>\n<td style=\"width: 20.3489%; border-style: solid; border-color: #055e6f; background-color: #fcb421; text-align: center;\"><strong>Autor<\/strong><\/td>\n<td style=\"width: 31.9046%; border-style: solid; border-color: #055e6f; background-color: #fcb421; text-align: center;\">\n<p style=\"text-align: center;\"><strong><span id=\"cursoDoAlunoAcao\" class=\"conteudo\">T\u00edtulo<\/span><\/strong><\/p>\n<\/td>\n<td style=\"width: 12.8733%; border-style: solid; border-color: #055e6f; background-color: #fcb421; text-align: center;\"><strong><span id=\"cursoDoAlunoAcao\" class=\"conteudo\">Data Defesa<\/span><\/strong><\/td>\n<td style=\"width: 16.9858%; border-style: solid; border-color: #055e6f; background-color: #fcb421; text-align: center;\"><strong>Eixo de Pesquisa<\/strong><\/td>\n<td style=\"width: 28.9325%; border-style: solid; border-color: #055e6f; background-color: #fcb421; text-align: center;\"><strong><span id=\"cursoDoAlunoAcao\" class=\"conteudo\">Orientador(a)<\/span><\/strong><\/td>\n<\/tr>\n<tr style=\"height: 144px;\">\n<td style=\"width: 20.3489%; height: 144px; border-style: solid; border-color: #055e6f; text-align: center;\">Lucas Tadeu Casanova Sauaia<\/td>\n<td style=\"width: 31.9046%; height: 144px; border-style: solid; border-color: #055e6f;\">&nbsp;<\/p>\n<p><a href=\"https:\/\/www.teses.usp.br\/teses\/disponiveis\/3\/3153\/tde-24052023-141919\/?&amp;lang=pt-br\"><span id=\"cursoDoAlunoAcao\" class=\"conteudo\">Avalia\u00e7\u00e3o de desempenho de um material de mudan\u00e7a de fase como isolante t\u00e9rmico aplicado em edifica\u00e7\u00f5es nas zonas bioclim\u00e1ticas brasileiras<\/span><\/a><\/p>\n<p>&nbsp;<\/td>\n<td style=\"width: 12.8733%; height: 144px; border-style: solid; border-color: #055e6f; text-align: center;\"><span id=\"cursoDoAlunoAcao\" class=\"conteudo\">12\/12\/2022<\/span><\/td>\n<td style=\"width: 16.9858%; height: 144px; border-style: solid; border-color: #055e6f; text-align: center;\">Simula\u00e7\u00e3o Computacional<\/td>\n<td style=\"width: 28.9325%; height: 144px; border-style: solid; border-color: #055e6f; text-align: center;\"><span id=\"cursoDoAlunoAcao\" class=\"conteudo\">Profa. Dra. Brenda Chaves Coelho Leite<\/span><\/td>\n<\/tr>\n<tr style=\"height: 120px;\">\n<td style=\"width: 20.3489%; height: 120px; border-style: solid; border-color: #055e6f; text-align: center;\">Sumaia Sleiman Gon\u00e7alves<\/td>\n<td style=\"width: 31.9046%; height: 120px; border-style: solid; border-color: #055e6f;\">&nbsp;<\/p>\n<p><a href=\"https:\/\/www.teses.usp.br\/teses\/disponiveis\/3\/3153\/tde-19012023-102642\/?&amp;lang=pt-br\"><span id=\"cursoDoAlunoAcao\" class=\"conteudo\">Implementa\u00e7\u00e3o BIM em empresa incorporadora e construtora brasileira<\/span><\/a><\/p>\n<p>&nbsp;<\/td>\n<td style=\"width: 12.8733%; height: 120px; border-style: solid; border-color: #055e6f; text-align: center;\"><span id=\"cursoDoAlunoAcao\" class=\"conteudo\">30\/11\/2022<\/span><\/td>\n<td style=\"width: 16.9858%; height: 120px; border-style: solid; border-color: #055e6f; text-align: center;\">Tecnologia e Gest\u00e3o em Projetos<\/td>\n<td style=\"width: 28.9325%; height: 120px; border-style: solid; border-color: #055e6f; text-align: center;\"><span id=\"cursoDoAlunoAcao\" class=\"conteudo\">Profa. Dra. Fl\u00e1via Rodrigues de Souza<br \/>\n<\/span><\/td>\n<\/tr>\n<tr style=\"height: 48px;\">\n<td style=\"width: 20.3489%; height: 48px; border-style: solid; border-color: #055e6f; text-align: center;\">Ariane Barros Lima<\/td>\n<td style=\"width: 31.9046%; height: 48px; border-style: solid; border-color: #055e6f;\">&nbsp;<\/p>\n<p><span id=\"cursoDoAlunoAcao\" class=\"conteudo\">Gest\u00e3o do conhecimento aplicada a uma organiza\u00e7\u00e3o militar<\/span><\/p>\n<p>&nbsp;<\/td>\n<td style=\"width: 12.8733%; height: 48px; border-style: solid; border-color: #055e6f; text-align: center;\"><span id=\"cursoDoAlunoAcao\" class=\"conteudo\">29\/11\/2022<\/span><\/td>\n<td style=\"width: 16.9858%; height: 48px; border-style: solid; border-color: #055e6f; text-align: center;\">Tecnologia e Gest\u00e3o em Projetos<\/td>\n<td style=\"width: 28.9325%; height: 48px; border-style: solid; border-color: #055e6f; text-align: center;\"><span id=\"cursoDoAlunoAcao\" class=\"conteudo\">Prof. Dr. Silvio Burrattino Melhado<br \/>\n<\/span><\/td>\n<\/tr>\n<tr style=\"height: 120px;\">\n<td style=\"width: 20.3489%; height: 120px; border-style: solid; border-color: #055e6f; text-align: center;\">Nathalia Mara Sangion de Abreu<\/td>\n<td style=\"width: 31.9046%; height: 120px; border-style: solid; border-color: #055e6f;\">&nbsp;<\/p>\n<p><a href=\"https:\/\/www.teses.usp.br\/teses\/disponiveis\/3\/3153\/tde-06042023-104118\/?&amp;lang=pt-br\"><span id=\"cursoDoAlunoAcao\" class=\"conteudo\">Avalia\u00e7\u00e3o do impacto do uso de nanofibras de celulose no desempenho de tintas imobili\u00e1rias<\/span><\/a><\/p>\n<p>&nbsp;<\/td>\n<td style=\"width: 12.8733%; height: 120px; border-style: solid; border-color: #055e6f; text-align: center;\"><span id=\"cursoDoAlunoAcao\" class=\"conteudo\">16\/09\/2022<\/span><\/td>\n<td style=\"width: 16.9858%; height: 120px; border-style: solid; border-color: #055e6f; text-align: center;\">Tecnologia e Gest\u00e3o na Produ\u00e7\u00e3o<\/td>\n<td style=\"width: 28.9325%; height: 120px; border-style: solid; border-color: #055e6f; text-align: center;\"><span id=\"cursoDoAlunoAcao\" class=\"conteudo\">Prof. Dr. Fl\u00e1vio Leal Maranh\u00e3o<br \/>\n<\/span><\/td>\n<\/tr>\n<tr style=\"height: 144px;\">\n<td style=\"width: 20.3489%; height: 144px; border-style: solid; border-color: #055e6f; text-align: center;\">Eduardo Straub<\/td>\n<td style=\"width: 31.9046%; height: 144px; border-style: solid; border-color: #055e6f;\">&nbsp;<\/p>\n<p><a href=\"https:\/\/www.teses.usp.br\/teses\/disponiveis\/3\/3153\/tde-20072023-102159\/?&amp;lang=pt-br\"><span id=\"cursoDoAlunoAcao\" class=\"conteudo\">Avalia\u00e7\u00e3o da qualidade do ar interno, do conforto t\u00e9rmico e do conforto lum\u00ednico em espa\u00e7os corporativos e seus impactos no absente\u00edsmo e presente\u00edsmo dos ocupantes<\/span><\/a><\/p>\n<p>&nbsp;<\/td>\n<td style=\"width: 12.8733%; height: 144px; border-style: solid; border-color: #055e6f; text-align: center;\"><span id=\"cursoDoAlunoAcao\" class=\"conteudo\">27\/07\/2022<br \/>\n<\/span><\/td>\n<td style=\"width: 16.9858%; height: 144px; border-style: solid; border-color: #055e6f; text-align: center;\">Simula\u00e7\u00e3o Computacional<\/td>\n<td style=\"width: 28.9325%; height: 144px; border-style: solid; border-color: #055e6f; text-align: center;\"><span id=\"cursoDoAlunoAcao\" class=\"conteudo\">Profa. Dra. Brenda Chaves Coelho Leite<\/span><\/td>\n<\/tr>\n<tr style=\"height: 192px;\">\n<td style=\"width: 20.3489%; height: 192px; border-style: solid; border-color: #055e6f; text-align: center;\">Roberto Bozza Namur<\/td>\n<td style=\"width: 31.9046%; height: 192px; border-style: solid; border-color: #055e6f;\">&nbsp;<\/p>\n<p><a href=\"https:\/\/www.teses.usp.br\/teses\/disponiveis\/3\/3153\/tde-24052023-144134\/?&amp;lang=pt-br\"><span id=\"cursoDoAlunoAcao\" class=\"conteudo\">An\u00e1lise das condi\u00e7\u00f5es ambientais em setores com diferentes estrat\u00e9gias de ventila\u00e7\u00e3o e climatiza\u00e7\u00e3o e propostas de interven\u00e7\u00f5es para a melhoria da qualidade do ar interior e do conforto t\u00e9rmico no Hospital Universit\u00e1rio da Universidade de S\u00e3o Paulo (HU-USP)<\/span><\/a><\/p>\n<p>&nbsp;<\/td>\n<td style=\"width: 12.8733%; height: 192px; border-style: solid; border-color: #055e6f; text-align: center;\"><span id=\"cursoDoAlunoAcao\" class=\"conteudo\">27\/06\/2022<br \/>\n<\/span><\/td>\n<td style=\"width: 16.9858%; height: 192px; border-style: solid; border-color: #055e6f; text-align: center;\">Simula\u00e7\u00e3o Computacional<\/td>\n<td style=\"width: 28.9325%; height: 192px; border-style: solid; border-color: #055e6f; text-align: center;\"><span id=\"cursoDoAlunoAcao\" class=\"conteudo\">Profa. Dra. Brenda Chaves Coelho Leite<\/span><\/td>\n<\/tr>\n<tr style=\"height: 168px;\">\n<td style=\"width: 20.3489%; height: 168px; border-style: solid; border-color: #055e6f; text-align: center;\">Lucas Gobatti<\/td>\n<td style=\"width: 31.9046%; height: 168px; border-style: solid; border-color: #055e6f;\">&nbsp;<\/p>\n<p><a href=\"https:\/\/www.teses.usp.br\/teses\/disponiveis\/3\/3153\/tde-18102023-101029\/pt-br.php\"><span id=\"cursoDoAlunoAcao\" class=\"conteudo\">Solu\u00e7\u00f5es baseadas na Natureza para gest\u00e3o de \u00e1guas pluviais em S\u00e3o Paulo: desempenho hidrol\u00f3gico e din\u00e2mica da planta\u00e7\u00e3o em tetos vegetados com diferentes profundidades de substrato<\/span><\/a><\/p>\n<p>&nbsp;<\/td>\n<td style=\"width: 12.8733%; height: 168px; border-style: solid; border-color: #055e6f; text-align: center;\"><span id=\"cursoDoAlunoAcao\" class=\"conteudo\">16\/05\/2022<\/span><\/td>\n<td style=\"width: 16.9858%; height: 168px; border-style: solid; border-color: #055e6f; text-align: center;\">Simula\u00e7\u00e3o Computacional<\/td>\n<td style=\"width: 28.9325%; height: 168px; border-style: solid; border-color: #055e6f; text-align: center;\"><span id=\"cursoDoAlunoAcao\" class=\"conteudo\">Profa. Dra. Brenda Chaves Coelho Leite<\/span><\/td>\n<\/tr>\n<tr style=\"height: 120px;\">\n<td style=\"width: 20.3489%; height: 120px; border-style: solid; border-color: #055e6f; text-align: center;\">Teddy Kaeriyama Yanagiya<\/td>\n<td style=\"width: 31.9046%; height: 120px; border-style: solid; border-color: #055e6f;\">&nbsp;<\/p>\n<p><a href=\"https:\/\/www.teses.usp.br\/teses\/disponiveis\/3\/3153\/tde-03022022-144532\/pt-br.php\"><span id=\"cursoDoAlunoAcao\" class=\"conteudo\">M\u00e9todos para redu\u00e7\u00e3o do ru\u00eddo urbano nas cidades brasileiras<\/span><\/a><\/p>\n<p>&nbsp;<\/td>\n<td style=\"width: 12.8733%; height: 120px; border-style: solid; border-color: #055e6f; text-align: center;\"><span id=\"cursoDoAlunoAcao\" class=\"conteudo\">08\/10\/2021<\/span><\/td>\n<td style=\"width: 16.9858%; height: 120px; border-style: solid; border-color: #055e6f; text-align: center;\">Gest\u00e3o habitacional e urbana<\/td>\n<td style=\"width: 28.9325%; height: 120px; border-style: solid; border-color: #055e6f; text-align: center;\"><span id=\"cursoDoAlunoAcao\" class=\"conteudo\">Alex Kenya Abiko<\/span><\/td>\n<\/tr>\n<tr style=\"height: 120px;\">\n<td style=\"width: 20.3489%; height: 120px; border-style: solid; border-color: #055e6f; text-align: center;\">Lucas Tunis Martins Veloza<\/td>\n<td style=\"width: 31.9046%; height: 120px; border-style: solid; border-color: #055e6f;\">&nbsp;<\/p>\n<p><a href=\"https:\/\/www.teses.usp.br\/teses\/disponiveis\/3\/3153\/tde-20122021-164050\/pt-br.php\"><span id=\"cursoDoAlunoAcao\" class=\"conteudo\">Determina\u00e7\u00e3o do prazo \u00f3timo te\u00f3rico em or\u00e7amentos de obras em fun\u00e7\u00e3o da redu\u00e7\u00e3o dos custos<\/span><\/a><\/p>\n<p>&nbsp;<\/td>\n<td style=\"width: 12.8733%; height: 120px; border-style: solid; border-color: #055e6f; text-align: center;\"><span id=\"cursoDoAlunoAcao\" class=\"conteudo\">01\/10\/2021<\/span><\/td>\n<td style=\"width: 16.9858%; height: 120px; border-style: solid; border-color: #055e6f; text-align: center;\">Tecnologia e Gest\u00e3o na Produ\u00e7\u00e3o<\/td>\n<td style=\"width: 28.9325%; height: 120px; border-style: solid; border-color: #055e6f; text-align: center;\"><span id=\"cursoDoAlunoAcao\" class=\"conteudo\">Prof. Dr. Fl\u00e1vio Leal Maranh\u00e3o<\/span><\/td>\n<\/tr>\n<tr style=\"height: 144px;\">\n<td style=\"width: 20.3489%; height: 144px; border-style: solid; border-color: #055e6f; text-align: center;\">Marcio Jos\u00e9 Serra Paix\u00e3o<\/td>\n<td style=\"width: 31.9046%; height: 144px; border-style: solid; border-color: #055e6f;\">&nbsp;<\/p>\n<p><a href=\"https:\/\/www.teses.usp.br\/teses\/disponiveis\/3\/3153\/tde-18032022-081551\/pt-br.php\"><span id=\"cursoDoAlunoAcao\" class=\"conteudo\">Determina\u00e7\u00e3o da irregularidade superficial do pavimento por meio dos dados de sensores de acelera\u00e7\u00e3o vertical obtidos por medi\u00e7\u00e3o descentralizada<\/span><\/a><\/p>\n<p>&nbsp;<\/td>\n<td style=\"width: 12.8733%; height: 144px; border-style: solid; border-color: #055e6f; text-align: center;\"><span id=\"cursoDoAlunoAcao\" class=\"conteudo\">10\/09\/2021<br \/>\n<\/span><\/td>\n<td style=\"width: 16.9858%; height: 144px; border-style: solid; border-color: #055e6f; text-align: center;\">Tecnologia e Gest\u00e3o na Produ\u00e7\u00e3o<\/td>\n<td style=\"width: 28.9325%; height: 144px; border-style: solid; border-color: #055e6f; text-align: center;\"><span id=\"cursoDoAlunoAcao\" class=\"conteudo\">Prof. Dr. Fl\u00e1vio Leal Maranh\u00e3o<\/span><\/td>\n<\/tr>\n<tr style=\"height: 144px;\">\n<td style=\"width: 20.3489%; height: 144px; border-style: solid; border-color: #055e6f; text-align: center;\">Sarah Cristina Cardoso Nunes<\/td>\n<td style=\"width: 31.9046%; height: 144px; border-style: solid; border-color: #055e6f;\">&nbsp;<\/p>\n<p><a href=\"https:\/\/www.teses.usp.br\/teses\/disponiveis\/3\/3153\/tde-04112021-124029\/pt-br.php\"><span id=\"cursoDoAlunoAcao\" class=\"conteudo\">Apoio ao processo de licita\u00e7\u00e3o e projetos em BIM para infraestrutura metrovi\u00e1ria a partir de uma biblioteca de metacomponentes<\/span><\/a><\/p>\n<p>&nbsp;<\/td>\n<td style=\"width: 12.8733%; height: 144px; border-style: solid; border-color: #055e6f; text-align: center;\"><span id=\"cursoDoAlunoAcao\" class=\"conteudo\">27\/08\/2021<\/span><\/td>\n<td style=\"width: 16.9858%; height: 144px; border-style: solid; border-color: #055e6f; text-align: center;\">BIM: Building Information Modeling<\/td>\n<td style=\"width: 28.9325%; height: 144px; border-style: solid; border-color: #055e6f; text-align: center;\"><span id=\"cursoDoAlunoAcao\" class=\"conteudo\">Prof. Dr. S\u00e9rgio Leal Ferreira<br \/>\n<\/span><\/td>\n<\/tr>\n<tr style=\"height: 144px;\">\n<td style=\"width: 20.3489%; height: 144px; border-style: solid; border-color: #055e6f; text-align: center;\">Julie Anne Braun dos Santos<\/td>\n<td style=\"width: 31.9046%; height: 144px; border-style: solid; border-color: #055e6f;\">&nbsp;<\/p>\n<p><a href=\"https:\/\/www.teses.usp.br\/teses\/disponiveis\/3\/3153\/tde-01022022-120008\/pt-br.php\"><span id=\"cursoDoAlunoAcao\" class=\"conteudo\">Desenvolvimento de metodologia para avalia\u00e7\u00e3o da transfer\u00eancia de fissuras em sistemas de impermeabiliza\u00e7\u00e3o aderidos<\/span><\/a><\/p>\n<p>&nbsp;<\/td>\n<td style=\"width: 12.8733%; height: 144px; border-style: solid; border-color: #055e6f; text-align: center;\"><span id=\"cursoDoAlunoAcao\" class=\"conteudo\">11\/08\/2021<\/span><\/td>\n<td style=\"width: 16.9858%; height: 144px; border-style: solid; border-color: #055e6f; text-align: center;\">Materiais e componentes de constru\u00e7\u00e3o<\/td>\n<td style=\"width: 28.9325%; height: 144px; border-style: solid; border-color: #055e6f; text-align: center;\"><span id=\"cursoDoAlunoAcao\" class=\"conteudo\">Profa. Dra. Renata Monte<br \/>\n<\/span><\/td>\n<\/tr>\n<tr style=\"height: 120px;\">\n<td style=\"width: 20.3489%; height: 120px; border-style: solid; border-color: #055e6f; text-align: center;\">Luiza Carneiro Boechat<\/td>\n<td style=\"width: 31.9046%; height: 120px; border-style: solid; border-color: #055e6f;\">&nbsp;<\/p>\n<p><a href=\"https:\/\/www.teses.usp.br\/teses\/disponiveis\/3\/3153\/tde-25102021-115750\/pt-br.php\"><span id=\"cursoDoAlunoAcao\" class=\"conteudo\">Fluxo de trabalho ampliado pela visualiza\u00e7\u00e3o de dados para o design estrutural em BIM<\/span><\/a><\/p>\n<p>&nbsp;<\/td>\n<td style=\"width: 12.8733%; height: 120px; border-style: solid; border-color: #055e6f; text-align: center;\"><span id=\"cursoDoAlunoAcao\" class=\"conteudo\">20\/07\/2021<\/span><\/td>\n<td style=\"width: 16.9858%; height: 120px; border-style: solid; border-color: #055e6f; text-align: center;\">BIM: Building Information Modeling<\/td>\n<td style=\"width: 28.9325%; height: 120px; border-style: solid; border-color: #055e6f; text-align: center;\"><span id=\"cursoDoAlunoAcao\" class=\"conteudo\">Prof. Dr. Fabiano Rogerio Corr\u00eaa<br \/>\n<\/span><\/td>\n<\/tr>\n<tr style=\"height: 48px;\">\n<td style=\"width: 20.3489%; height: 48px; border-style: solid; border-color: #055e6f; text-align: center;\">Marco Antonio Furtado Yamada<\/td>\n<td style=\"width: 31.9046%; height: 48px; border-style: solid; border-color: #055e6f;\">&nbsp;<\/p>\n<p><a href=\"https:\/\/www.teses.usp.br\/teses\/disponiveis\/3\/3153\/tde-07072021-162121\/pt-br.php\"><span id=\"cursoDoAlunoAcao\" class=\"conteudo\">Comissionamento de sistemas prediais de \u00e1gua quente<\/span><\/a><\/p>\n<p>&nbsp;<\/td>\n<td style=\"width: 12.8733%; height: 48px; border-style: solid; border-color: #055e6f; text-align: center;\"><span id=\"cursoDoAlunoAcao\" class=\"conteudo\">17\/03\/2021<\/span><\/td>\n<td style=\"width: 16.9858%; height: 48px; border-style: solid; border-color: #055e6f; text-align: center;\">Desempenho, tecnologia e gest\u00e3o de sistemas prediais<\/td>\n<td style=\"width: 28.9325%; height: 48px; border-style: solid; border-color: #055e6f; text-align: center;\"><span id=\"cursoDoAlunoAcao\" class=\"conteudo\">Profa. Dra. L\u00facia Helena de Oliveira<\/span><\/td>\n<\/tr>\n<tr style=\"height: 144px;\">\n<td style=\"width: 20.3489%; height: 144px; border-style: solid; border-color: #055e6f; text-align: center;\">Murillo Andr\u00e9 Mendon\u00e7a<\/td>\n<td style=\"width: 31.9046%; height: 144px; border-style: solid; border-color: #055e6f;\">&nbsp;<\/p>\n<p><a href=\"https:\/\/www.teses.usp.br\/teses\/disponiveis\/3\/3153\/tde-12072021-112839\/pt-br.php\"><span id=\"cursoDoAlunoAcao\" class=\"conteudo\">Proposi\u00e7\u00e3o de um sistema de avalia\u00e7\u00e3o do n\u00edvel de maturidade em gest\u00e3o estrat\u00e9gica de incorporadoras imobili\u00e1rias residenciais<\/span><\/a><\/p>\n<p>&nbsp;<\/td>\n<td style=\"width: 12.8733%; height: 144px; border-style: solid; border-color: #055e6f; text-align: center;\"><span id=\"cursoDoAlunoAcao\" class=\"conteudo\">24\/02\/2021<\/span><\/td>\n<td style=\"width: 16.9858%; height: 144px; border-style: solid; border-color: #055e6f; text-align: center;\">Real Estate: economia setorial e mercados<\/td>\n<td style=\"width: 28.9325%; height: 144px; border-style: solid; border-color: #055e6f; text-align: center;\"><span id=\"cursoDoAlunoAcao\" class=\"conteudo\">Profa. Dra. Eliane Monetti<br \/>\n<\/span><\/td>\n<\/tr>\n<\/tbody>\n<\/table>\n<p style=\"text-align: left;\">\n","protected":false},"excerpt":{"rendered":"<p>Clique nos t\u00edtulos e acesse as disserta\u00e7\u00f5es do Programa conclu\u00eddas em 2021 ou 2022: Autor [&hellip;]<\/p>\n","protected":false},"author":24123,"featured_media":0,"parent":344,"menu_order":2,"comment_status":"closed","ping_status":"closed","template":"","meta":{"footnotes":"","_links_to":"","_links_to_target":""},"class_list":["post-2745","page","type-page","status-publish","hentry"],"_links":{"self":[{"href":"https:\/\/sites.usp.br\/construinova\/wp-json\/wp\/v2\/pages\/2745","targetHints":{"allow":["GET"]}}],"collection":[{"href":"https:\/\/sites.usp.br\/construinova\/wp-json\/wp\/v2\/pages"}],"about":[{"href":"https:\/\/sites.usp.br\/construinova\/wp-json\/wp\/v2\/types\/page"}],"author":[{"embeddable":true,"href":"https:\/\/sites.usp.br\/construinova\/wp-json\/wp\/v2\/users\/24123"}],"replies":[{"embeddable":true,"href":"https:\/\/sites.usp.br\/construinova\/wp-json\/wp\/v2\/comments?post=2745"}],"version-history":[{"count":4,"href":"https:\/\/sites.usp.br\/construinova\/wp-json\/wp\/v2\/pages\/2745\/revisions"}],"predecessor-version":[{"id":3000,"href":"https:\/\/sites.usp.br\/construinova\/wp-json\/wp\/v2\/pages\/2745\/revisions\/3000"}],"up":[{"embeddable":true,"href":"https:\/\/sites.usp.br\/construinova\/wp-json\/wp\/v2\/pages\/344"}],"wp:attachment":[{"href":"https:\/\/sites.usp.br\/construinova\/wp-json\/wp\/v2\/media?parent=2745"}],"curies":[{"name":"wp","href":"https:\/\/api.w.org\/{rel}","templated":true}]}}