{"id":334,"date":"2016-07-22T10:07:50","date_gmt":"2016-07-22T13:07:50","guid":{"rendered":"http:\/\/sites.usp.br\/construinova\/?page_id=334"},"modified":"2018-06-14T12:25:01","modified_gmt":"2018-06-14T15:25:01","slug":"ingresso","status":"publish","type":"page","link":"https:\/\/sites.usp.br\/construinova\/ingresso\/","title":{"rendered":"Ingresso"},"content":{"rendered":"<p>O ingresso no ConstruInova \u00e9 feito por meio de processo seletivo que acontece uma vez por ano.<\/p>\n<p>Consulte a p\u00e1gina do <a href=\"http:\/\/sites.usp.br\/construinova\/processo-seletivo\/\">edital de sele\u00e7\u00e3o<\/a> do ano vigente para conhecer o calend\u00e1rio, as etapas e procedimentos de inscri\u00e7\u00e3o.<\/p>\n","protected":false},"excerpt":{"rendered":"<p>O ingresso no ConstruInova \u00e9 feito por meio de processo seletivo que acontece uma vez [&hellip;]<\/p>\n","protected":false},"author":177,"featured_media":0,"parent":0,"menu_order":0,"comment_status":"closed","ping_status":"closed","template":"","meta":{"footnotes":"","_links_to":"","_links_to_target":""},"class_list":["post-334","page","type-page","status-publish","hentry"],"_links":{"self":[{"href":"https:\/\/sites.usp.br\/construinova\/wp-json\/wp\/v2\/pages\/334","targetHints":{"allow":["GET"]}}],"collection":[{"href":"https:\/\/sites.usp.br\/construinova\/wp-json\/wp\/v2\/pages"}],"about":[{"href":"https:\/\/sites.usp.br\/construinova\/wp-json\/wp\/v2\/types\/page"}],"author":[{"embeddable":true,"href":"https:\/\/sites.usp.br\/construinova\/wp-json\/wp\/v2\/users\/177"}],"replies":[{"embeddable":true,"href":"https:\/\/sites.usp.br\/construinova\/wp-json\/wp\/v2\/comments?post=334"}],"version-history":[{"count":4,"href":"https:\/\/sites.usp.br\/construinova\/wp-json\/wp\/v2\/pages\/334\/revisions"}],"predecessor-version":[{"id":1324,"href":"https:\/\/sites.usp.br\/construinova\/wp-json\/wp\/v2\/pages\/334\/revisions\/1324"}],"wp:attachment":[{"href":"https:\/\/sites.usp.br\/construinova\/wp-json\/wp\/v2\/media?parent=334"}],"curies":[{"name":"wp","href":"https:\/\/api.w.org\/{rel}","templated":true}]}}