{"id":342,"date":"2016-07-22T10:14:43","date_gmt":"2016-07-22T13:14:43","guid":{"rendered":"http:\/\/sites.usp.br\/construinova\/?page_id=342"},"modified":"2026-04-15T15:18:04","modified_gmt":"2026-04-15T18:18:04","slug":"proximas-defesas","status":"publish","type":"page","link":"https:\/\/sites.usp.br\/construinova\/proximas-defesas\/","title":{"rendered":"Pr\u00f3ximas Defesas"},"content":{"rendered":"<h2><span style=\"color: #ff9900;\">Defesa de mestrado<\/span><\/h2>\n<p><strong>Aluno(a): Andr\u00e9 Buchmann M\u00fcller<\/strong><\/p>\n<p><strong>Orientador: Prof. Dr. <span id=\"cursoDoAlunoAcao\" class=\"conteudo\">Fabiano Rogerio Corr\u00eaa<\/span><\/strong><\/p>\n<p><strong>T\u00edtulo:\u00a0\u00a0<span id=\"cursoDoAlunoAcao\" class=\"conteudo\">&#8220;Representa\u00e7\u00f5es em grafo baseadas em IFC para automa\u00e7\u00e3o de an\u00e1lises na engenharia: uma implementa\u00e7\u00e3o no c\u00e1lculo de sistemas prediais hidr\u00e1ulicos&#8221;<\/span><\/strong><\/p>\n<p><strong>Data\/hor\u00e1rio: 28\/04\/2026, \u00e0s 10h15<\/strong><\/p>\n<p><strong>Local: Ed. de Engenharia Civil, Sala S-37<\/strong><\/p>\n<hr \/>\n<div>\n<div>\n<h2><span style=\"color: #ff9900;\">Exames de qualifica\u00e7\u00e3o<\/span><\/h2>\n<\/div>\n<\/div>\n<h4><strong>N\u00e3o h\u00e1 agendamentos<\/strong><\/h4>\n<p>&nbsp;<\/p>\n<div>\n<div>\n<hr \/>\n<\/div>\n<h2><span style=\"color: #ff9900;\">Apresenta\u00e7\u00e3o do 3\u00ba relat\u00f3rio de avalia\u00e7\u00e3o<\/span><\/h2>\n<h4><strong>N\u00e3o h\u00e1 agendamentos<\/strong><\/h4>\n<hr \/>\n<\/div>\n","protected":false},"excerpt":{"rendered":"<p>Defesa de mestrado Aluno(a): Andr\u00e9 Buchmann M\u00fcller Orientador: Prof. Dr. Fabiano Rogerio Corr\u00eaa T\u00edtulo:\u00a0\u00a0&#8220;Representa\u00e7\u00f5es em [&hellip;]<\/p>\n","protected":false},"author":177,"featured_media":0,"parent":0,"menu_order":0,"comment_status":"closed","ping_status":"closed","template":"","meta":{"footnotes":"","_links_to":"","_links_to_target":""},"class_list":["post-342","page","type-page","status-publish","hentry"],"_links":{"self":[{"href":"https:\/\/sites.usp.br\/construinova\/wp-json\/wp\/v2\/pages\/342","targetHints":{"allow":["GET"]}}],"collection":[{"href":"https:\/\/sites.usp.br\/construinova\/wp-json\/wp\/v2\/pages"}],"about":[{"href":"https:\/\/sites.usp.br\/construinova\/wp-json\/wp\/v2\/types\/page"}],"author":[{"embeddable":true,"href":"https:\/\/sites.usp.br\/construinova\/wp-json\/wp\/v2\/users\/177"}],"replies":[{"embeddable":true,"href":"https:\/\/sites.usp.br\/construinova\/wp-json\/wp\/v2\/comments?post=342"}],"version-history":[{"count":4,"href":"https:\/\/sites.usp.br\/construinova\/wp-json\/wp\/v2\/pages\/342\/revisions"}],"predecessor-version":[{"id":3215,"href":"https:\/\/sites.usp.br\/construinova\/wp-json\/wp\/v2\/pages\/342\/revisions\/3215"}],"wp:attachment":[{"href":"https:\/\/sites.usp.br\/construinova\/wp-json\/wp\/v2\/media?parent=342"}],"curies":[{"name":"wp","href":"https:\/\/api.w.org\/{rel}","templated":true}]}}