{"id":367,"date":"2016-07-22T10:40:16","date_gmt":"2016-07-22T13:40:16","guid":{"rendered":"http:\/\/sites.usp.br\/construinova\/?page_id=367"},"modified":"2025-07-31T10:20:05","modified_gmt":"2025-07-31T13:20:05","slug":"links-de-interesse","status":"publish","type":"page","link":"https:\/\/sites.usp.br\/construinova\/links-de-interesse\/","title":{"rendered":"Manual do estudante"},"content":{"rendered":"<p><strong>Clique nos links abaixo e tire suas d\u00favidas sobre os procedimentos do curso de Mestrado<\/strong><\/p>\n<ul>\n<li><a href=\"\/\/sites.usp.br\/construinova\/periodos-de-matricula\/\">Per\u00edodos de matr\u00edcula<\/a><\/li>\n<li><a href=\"https:\/\/sites.usp.br\/construinova\/passagem-de-alunoa-especial-para-regular-somente-para-ingressantes\/\">Passagem de aluno(a) especial para regular (somente para ingressantes)<\/a><\/li>\n<li><a href=\"\/\/sites.usp.br\/construinova\/aluno-especial\/\">Aluno especial<\/a><\/li>\n<li><a href=\"\/\/sites.usp.br\/construinova\/retificacao-de-matricula\/\">Retifica\u00e7\u00e3o de matr\u00edcula<\/a><\/li>\n<li><a href=\"https:\/\/sites.usp.br\/construinova\/como-acessar-o-conteudo-das-aulas-no-e-disciplinas\/\">Como acessar o conte\u00fado das aulas no e-disciplinas <\/a><\/li>\n<li><a href=\"https:\/\/sites.usp.br\/construinova\/exame-de-qualificacao\/\">Exame de qualifica\u00e7\u00e3o<\/a><\/li>\n<li><a href=\"\/\/sites.usp.br\/construinova\/relatorios-de-avaliacao-2\/\">Relat\u00f3rios de avalia\u00e7\u00e3o<\/a><\/li>\n<li><a href=\"\/\/sites.usp.br\/construinova\/prorrogacao-de-prazo\/\">Prorroga\u00e7\u00e3o de prazo<\/a><\/li>\n<li><a href=\"\/\/sites.usp.br\/construinova\/trancamento-de-matricula\/\">Trancamento de matr\u00edcula<\/a><\/li>\n<li><a href=\"https:\/\/sites.usp.br\/construinova\/pedido-de-creditos-especiais\/\">Pedido de cr\u00e9ditos especiais<\/a><\/li>\n<li><a href=\"\/\/sites.usp.br\/construinova\/deposito-da-dissertacao\/\">Procedimentos para dep\u00f3sito da disserta\u00e7\u00e3o<\/a><\/li>\n<li><a href=\"\/\/sites.usp.br\/construinova\/defesa-de-mestrado\/\">Exame de defesa de mestrado<\/a><\/li>\n<li><a href=\"https:\/\/sites.usp.br\/construinova\/wp-content\/uploads\/sites\/97\/2021\/10\/Edicao-Revisada-Teses-Dissertacoes-com-resolucao-CoPGr.doc\">Procedimentos para a Edi\u00e7\u00e3o Revisada de Teses e Disserta\u00e7\u00f5es<\/a><\/li>\n<li><a href=\"http:\/\/eduroam.usp.br\/\">Rede sem fio<\/a><\/li>\n<li><a href=\"http:\/\/sites.usp.br\/construinova\/acesso-aos-periodicos-fora-da-usp\/\">Acesso aos peri\u00f3dicos fora da USP<\/a><\/li>\n<li><a href=\"http:\/\/sites.usp.br\/construinova\/requisicao-de-auxilio-financeiro\/\">Requisi\u00e7\u00e3o de aux\u00edlio financeiro para participa\u00e7\u00e3o em eventos<\/a><\/li>\n<li><a href=\"http:\/\/sites.usp.br\/construinova\/passe-escolar\/\">Passe escolar<\/a><\/li>\n<\/ul>\n<p>&nbsp;<\/p>\n<hr \/>\n<p>&nbsp;<\/p>\n","protected":false},"excerpt":{"rendered":"<p>Clique nos links abaixo e tire suas d\u00favidas sobre os procedimentos do curso de Mestrado [&hellip;]<\/p>\n","protected":false},"author":177,"featured_media":0,"parent":0,"menu_order":0,"comment_status":"closed","ping_status":"closed","template":"","meta":{"footnotes":"","_links_to":"","_links_to_target":""},"class_list":["post-367","page","type-page","status-publish","hentry"],"_links":{"self":[{"href":"https:\/\/sites.usp.br\/construinova\/wp-json\/wp\/v2\/pages\/367","targetHints":{"allow":["GET"]}}],"collection":[{"href":"https:\/\/sites.usp.br\/construinova\/wp-json\/wp\/v2\/pages"}],"about":[{"href":"https:\/\/sites.usp.br\/construinova\/wp-json\/wp\/v2\/types\/page"}],"author":[{"embeddable":true,"href":"https:\/\/sites.usp.br\/construinova\/wp-json\/wp\/v2\/users\/177"}],"replies":[{"embeddable":true,"href":"https:\/\/sites.usp.br\/construinova\/wp-json\/wp\/v2\/comments?post=367"}],"version-history":[{"count":5,"href":"https:\/\/sites.usp.br\/construinova\/wp-json\/wp\/v2\/pages\/367\/revisions"}],"predecessor-version":[{"id":3040,"href":"https:\/\/sites.usp.br\/construinova\/wp-json\/wp\/v2\/pages\/367\/revisions\/3040"}],"wp:attachment":[{"href":"https:\/\/sites.usp.br\/construinova\/wp-json\/wp\/v2\/media?parent=367"}],"curies":[{"name":"wp","href":"https:\/\/api.w.org\/{rel}","templated":true}]}}