{"id":2120,"date":"2022-12-13T13:13:55","date_gmt":"2022-12-13T16:13:55","guid":{"rendered":"https:\/\/sites.usp.br\/cosmos\/?page_id=2120"},"modified":"2022-12-13T13:13:55","modified_gmt":"2022-12-13T16:13:55","slug":"empreendedorismo","status":"publish","type":"page","link":"https:\/\/sites.usp.br\/cosmos\/empreendedorismo\/","title":{"rendered":"Empreendedorismo"},"content":{"rendered":"\t\t<div data-elementor-type=\"wp-page\" data-elementor-id=\"2120\" class=\"elementor elementor-2120\" data-elementor-post-type=\"page\">\n\t\t\t\t\t\t<section class=\"elementor-section elementor-top-section elementor-element elementor-element-745afdb elementor-section-boxed elementor-section-height-default elementor-section-height-default\" data-id=\"745afdb\" data-element_type=\"section\">\n\t\t\t\t\t\t<div class=\"elementor-container elementor-column-gap-default\">\n\t\t\t\t\t<div class=\"elementor-column elementor-col-100 elementor-top-column elementor-element elementor-element-c3c81fb\" data-id=\"c3c81fb\" data-element_type=\"column\">\n\t\t\t<div class=\"elementor-widget-wrap elementor-element-populated\">\n\t\t\t\t\t\t<div class=\"elementor-element elementor-element-67c1d89 elementor-widget elementor-widget-text-editor\" data-id=\"67c1d89\" data-element_type=\"widget\" data-widget_type=\"text-editor.default\">\n\t\t\t\t<div class=\"elementor-widget-container\">\n\t\t\t\t\t\t\t<p>Nessa se\u00e7\u00e3o, trazemos os eventos que ocorreram no Cosmos e foram destinados ao ecossistema de empreendedorismo, fortalecendo o ambiente de inova\u00e7\u00e3o no contexto da USP.<\/p>\t\t\t\t\t\t<\/div>\n\t\t\t\t<\/div>\n\t\t\t\t<div class=\"elementor-element elementor-element-fac6805 elementor-widget elementor-widget-spacer\" data-id=\"fac6805\" data-element_type=\"widget\" data-widget_type=\"spacer.default\">\n\t\t\t\t<div class=\"elementor-widget-container\">\n\t\t\t\t\t<div class=\"elementor-spacer\">\n\t\t\t<div class=\"elementor-spacer-inner\"><\/div>\n\t\t<\/div>\n\t\t\t\t<\/div>\n\t\t\t\t<\/div>\n\t\t\t\t\t<\/div>\n\t\t<\/div>\n\t\t\t\t\t<\/div>\n\t\t<\/section>\n\t\t\t\t<section class=\"elementor-section elementor-top-section elementor-element elementor-element-000db85 elementor-section-boxed elementor-section-height-default elementor-section-height-default\" data-id=\"000db85\" data-element_type=\"section\">\n\t\t\t\t\t\t<div class=\"elementor-container elementor-column-gap-default\">\n\t\t\t\t\t<div class=\"elementor-column elementor-col-100 elementor-top-column elementor-element elementor-element-e032f9f\" data-id=\"e032f9f\" data-element_type=\"column\">\n\t\t\t<div class=\"elementor-widget-wrap elementor-element-populated\">\n\t\t\t\t\t\t<div class=\"elementor-element elementor-element-1e73ecd elementor-widget elementor-widget-heading\" data-id=\"1e73ecd\" data-element_type=\"widget\" data-widget_type=\"heading.default\">\n\t\t\t\t<div class=\"elementor-widget-container\">\n\t\t\t<h2 class=\"elementor-heading-title elementor-size-default\">Pitch Night - FEA Angels e alunos do Mestrado Profissional em Empreendedorismo da FEA<\/h2>\t\t<\/div>\n\t\t\t\t<\/div>\n\t\t\t\t<div class=\"elementor-element elementor-element-17e607b elementor-widget elementor-widget-image\" data-id=\"17e607b\" data-element_type=\"widget\" data-widget_type=\"image.default\">\n\t\t\t\t<div class=\"elementor-widget-container\">\n\t\t\t\t\t\t\t\t\t\t\t\t\t<img fetchpriority=\"high\" decoding=\"async\" width=\"640\" height=\"480\" src=\"https:\/\/sites.usp.br\/cosmos\/wp-content\/uploads\/sites\/695\/2022\/12\/Pitch-Day-Fea-Angels-1024x768.jpeg\" class=\"attachment-large size-large wp-image-2156\" alt=\"\" srcset=\"https:\/\/sites.usp.br\/cosmos\/wp-content\/uploads\/sites\/695\/2022\/12\/Pitch-Day-Fea-Angels-1024x768.jpeg 1024w, https:\/\/sites.usp.br\/cosmos\/wp-content\/uploads\/sites\/695\/2022\/12\/Pitch-Day-Fea-Angels-300x225.jpeg 300w, https:\/\/sites.usp.br\/cosmos\/wp-content\/uploads\/sites\/695\/2022\/12\/Pitch-Day-Fea-Angels-768x576.jpeg 768w, https:\/\/sites.usp.br\/cosmos\/wp-content\/uploads\/sites\/695\/2022\/12\/Pitch-Day-Fea-Angels-285x214.jpeg 285w, https:\/\/sites.usp.br\/cosmos\/wp-content\/uploads\/sites\/695\/2022\/12\/Pitch-Day-Fea-Angels-80x60.jpeg 80w, https:\/\/sites.usp.br\/cosmos\/wp-content\/uploads\/sites\/695\/2022\/12\/Pitch-Day-Fea-Angels-400x300.jpeg 400w, https:\/\/sites.usp.br\/cosmos\/wp-content\/uploads\/sites\/695\/2022\/12\/Pitch-Day-Fea-Angels.jpeg 1280w\" sizes=\"(max-width: 640px) 100vw, 640px\" \/>\t\t\t\t\t\t\t\t\t\t\t\t\t<\/div>\n\t\t\t\t<\/div>\n\t\t\t\t<div class=\"elementor-element elementor-element-f796e8d elementor-widget elementor-widget-text-editor\" data-id=\"f796e8d\" data-element_type=\"widget\" data-widget_type=\"text-editor.default\">\n\t\t\t\t<div class=\"elementor-widget-container\">\n\t\t\t\t\t\t\t<p>Houve um dia de Pitch das startups para investidores anjo. Aproveitou-se essa oportunidade para convidar os alunos do Mestrado Profissional em Empreendedorismo da FEA para anunciar a nota da Capes e explicar o impacto dessa nota para eles.<\/p>\t\t\t\t\t\t<\/div>\n\t\t\t\t<\/div>\n\t\t\t\t\t<\/div>\n\t\t<\/div>\n\t\t\t\t\t<\/div>\n\t\t<\/section>\n\t\t\t\t<section class=\"elementor-section elementor-top-section elementor-element elementor-element-bfd0546 elementor-section-boxed elementor-section-height-default elementor-section-height-default\" data-id=\"bfd0546\" data-element_type=\"section\">\n\t\t\t\t\t\t<div class=\"elementor-container elementor-column-gap-default\">\n\t\t\t\t\t<div class=\"elementor-column elementor-col-100 elementor-top-column elementor-element elementor-element-b2d2cb1\" data-id=\"b2d2cb1\" data-element_type=\"column\">\n\t\t\t<div class=\"elementor-widget-wrap elementor-element-populated\">\n\t\t\t\t\t\t<div class=\"elementor-element elementor-element-cb2303b elementor-widget elementor-widget-heading\" data-id=\"cb2303b\" data-element_type=\"widget\" data-widget_type=\"heading.default\">\n\t\t\t\t<div class=\"elementor-widget-container\">\n\t\t\t<h2 class=\"elementor-heading-title elementor-size-default\">eLab Invest<\/h2>\t\t<\/div>\n\t\t\t\t<\/div>\n\t\t\t\t<div class=\"elementor-element elementor-element-9593785 elementor-widget elementor-widget-image\" data-id=\"9593785\" data-element_type=\"widget\" data-widget_type=\"image.default\">\n\t\t\t\t<div class=\"elementor-widget-container\">\n\t\t\t\t\t\t\t\t\t\t\t\t\t<img decoding=\"async\" width=\"640\" height=\"480\" src=\"https:\/\/sites.usp.br\/cosmos\/wp-content\/uploads\/sites\/695\/2022\/12\/eLab-Invest-1024x768.jpeg\" class=\"attachment-large size-large wp-image-2151\" alt=\"\" srcset=\"https:\/\/sites.usp.br\/cosmos\/wp-content\/uploads\/sites\/695\/2022\/12\/eLab-Invest-1024x768.jpeg 1024w, https:\/\/sites.usp.br\/cosmos\/wp-content\/uploads\/sites\/695\/2022\/12\/eLab-Invest-300x225.jpeg 300w, https:\/\/sites.usp.br\/cosmos\/wp-content\/uploads\/sites\/695\/2022\/12\/eLab-Invest-768x576.jpeg 768w, https:\/\/sites.usp.br\/cosmos\/wp-content\/uploads\/sites\/695\/2022\/12\/eLab-Invest-1536x1152.jpeg 1536w, https:\/\/sites.usp.br\/cosmos\/wp-content\/uploads\/sites\/695\/2022\/12\/eLab-Invest-285x214.jpeg 285w, https:\/\/sites.usp.br\/cosmos\/wp-content\/uploads\/sites\/695\/2022\/12\/eLab-Invest-80x60.jpeg 80w, https:\/\/sites.usp.br\/cosmos\/wp-content\/uploads\/sites\/695\/2022\/12\/eLab-Invest-400x300.jpeg 400w, https:\/\/sites.usp.br\/cosmos\/wp-content\/uploads\/sites\/695\/2022\/12\/eLab-Invest.jpeg 1600w\" sizes=\"(max-width: 640px) 100vw, 640px\" \/>\t\t\t\t\t\t\t\t\t\t\t\t\t<\/div>\n\t\t\t\t<\/div>\n\t\t\t\t<div class=\"elementor-element elementor-element-3faf1fe elementor-widget elementor-widget-text-editor\" data-id=\"3faf1fe\" data-element_type=\"widget\" data-widget_type=\"text-editor.default\">\n\t\t\t\t<div class=\"elementor-widget-container\">\n\t\t\t\t\t\t\t<p>O evento foi uma apresenta\u00e7\u00e3o dos Pitch Decks escolhidos, avaliados pela bancada de jurados para o poss\u00edvel investimento no neg\u00f3cio de cada time, seja ele um fundo de investimento, startup ou outras \u00e1reas do ecossistema do empreendedorismo. Al\u00e9m disso, a bancada de jurados tamb\u00e9m falou sobre alguns pontos que acharam importante ressaltarem, para melhor entendimento e conhecimento dos participantes, em um modelo de workshop.<\/p>\t\t\t\t\t\t<\/div>\n\t\t\t\t<\/div>\n\t\t\t\t\t<\/div>\n\t\t<\/div>\n\t\t\t\t\t<\/div>\n\t\t<\/section>\n\t\t\t\t<section class=\"elementor-section elementor-top-section elementor-element elementor-element-991af03 elementor-section-boxed elementor-section-height-default elementor-section-height-default\" data-id=\"991af03\" data-element_type=\"section\">\n\t\t\t\t\t\t<div class=\"elementor-container elementor-column-gap-default\">\n\t\t\t\t\t<div class=\"elementor-column elementor-col-100 elementor-top-column elementor-element elementor-element-6bc6b4e\" data-id=\"6bc6b4e\" data-element_type=\"column\">\n\t\t\t<div class=\"elementor-widget-wrap elementor-element-populated\">\n\t\t\t\t\t\t<div class=\"elementor-element elementor-element-2773c71 elementor-widget elementor-widget-heading\" data-id=\"2773c71\" data-element_type=\"widget\" data-widget_type=\"heading.default\">\n\t\t\t\t<div class=\"elementor-widget-container\">\n\t\t\t<h2 class=\"elementor-heading-title elementor-size-default\"><span style=\"font-weight:600\" data-token-index=\"0\" class=\"notion-enable-hover\" data-reactroot=\"\">Masterclass Cat\u00e1lise<\/span><\/h2>\t\t<\/div>\n\t\t\t\t<\/div>\n\t\t\t\t<div class=\"elementor-element elementor-element-d57f9ec elementor-widget elementor-widget-image\" data-id=\"d57f9ec\" data-element_type=\"widget\" data-widget_type=\"image.default\">\n\t\t\t\t<div class=\"elementor-widget-container\">\n\t\t\t\t\t\t\t\t\t\t\t\t\t<img decoding=\"async\" width=\"640\" height=\"480\" src=\"https:\/\/sites.usp.br\/cosmos\/wp-content\/uploads\/sites\/695\/2022\/12\/Masterclass-catalise-1024x768.jpeg\" class=\"attachment-large size-large wp-image-2153\" alt=\"\" srcset=\"https:\/\/sites.usp.br\/cosmos\/wp-content\/uploads\/sites\/695\/2022\/12\/Masterclass-catalise-1024x768.jpeg 1024w, https:\/\/sites.usp.br\/cosmos\/wp-content\/uploads\/sites\/695\/2022\/12\/Masterclass-catalise-300x225.jpeg 300w, https:\/\/sites.usp.br\/cosmos\/wp-content\/uploads\/sites\/695\/2022\/12\/Masterclass-catalise-768x576.jpeg 768w, https:\/\/sites.usp.br\/cosmos\/wp-content\/uploads\/sites\/695\/2022\/12\/Masterclass-catalise-1536x1152.jpeg 1536w, https:\/\/sites.usp.br\/cosmos\/wp-content\/uploads\/sites\/695\/2022\/12\/Masterclass-catalise-285x214.jpeg 285w, https:\/\/sites.usp.br\/cosmos\/wp-content\/uploads\/sites\/695\/2022\/12\/Masterclass-catalise-80x60.jpeg 80w, https:\/\/sites.usp.br\/cosmos\/wp-content\/uploads\/sites\/695\/2022\/12\/Masterclass-catalise-400x300.jpeg 400w, https:\/\/sites.usp.br\/cosmos\/wp-content\/uploads\/sites\/695\/2022\/12\/Masterclass-catalise.jpeg 1600w\" sizes=\"(max-width: 640px) 100vw, 640px\" \/>\t\t\t\t\t\t\t\t\t\t\t\t\t<\/div>\n\t\t\t\t<\/div>\n\t\t\t\t<div class=\"elementor-element elementor-element-1834318 elementor-widget elementor-widget-text-editor\" data-id=\"1834318\" data-element_type=\"widget\" data-widget_type=\"text-editor.default\">\n\t\t\t\t<div class=\"elementor-widget-container\">\n\t\t\t\t\t\t\t<p>O Cat\u00e1lise \u00e9 a trilha empreendedora do eLab para o p\u00fablico universit\u00e1rio realizada com o intuito de estimular a inova\u00e7\u00e3o e a cultura do empreendedorismo. A fim de convidar os estudantes para participar da trilha, realizaremos o evento Masterclass Cat\u00e1lise 2022 com a participa\u00e7\u00e3o de Bruno Adami, CEO da Umatch. Inc, para falar sobre conceitos essenciais de empreendedorismo e apresentar a trilha para o p\u00fablico.<\/p>\t\t\t\t\t\t<\/div>\n\t\t\t\t<\/div>\n\t\t\t\t\t<\/div>\n\t\t<\/div>\n\t\t\t\t\t<\/div>\n\t\t<\/section>\n\t\t\t\t<section class=\"elementor-section elementor-top-section elementor-element elementor-element-c4b30e4 elementor-section-boxed elementor-section-height-default elementor-section-height-default\" data-id=\"c4b30e4\" data-element_type=\"section\">\n\t\t\t\t\t\t<div class=\"elementor-container elementor-column-gap-default\">\n\t\t\t\t\t<div class=\"elementor-column elementor-col-100 elementor-top-column elementor-element elementor-element-74570b9\" data-id=\"74570b9\" data-element_type=\"column\">\n\t\t\t<div class=\"elementor-widget-wrap elementor-element-populated\">\n\t\t\t\t\t\t<div class=\"elementor-element elementor-element-3d73620 elementor-widget elementor-widget-heading\" data-id=\"3d73620\" data-element_type=\"widget\" data-widget_type=\"heading.default\">\n\t\t\t\t<div class=\"elementor-widget-container\">\n\t\t\t<h2 class=\"elementor-heading-title elementor-size-default\">Evento de Encerramento EMpreendeSIM!<\/h2>\t\t<\/div>\n\t\t\t\t<\/div>\n\t\t\t\t<div class=\"elementor-element elementor-element-3130e83 elementor-widget elementor-widget-image\" data-id=\"3130e83\" data-element_type=\"widget\" data-widget_type=\"image.default\">\n\t\t\t\t<div class=\"elementor-widget-container\">\n\t\t\t\t\t\t\t\t\t\t\t\t\t<img loading=\"lazy\" decoding=\"async\" width=\"640\" height=\"480\" src=\"https:\/\/sites.usp.br\/cosmos\/wp-content\/uploads\/sites\/695\/2022\/12\/EMpreendeSim-1024x768.jpg\" class=\"attachment-large size-large wp-image-2152\" alt=\"\" srcset=\"https:\/\/sites.usp.br\/cosmos\/wp-content\/uploads\/sites\/695\/2022\/12\/EMpreendeSim-1024x768.jpg 1024w, https:\/\/sites.usp.br\/cosmos\/wp-content\/uploads\/sites\/695\/2022\/12\/EMpreendeSim-300x225.jpg 300w, https:\/\/sites.usp.br\/cosmos\/wp-content\/uploads\/sites\/695\/2022\/12\/EMpreendeSim-768x576.jpg 768w, https:\/\/sites.usp.br\/cosmos\/wp-content\/uploads\/sites\/695\/2022\/12\/EMpreendeSim-1536x1152.jpg 1536w, https:\/\/sites.usp.br\/cosmos\/wp-content\/uploads\/sites\/695\/2022\/12\/EMpreendeSim-285x214.jpg 285w, https:\/\/sites.usp.br\/cosmos\/wp-content\/uploads\/sites\/695\/2022\/12\/EMpreendeSim-80x60.jpg 80w, https:\/\/sites.usp.br\/cosmos\/wp-content\/uploads\/sites\/695\/2022\/12\/EMpreendeSim-400x300.jpg 400w, https:\/\/sites.usp.br\/cosmos\/wp-content\/uploads\/sites\/695\/2022\/12\/EMpreendeSim.jpg 1600w\" sizes=\"(max-width: 640px) 100vw, 640px\" \/>\t\t\t\t\t\t\t\t\t\t\t\t\t<\/div>\n\t\t\t\t<\/div>\n\t\t\t\t<div class=\"elementor-element elementor-element-30f1d34 elementor-widget elementor-widget-text-editor\" data-id=\"30f1d34\" data-element_type=\"widget\" data-widget_type=\"text-editor.default\">\n\t\t\t\t<div class=\"elementor-widget-container\">\n\t\t\t\t\t\t\t<p>O EMpreendeSIM! teve como proposta levar os aprendizados em empreendedorismo e inova\u00e7\u00e3o social produzidos na universidade para alunos de escolas p\u00fablicas. Assim, no evento de encerramento os grupos, formados por alunos de escolas t\u00e9cnicas de SP, apresentaram o neg\u00f3cio de impacto que criaram ao longo das oficinas. Ao longo de tr\u00eas meses os participantes tiveram contato com conte\u00fados sobre empreendedorismo e inova\u00e7\u00e3o, como fazer um MVP e um prot\u00f3tipo, como montar um modelo de neg\u00f3cio, como vender a sua solu\u00e7\u00e3o e como fazer um pitch. Assim, ao final do projeto, apresentaram um pitch para uma banca avaliadora composta por professores, profissionais da \u00e1rea e ex-membros do projeto.<br \/>Nesse sentido, o EMpreende SIM! visa construir uma ponte entre as escolas p\u00fablicas e a universidade por meio do empreendedorismo e da inova\u00e7\u00e3o social, incentivando todos a serem agentes transformadores.<\/p>\t\t\t\t\t\t<\/div>\n\t\t\t\t<\/div>\n\t\t\t\t\t<\/div>\n\t\t<\/div>\n\t\t\t\t\t<\/div>\n\t\t<\/section>\n\t\t\t\t<section class=\"elementor-section elementor-top-section elementor-element elementor-element-f1151fe elementor-section-boxed elementor-section-height-default elementor-section-height-default\" data-id=\"f1151fe\" data-element_type=\"section\">\n\t\t\t\t\t\t<div class=\"elementor-container elementor-column-gap-default\">\n\t\t\t\t\t<div class=\"elementor-column elementor-col-100 elementor-top-column elementor-element elementor-element-1c136da\" data-id=\"1c136da\" data-element_type=\"column\">\n\t\t\t<div class=\"elementor-widget-wrap elementor-element-populated\">\n\t\t\t\t\t\t<div class=\"elementor-element elementor-element-504a4a4 elementor-widget elementor-widget-heading\" data-id=\"504a4a4\" data-element_type=\"widget\" data-widget_type=\"heading.default\">\n\t\t\t\t<div class=\"elementor-widget-container\">\n\t\t\t<h2 class=\"elementor-heading-title elementor-size-default\"><span style=\"font-weight:600\" data-token-index=\"0\" class=\"notion-enable-hover\" data-reactroot=\"\">Imers\u00e3o no Ecossistema de Empreendedorismo<\/span><\/h2>\t\t<\/div>\n\t\t\t\t<\/div>\n\t\t\t\t<div class=\"elementor-element elementor-element-4948d18 elementor-widget elementor-widget-image\" data-id=\"4948d18\" data-element_type=\"widget\" data-widget_type=\"image.default\">\n\t\t\t\t<div class=\"elementor-widget-container\">\n\t\t\t\t\t\t\t\t\t\t\t\t\t<img loading=\"lazy\" decoding=\"async\" width=\"640\" height=\"493\" src=\"https:\/\/sites.usp.br\/cosmos\/wp-content\/uploads\/sites\/695\/2022\/12\/Imersao-no-ecossistema-de-empreendedorismo-1-1024x788.jpeg\" class=\"attachment-large size-large wp-image-2221\" alt=\"\" srcset=\"https:\/\/sites.usp.br\/cosmos\/wp-content\/uploads\/sites\/695\/2022\/12\/Imersao-no-ecossistema-de-empreendedorismo-1-1024x788.jpeg 1024w, https:\/\/sites.usp.br\/cosmos\/wp-content\/uploads\/sites\/695\/2022\/12\/Imersao-no-ecossistema-de-empreendedorismo-1-300x231.jpeg 300w, https:\/\/sites.usp.br\/cosmos\/wp-content\/uploads\/sites\/695\/2022\/12\/Imersao-no-ecossistema-de-empreendedorismo-1-768x591.jpeg 768w, https:\/\/sites.usp.br\/cosmos\/wp-content\/uploads\/sites\/695\/2022\/12\/Imersao-no-ecossistema-de-empreendedorismo-1-400x308.jpeg 400w, https:\/\/sites.usp.br\/cosmos\/wp-content\/uploads\/sites\/695\/2022\/12\/Imersao-no-ecossistema-de-empreendedorismo-1.jpeg 1200w\" sizes=\"(max-width: 640px) 100vw, 640px\" \/>\t\t\t\t\t\t\t\t\t\t\t\t\t<\/div>\n\t\t\t\t<\/div>\n\t\t\t\t<div class=\"elementor-element elementor-element-f4a3972 elementor-widget elementor-widget-text-editor\" data-id=\"f4a3972\" data-element_type=\"widget\" data-widget_type=\"text-editor.default\">\n\t\t\t\t<div class=\"elementor-widget-container\">\n\t\t\t\t\t\t\t<p>Visita guiada pelo InovaUSP, com foco na apresenta\u00e7\u00e3o do Ocean-Cosmos@InovaUSP, das iniciativas que acontecem no espa\u00e7o e nos conceitos relacionados ao Ecossistema de Empreendedorismo.<\/p>\t\t\t\t\t\t<\/div>\n\t\t\t\t<\/div>\n\t\t\t\t\t<\/div>\n\t\t<\/div>\n\t\t\t\t\t<\/div>\n\t\t<\/section>\n\t\t\t\t<section class=\"elementor-section elementor-top-section elementor-element elementor-element-8f98d95 elementor-section-boxed elementor-section-height-default elementor-section-height-default\" data-id=\"8f98d95\" data-element_type=\"section\">\n\t\t\t\t\t\t<div class=\"elementor-container elementor-column-gap-default\">\n\t\t\t\t\t<div class=\"elementor-column elementor-col-100 elementor-top-column elementor-element elementor-element-27bb0e5\" data-id=\"27bb0e5\" data-element_type=\"column\">\n\t\t\t<div class=\"elementor-widget-wrap elementor-element-populated\">\n\t\t\t\t\t\t<div class=\"elementor-element elementor-element-b4f9e98 elementor-widget elementor-widget-heading\" data-id=\"b4f9e98\" data-element_type=\"widget\" data-widget_type=\"heading.default\">\n\t\t\t\t<div class=\"elementor-widget-container\">\n\t\t\t<h2 class=\"elementor-heading-title elementor-size-default\"><span style=\"font-weight:600\" data-token-index=\"0\" class=\"notion-enable-hover\" data-reactroot=\"\"> Startupapo<\/span><\/h2>\t\t<\/div>\n\t\t\t\t<\/div>\n\t\t\t\t<div class=\"elementor-element elementor-element-43e0465 elementor-widget elementor-widget-image\" data-id=\"43e0465\" data-element_type=\"widget\" data-widget_type=\"image.default\">\n\t\t\t\t<div class=\"elementor-widget-container\">\n\t\t\t\t\t\t\t\t\t\t\t\t\t<img loading=\"lazy\" decoding=\"async\" width=\"640\" height=\"311\" src=\"https:\/\/sites.usp.br\/cosmos\/wp-content\/uploads\/sites\/695\/2022\/12\/Startupapo-1024x498.jpeg\" class=\"attachment-large size-large wp-image-2157\" alt=\"\" srcset=\"https:\/\/sites.usp.br\/cosmos\/wp-content\/uploads\/sites\/695\/2022\/12\/Startupapo-1024x498.jpeg 1024w, https:\/\/sites.usp.br\/cosmos\/wp-content\/uploads\/sites\/695\/2022\/12\/Startupapo-300x146.jpeg 300w, https:\/\/sites.usp.br\/cosmos\/wp-content\/uploads\/sites\/695\/2022\/12\/Startupapo-768x373.jpeg 768w, https:\/\/sites.usp.br\/cosmos\/wp-content\/uploads\/sites\/695\/2022\/12\/Startupapo-400x194.jpeg 400w, https:\/\/sites.usp.br\/cosmos\/wp-content\/uploads\/sites\/695\/2022\/12\/Startupapo.jpeg 1280w\" sizes=\"(max-width: 640px) 100vw, 640px\" \/>\t\t\t\t\t\t\t\t\t\t\t\t\t<\/div>\n\t\t\t\t<\/div>\n\t\t\t\t<div class=\"elementor-element elementor-element-a0af6c3 elementor-widget elementor-widget-text-editor\" data-id=\"a0af6c3\" data-element_type=\"widget\" data-widget_type=\"text-editor.default\">\n\t\t\t\t<div class=\"elementor-widget-container\">\n\t\t\t\t\t\t\t<p>O Startupapo foi um evento cujo principal objetivo era abordar assuntos relacionados a empreendedorismo e inova\u00e7\u00e3o de forma mais descontra\u00edda e que permitisse um contato pr\u00f3ximo dos participantes com o empreendedor. Al\u00e9m disso, os participantes utilizaram o momento para se conhecerem e realizarem networking.<\/p>\t\t\t\t\t\t<\/div>\n\t\t\t\t<\/div>\n\t\t\t\t\t<\/div>\n\t\t<\/div>\n\t\t\t\t\t<\/div>\n\t\t<\/section>\n\t\t\t\t<section class=\"elementor-section elementor-top-section elementor-element elementor-element-8e39f19 elementor-section-boxed elementor-section-height-default elementor-section-height-default\" data-id=\"8e39f19\" data-element_type=\"section\">\n\t\t\t\t\t\t<div class=\"elementor-container elementor-column-gap-default\">\n\t\t\t\t\t<div class=\"elementor-column elementor-col-100 elementor-top-column elementor-element elementor-element-f09379a\" data-id=\"f09379a\" data-element_type=\"column\">\n\t\t\t<div class=\"elementor-widget-wrap elementor-element-populated\">\n\t\t\t\t\t\t<div class=\"elementor-element elementor-element-af3a6c4 elementor-widget elementor-widget-heading\" data-id=\"af3a6c4\" data-element_type=\"widget\" data-widget_type=\"heading.default\">\n\t\t\t\t<div class=\"elementor-widget-container\">\n\t\t\t<h2 class=\"elementor-heading-title elementor-size-default\">Aula inaugural de empreendedorismo<\/h2>\t\t<\/div>\n\t\t\t\t<\/div>\n\t\t\t\t<div class=\"elementor-element elementor-element-87055b6 elementor-widget elementor-widget-image\" data-id=\"87055b6\" data-element_type=\"widget\" data-widget_type=\"image.default\">\n\t\t\t\t<div class=\"elementor-widget-container\">\n\t\t\t\t\t\t\t\t\t\t\t\t\t<img loading=\"lazy\" decoding=\"async\" width=\"539\" height=\"401\" src=\"https:\/\/sites.usp.br\/cosmos\/wp-content\/uploads\/sites\/695\/2022\/12\/Aula-inaugural-empreendedorismo.jpg\" class=\"attachment-large size-large wp-image-2149\" alt=\"\" srcset=\"https:\/\/sites.usp.br\/cosmos\/wp-content\/uploads\/sites\/695\/2022\/12\/Aula-inaugural-empreendedorismo.jpg 539w, https:\/\/sites.usp.br\/cosmos\/wp-content\/uploads\/sites\/695\/2022\/12\/Aula-inaugural-empreendedorismo-300x223.jpg 300w, https:\/\/sites.usp.br\/cosmos\/wp-content\/uploads\/sites\/695\/2022\/12\/Aula-inaugural-empreendedorismo-80x60.jpg 80w, https:\/\/sites.usp.br\/cosmos\/wp-content\/uploads\/sites\/695\/2022\/12\/Aula-inaugural-empreendedorismo-400x298.jpg 400w\" sizes=\"(max-width: 539px) 100vw, 539px\" \/>\t\t\t\t\t\t\t\t\t\t\t\t\t<\/div>\n\t\t\t\t<\/div>\n\t\t\t\t<div class=\"elementor-element elementor-element-8a9a6d5 elementor-widget elementor-widget-text-editor\" data-id=\"8a9a6d5\" data-element_type=\"widget\" data-widget_type=\"text-editor.default\">\n\t\t\t\t<div class=\"elementor-widget-container\">\n\t\t\t\t\t\t\t<p>O evento foi a aula inaugural para ex-alunos e ingressantes ao mestrado profissional em Empreendedorismo. O Mestrado Profissional em Empreendedorismo da FEA-USP destina-se ao estudo dos conhecimentos relacionados aos processos empreendedores nas organiza\u00e7\u00f5es, que envolvem o conjunto de a\u00e7\u00f5es de renova\u00e7\u00e3o estrat\u00e9gica, cria\u00e7\u00e3o, inova\u00e7\u00e3o e gera\u00e7\u00e3o de novos neg\u00f3cios. Busca-se analisar as atividades, caracter\u00edsticas, efeitos sociais e econ\u00f4micos e os m\u00e9todos de suporte usados para facilitar a atividade empreendedora no contexto da \u00e1rea que representa a compet\u00eancia central do curso.<\/p>\t\t\t\t\t\t<\/div>\n\t\t\t\t<\/div>\n\t\t\t\t\t<\/div>\n\t\t<\/div>\n\t\t\t\t\t<\/div>\n\t\t<\/section>\n\t\t\t\t<\/div>\n\t\t","protected":false},"excerpt":{"rendered":"<p>Nessa se\u00e7\u00e3o, trazemos os eventos que ocorreram no Cosmos e foram destinados ao ecossistema de empreendedorismo, fortalecendo o ambiente de inova\u00e7\u00e3o no contexto da USP. Pitch Night &#8211; FEA Angels e alunos do Mestrado Profissional em Empreendedorismo da FEA Houve um dia de Pitch das startups para investidores anjo. Aproveitou-se essa oportunidade para convidar os<a href=\"https:\/\/sites.usp.br\/cosmos\/empreendedorismo\/\">[&#8230;]<\/a><\/p>\n","protected":false},"author":23329,"featured_media":0,"parent":0,"menu_order":0,"comment_status":"closed","ping_status":"closed","template":"","meta":{"_monsterinsights_skip_tracking":false,"_monsterinsights_sitenote_active":false,"_monsterinsights_sitenote_note":"","_monsterinsights_sitenote_category":0,"footnotes":"","_links_to":"","_links_to_target":""},"class_list":["post-2120","page","type-page","status-publish","hentry"],"_links":{"self":[{"href":"https:\/\/sites.usp.br\/cosmos\/wp-json\/wp\/v2\/pages\/2120","targetHints":{"allow":["GET"]}}],"collection":[{"href":"https:\/\/sites.usp.br\/cosmos\/wp-json\/wp\/v2\/pages"}],"about":[{"href":"https:\/\/sites.usp.br\/cosmos\/wp-json\/wp\/v2\/types\/page"}],"author":[{"embeddable":true,"href":"https:\/\/sites.usp.br\/cosmos\/wp-json\/wp\/v2\/users\/23329"}],"replies":[{"embeddable":true,"href":"https:\/\/sites.usp.br\/cosmos\/wp-json\/wp\/v2\/comments?post=2120"}],"version-history":[{"count":4,"href":"https:\/\/sites.usp.br\/cosmos\/wp-json\/wp\/v2\/pages\/2120\/revisions"}],"predecessor-version":[{"id":2371,"href":"https:\/\/sites.usp.br\/cosmos\/wp-json\/wp\/v2\/pages\/2120\/revisions\/2371"}],"wp:attachment":[{"href":"https:\/\/sites.usp.br\/cosmos\/wp-json\/wp\/v2\/media?parent=2120"}],"curies":[{"name":"wp","href":"https:\/\/api.w.org\/{rel}","templated":true}]}}