{"id":161,"date":"2014-05-13T12:35:33","date_gmt":"2014-05-13T15:35:33","guid":{"rendered":"http:\/\/sites.usp.brpadrao2\/?page_id=161"},"modified":"2022-10-24T14:12:20","modified_gmt":"2022-10-24T17:12:20","slug":"infra-usp","status":"publish","type":"page","link":"https:\/\/sites.usp.br\/cpp\/infra-usp\/","title":{"rendered":"Psicologia Cl\u00ednica"},"content":{"rendered":"\t\t<div data-elementor-type=\"wp-page\" data-elementor-id=\"161\" class=\"elementor elementor-161\">\n\t\t\t\t\t\t<section class=\"elementor-section elementor-top-section elementor-element elementor-element-05d07a7 elementor-section-boxed elementor-section-height-default elementor-section-height-default\" data-id=\"05d07a7\" data-element_type=\"section\">\n\t\t\t\t\t\t<div class=\"elementor-container elementor-column-gap-default\">\n\t\t\t\t\t<div class=\"elementor-column elementor-col-100 elementor-top-column elementor-element elementor-element-22c12f4\" data-id=\"22c12f4\" data-element_type=\"column\">\n\t\t\t<div class=\"elementor-widget-wrap elementor-element-populated\">\n\t\t\t\t\t\t<div class=\"elementor-element elementor-element-6ca8821 elementor-widget elementor-widget-text-editor\" data-id=\"6ca8821\" data-element_type=\"widget\" data-widget_type=\"text-editor.default\">\n\t\t\t\t<div class=\"elementor-widget-container\">\n\t\t\t\t\t\t\t<h3 style=\"text-align: center;\">Dados da linha de pesquisa<\/h3>\t\t\t\t\t\t<\/div>\n\t\t\t\t<\/div>\n\t\t\t\t\t<\/div>\n\t\t<\/div>\n\t\t\t\t\t<\/div>\n\t\t<\/section>\n\t\t\t\t<section class=\"elementor-section elementor-top-section elementor-element elementor-element-1704dc6 elementor-section-boxed elementor-section-height-default elementor-section-height-default\" data-id=\"1704dc6\" data-element_type=\"section\">\n\t\t\t\t\t\t<div class=\"elementor-container elementor-column-gap-default\">\n\t\t\t\t\t<div class=\"elementor-column elementor-col-100 elementor-top-column elementor-element elementor-element-a9b7d3d\" data-id=\"a9b7d3d\" data-element_type=\"column\">\n\t\t\t<div class=\"elementor-widget-wrap elementor-element-populated\">\n\t\t\t\t\t\t<div class=\"elementor-element elementor-element-a777347 elementor-widget elementor-widget-text-editor\" data-id=\"a777347\" data-element_type=\"widget\" data-widget_type=\"text-editor.default\">\n\t\t\t\t<div class=\"elementor-widget-container\">\n\t\t\t\t\t\t\t<p>Investiga\u00e7\u00f5es voltadas \u00e0 pr\u00e1tica cl\u00ednica em Psicologia, em diferentes campos de aplica\u00e7\u00e3o e com diferentes etapas do desenvolvimento, com base em m\u00e9todos de avalia\u00e7\u00e3o psicol\u00f3gica, sobretudo m\u00e9todos projetivos, constituindo processos psicodiagn\u00f3sticos.<\/p>\t\t\t\t\t\t<\/div>\n\t\t\t\t<\/div>\n\t\t\t\t\t<\/div>\n\t\t<\/div>\n\t\t\t\t\t<\/div>\n\t\t<\/section>\n\t\t\t\t<section class=\"elementor-section elementor-top-section elementor-element elementor-element-fbbd93b elementor-section-boxed elementor-section-height-default elementor-section-height-default\" data-id=\"fbbd93b\" data-element_type=\"section\">\n\t\t\t\t\t\t<div class=\"elementor-container elementor-column-gap-default\">\n\t\t\t\t\t<div class=\"elementor-column elementor-col-100 elementor-top-column elementor-element elementor-element-f96e319\" data-id=\"f96e319\" data-element_type=\"column\">\n\t\t\t<div class=\"elementor-widget-wrap elementor-element-populated\">\n\t\t\t\t\t\t<div class=\"elementor-element elementor-element-7847e38 elementor-widget elementor-widget-text-editor\" data-id=\"7847e38\" data-element_type=\"widget\" data-widget_type=\"text-editor.default\">\n\t\t\t\t<div class=\"elementor-widget-container\">\n\t\t\t\t\t\t\t<p><strong>Palavras-chave<\/strong><\/p><ul><li>Psicologia cl\u00ednica<\/li><li>Psicopatologia<\/li><li>Psicodiagn\u00f3stico<\/li><li>Personalidade<\/li><\/ul>\t\t\t\t\t\t<\/div>\n\t\t\t\t<\/div>\n\t\t\t\t\t<\/div>\n\t\t<\/div>\n\t\t\t\t\t<\/div>\n\t\t<\/section>\n\t\t\t\t<section class=\"elementor-section elementor-top-section elementor-element elementor-element-49ff73f elementor-section-boxed elementor-section-height-default elementor-section-height-default\" data-id=\"49ff73f\" data-element_type=\"section\">\n\t\t\t\t\t\t<div class=\"elementor-container elementor-column-gap-default\">\n\t\t\t\t\t<div class=\"elementor-column elementor-col-100 elementor-top-column elementor-element elementor-element-600426a\" data-id=\"600426a\" data-element_type=\"column\">\n\t\t\t<div class=\"elementor-widget-wrap elementor-element-populated\">\n\t\t\t\t\t\t<div class=\"elementor-element elementor-element-aaa2240 elementor-widget elementor-widget-text-editor\" data-id=\"aaa2240\" data-element_type=\"widget\" data-widget_type=\"text-editor.default\">\n\t\t\t\t<div class=\"elementor-widget-container\">\n\t\t\t\t\t\t\t<p><strong>\u00c1reas do conhecimento<\/strong><\/p>\n<ul>\n<li>Ci\u00eancias Humanas &gt; Psicologia &gt; Tratamento e Preven\u00e7\u00e3o Psicol\u00f3gica<\/li>\n<li>Ci\u00eancias Humanas &gt; Psicologia &gt; Tratamento e Preven\u00e7\u00e3o Psicol\u00f3gica &gt; Psicoterapia<\/li><\/ul>\t\t\t\t\t\t<\/div>\n\t\t\t\t<\/div>\n\t\t\t\t\t<\/div>\n\t\t<\/div>\n\t\t\t\t\t<\/div>\n\t\t<\/section>\n\t\t\t\t<\/div>\n\t\t","protected":false},"excerpt":{"rendered":"<p>Dados da linha de pesquisa Investiga\u00e7\u00f5es voltadas \u00e0 pr\u00e1tica cl\u00ednica em Psicologia, em diferentes campos [&hellip;]<\/p>\n","protected":false},"author":1,"featured_media":0,"parent":0,"menu_order":0,"comment_status":"closed","ping_status":"closed","template":"","meta":{"footnotes":"","_links_to":"","_links_to_target":""},"class_list":["post-161","page","type-page","status-publish","hentry"],"_links":{"self":[{"href":"https:\/\/sites.usp.br\/cpp\/wp-json\/wp\/v2\/pages\/161","targetHints":{"allow":["GET"]}}],"collection":[{"href":"https:\/\/sites.usp.br\/cpp\/wp-json\/wp\/v2\/pages"}],"about":[{"href":"https:\/\/sites.usp.br\/cpp\/wp-json\/wp\/v2\/types\/page"}],"author":[{"embeddable":true,"href":"https:\/\/sites.usp.br\/cpp\/wp-json\/wp\/v2\/users\/1"}],"replies":[{"embeddable":true,"href":"https:\/\/sites.usp.br\/cpp\/wp-json\/wp\/v2\/comments?post=161"}],"version-history":[{"count":4,"href":"https:\/\/sites.usp.br\/cpp\/wp-json\/wp\/v2\/pages\/161\/revisions"}],"predecessor-version":[{"id":2037,"href":"https:\/\/sites.usp.br\/cpp\/wp-json\/wp\/v2\/pages\/161\/revisions\/2037"}],"wp:attachment":[{"href":"https:\/\/sites.usp.br\/cpp\/wp-json\/wp\/v2\/media?parent=161"}],"curies":[{"name":"wp","href":"https:\/\/api.w.org\/{rel}","templated":true}]}}