{"id":2594,"date":"2025-03-16T16:52:23","date_gmt":"2025-03-16T19:52:23","guid":{"rendered":"https:\/\/sites.usp.br\/cpp\/?page_id=2594"},"modified":"2025-03-17T22:26:46","modified_gmt":"2025-03-18T01:26:46","slug":"euclides","status":"publish","type":"page","link":"https:\/\/sites.usp.br\/cpp\/euclides\/","title":{"rendered":"Dr. Euclides Jos\u00e9 de Mendon\u00e7a Filho"},"content":{"rendered":"\t\t<div data-elementor-type=\"wp-page\" data-elementor-id=\"2594\" class=\"elementor elementor-2594\">\n\t\t\t\t\t\t<section class=\"elementor-section elementor-top-section elementor-element elementor-element-639b866 elementor-section-boxed elementor-section-height-default elementor-section-height-default\" data-id=\"639b866\" data-element_type=\"section\">\n\t\t\t\t\t\t<div class=\"elementor-container elementor-column-gap-default\">\n\t\t\t\t\t<div class=\"elementor-column elementor-col-100 elementor-top-column elementor-element elementor-element-8d6cf50\" data-id=\"8d6cf50\" data-element_type=\"column\">\n\t\t\t<div class=\"elementor-widget-wrap elementor-element-populated\">\n\t\t\t\t\t\t<div class=\"elementor-element elementor-element-6825278 elementor-widget elementor-widget-image\" data-id=\"6825278\" data-element_type=\"widget\" data-widget_type=\"image.default\">\n\t\t\t\t<div class=\"elementor-widget-container\">\n\t\t\t\t\t\t\t\t\t\t\t\t\t<img fetchpriority=\"high\" decoding=\"async\" width=\"287\" height=\"300\" src=\"https:\/\/sites.usp.br\/cpp\/wp-content\/uploads\/sites\/151\/2025\/03\/EJMF_headshot-e1742160907879-287x300.jpeg\" class=\"attachment-medium size-medium wp-image-2602\" alt=\"\" srcset=\"https:\/\/sites.usp.br\/cpp\/wp-content\/uploads\/sites\/151\/2025\/03\/EJMF_headshot-e1742160907879-287x300.jpeg 287w, https:\/\/sites.usp.br\/cpp\/wp-content\/uploads\/sites\/151\/2025\/03\/EJMF_headshot-e1742160907879-978x1024.jpeg 978w, https:\/\/sites.usp.br\/cpp\/wp-content\/uploads\/sites\/151\/2025\/03\/EJMF_headshot-e1742160907879-768x804.jpeg 768w, https:\/\/sites.usp.br\/cpp\/wp-content\/uploads\/sites\/151\/2025\/03\/EJMF_headshot-e1742160907879-400x419.jpeg 400w, https:\/\/sites.usp.br\/cpp\/wp-content\/uploads\/sites\/151\/2025\/03\/EJMF_headshot-e1742160907879.jpeg 1204w\" sizes=\"(max-width: 287px) 100vw, 287px\" \/>\t\t\t\t\t\t\t\t\t\t\t\t\t<\/div>\n\t\t\t\t<\/div>\n\t\t\t\t<div class=\"elementor-element elementor-element-aec5301 elementor-widget__width-initial elementor-widget elementor-widget-heading\" data-id=\"aec5301\" data-element_type=\"widget\" data-widget_type=\"heading.default\">\n\t\t\t\t<div class=\"elementor-widget-container\">\n\t\t\t<h2 class=\"elementor-heading-title elementor-size-default\">Euclides Jos\u00e9 de Mendon\u00e7a Filho<\/h2>\t\t<\/div>\n\t\t\t\t<\/div>\n\t\t\t\t<div class=\"elementor-element elementor-element-1b75192 elementor-widget__width-initial elementor-widget elementor-widget-text-editor\" data-id=\"1b75192\" data-element_type=\"widget\" data-widget_type=\"text-editor.default\">\n\t\t\t\t<div class=\"elementor-widget-container\">\n\t\t\t\t\t\t\t<p>Professor da Universidade de S\u00e3o Paulo no Departamento de Psicologia da Faculdade de Filosofia, Ci\u00eancias e Letras de Ribeir\u00e3o Preto (FFCLRP-USP). Anteriormente atuou como Fellow do Canadian Institutes for Health Research, Strauss Fellow da McGill Faculty of Medicine and Health Sciences e do McGill-Douglas Max Planck Institute of Psychiatry International Collaborative Initiative in Adversity and Mental Health. Foi course lecturer no Departamento de Psicologia da McGill University. Doutor em psicologia pela Universidade Federal do Rio Grande do Sul (UFRGS) com per\u00edodo sandu\u00edche na McGill University (Montreal-Canad\u00e1). Mestre em psicologia pela UFRGS com per\u00edodo sandu\u00edche na York University pelo programa Emerging Leaders in the Americas Program (Global Affairs Canada International). Psic\u00f3logo pela Universidade Federal da Bahia com per\u00edodo sandu\u00edche na York University pelo Ci\u00eancias sem Fronteiras. Colaborador do Grupo de Estudos, Aplica\u00e7\u00e3o e Pesquisa em Avalia\u00e7\u00e3o Psicol\u00f3gica (GEAPAP &#8211; UFRGS) e do Silveira Lab (Douglas Mental Health University Institute &#8211; McGill University). Tem interesse na \u00e1rea de Psicometria, Avalia\u00e7\u00e3o Psicol\u00f3gica, Neurodesenvolvimento Infantil, Avalia\u00e7\u00e3o Educacional e m\u00e9todos quantitativos de pesquisa nas diversas \u00e1reas de conhecimento.<\/p>\t\t\t\t\t\t<\/div>\n\t\t\t\t<\/div>\n\t\t\t\t<section class=\"elementor-section elementor-inner-section elementor-element elementor-element-94f4f96 elementor-section-boxed elementor-section-height-default elementor-section-height-default\" data-id=\"94f4f96\" data-element_type=\"section\">\n\t\t\t\t\t\t<div class=\"elementor-container elementor-column-gap-default\">\n\t\t\t\t\t<div class=\"elementor-column elementor-col-50 elementor-inner-column elementor-element elementor-element-50f7447\" data-id=\"50f7447\" data-element_type=\"column\">\n\t\t\t<div class=\"elementor-widget-wrap elementor-element-populated\">\n\t\t\t\t\t\t<div class=\"elementor-element elementor-element-5fdd2d9 elementor-widget__width-initial elementor-widget elementor-widget-image\" data-id=\"5fdd2d9\" data-element_type=\"widget\" data-widget_type=\"image.default\">\n\t\t\t\t<div class=\"elementor-widget-container\">\n\t\t\t\t\t\t\t\t\t\t\t\t\t\t<a href=\"https:\/\/scholar.google.com.br\/citations?user=rdtw6fIAAAAJ&#038;hl\" target=\"_blank\">\n\t\t\t\t\t\t\t<img decoding=\"async\" width=\"150\" height=\"150\" src=\"https:\/\/sites.usp.br\/cpp\/wp-content\/uploads\/sites\/151\/2025\/03\/images-150x150.png\" class=\"attachment-thumbnail size-thumbnail wp-image-2618\" alt=\"\" srcset=\"https:\/\/sites.usp.br\/cpp\/wp-content\/uploads\/sites\/151\/2025\/03\/images-150x150.png 150w, https:\/\/sites.usp.br\/cpp\/wp-content\/uploads\/sites\/151\/2025\/03\/images-64x64.png 64w, https:\/\/sites.usp.br\/cpp\/wp-content\/uploads\/sites\/151\/2025\/03\/images-45x45.png 45w, https:\/\/sites.usp.br\/cpp\/wp-content\/uploads\/sites\/151\/2025\/03\/images-200x200.png 200w, https:\/\/sites.usp.br\/cpp\/wp-content\/uploads\/sites\/151\/2025\/03\/images.png 225w\" sizes=\"(max-width: 150px) 100vw, 150px\" \/>\t\t\t\t\t\t\t\t<\/a>\n\t\t\t\t\t\t\t\t\t\t\t\t\t<\/div>\n\t\t\t\t<\/div>\n\t\t\t\t<div class=\"elementor-element elementor-element-a3f9fa9 elementor-widget__width-initial elementor-widget elementor-widget-image\" data-id=\"a3f9fa9\" data-element_type=\"widget\" data-widget_type=\"image.default\">\n\t\t\t\t<div class=\"elementor-widget-container\">\n\t\t\t\t\t\t\t\t\t\t\t\t\t\t<a href=\"http:\/\/lattes.cnpq.br\/4551051203175511\" target=\"_blank\">\n\t\t\t\t\t\t\t<img decoding=\"async\" width=\"150\" height=\"150\" src=\"https:\/\/sites.usp.br\/cpp\/wp-content\/uploads\/sites\/151\/2025\/03\/aed78269-8ef2-4e2b-9f8a-a687fba40bfd-150x150.png\" class=\"attachment-thumbnail size-thumbnail wp-image-2617\" alt=\"\" srcset=\"https:\/\/sites.usp.br\/cpp\/wp-content\/uploads\/sites\/151\/2025\/03\/aed78269-8ef2-4e2b-9f8a-a687fba40bfd-150x150.png 150w, https:\/\/sites.usp.br\/cpp\/wp-content\/uploads\/sites\/151\/2025\/03\/aed78269-8ef2-4e2b-9f8a-a687fba40bfd-300x300.png 300w, https:\/\/sites.usp.br\/cpp\/wp-content\/uploads\/sites\/151\/2025\/03\/aed78269-8ef2-4e2b-9f8a-a687fba40bfd-64x64.png 64w, https:\/\/sites.usp.br\/cpp\/wp-content\/uploads\/sites\/151\/2025\/03\/aed78269-8ef2-4e2b-9f8a-a687fba40bfd-45x45.png 45w, https:\/\/sites.usp.br\/cpp\/wp-content\/uploads\/sites\/151\/2025\/03\/aed78269-8ef2-4e2b-9f8a-a687fba40bfd-200x200.png 200w, https:\/\/sites.usp.br\/cpp\/wp-content\/uploads\/sites\/151\/2025\/03\/aed78269-8ef2-4e2b-9f8a-a687fba40bfd-400x400.png 400w, https:\/\/sites.usp.br\/cpp\/wp-content\/uploads\/sites\/151\/2025\/03\/aed78269-8ef2-4e2b-9f8a-a687fba40bfd.png 768w\" sizes=\"(max-width: 150px) 100vw, 150px\" \/>\t\t\t\t\t\t\t\t<\/a>\n\t\t\t\t\t\t\t\t\t\t\t\t\t<\/div>\n\t\t\t\t<\/div>\n\t\t\t\t\t<\/div>\n\t\t<\/div>\n\t\t\t\t<div class=\"elementor-column elementor-col-50 elementor-inner-column elementor-element elementor-element-e23a931\" data-id=\"e23a931\" data-element_type=\"column\">\n\t\t\t<div class=\"elementor-widget-wrap elementor-element-populated\">\n\t\t\t\t\t\t<div class=\"elementor-element elementor-element-6bf0601 elementor-widget elementor-widget-heading\" data-id=\"6bf0601\" data-element_type=\"widget\" data-widget_type=\"heading.default\">\n\t\t\t\t<div class=\"elementor-widget-container\">\n\t\t\t<h3 class=\"elementor-heading-title elementor-size-default\">Instrumentos Publicados<\/h3>\t\t<\/div>\n\t\t\t\t<\/div>\n\t\t\t\t<div class=\"elementor-element elementor-element-72df15d elementor-widget__width-initial elementor-widget elementor-widget-text-editor\" data-id=\"72df15d\" data-element_type=\"widget\" data-widget_type=\"text-editor.default\">\n\t\t\t\t<div class=\"elementor-widget-container\">\n\t\t\t\t\t\t\t<p><a href=\"https:\/\/www.vetoreditora.com.br\/produto\/idadi-livro-de-instrucoes-manual-70412\">Invent\u00e1rio Dimensional de Avalia\u00e7\u00e3o do Desenvolvimento Infatil<\/a><\/p><p><a href=\"https:\/\/www.vetoreditora.com.br\/produto\/idadi-breve-livro-de-instrucoes-71015\">Invent\u00e1rio Dimensional de Avalia\u00e7\u00e3o do Desenvolvimento Infatil\u00a0Breve<\/a><\/p>\t\t\t\t\t\t<\/div>\n\t\t\t\t<\/div>\n\t\t\t\t\t<\/div>\n\t\t<\/div>\n\t\t\t\t\t<\/div>\n\t\t<\/section>\n\t\t\t\t\t<\/div>\n\t\t<\/div>\n\t\t\t\t\t<\/div>\n\t\t<\/section>\n\t\t\t\t<\/div>\n\t\t","protected":false},"excerpt":{"rendered":"<p>Euclides Jos\u00e9 de Mendon\u00e7a Filho Professor da Universidade de S\u00e3o Paulo no Departamento de Psicologia [&hellip;]<\/p>\n","protected":false},"author":23654,"featured_media":0,"parent":0,"menu_order":0,"comment_status":"closed","ping_status":"closed","template":"","meta":{"footnotes":"","_links_to":"","_links_to_target":""},"class_list":["post-2594","page","type-page","status-publish","hentry"],"_links":{"self":[{"href":"https:\/\/sites.usp.br\/cpp\/wp-json\/wp\/v2\/pages\/2594","targetHints":{"allow":["GET"]}}],"collection":[{"href":"https:\/\/sites.usp.br\/cpp\/wp-json\/wp\/v2\/pages"}],"about":[{"href":"https:\/\/sites.usp.br\/cpp\/wp-json\/wp\/v2\/types\/page"}],"author":[{"embeddable":true,"href":"https:\/\/sites.usp.br\/cpp\/wp-json\/wp\/v2\/users\/23654"}],"replies":[{"embeddable":true,"href":"https:\/\/sites.usp.br\/cpp\/wp-json\/wp\/v2\/comments?post=2594"}],"version-history":[{"count":4,"href":"https:\/\/sites.usp.br\/cpp\/wp-json\/wp\/v2\/pages\/2594\/revisions"}],"predecessor-version":[{"id":2645,"href":"https:\/\/sites.usp.br\/cpp\/wp-json\/wp\/v2\/pages\/2594\/revisions\/2645"}],"wp:attachment":[{"href":"https:\/\/sites.usp.br\/cpp\/wp-json\/wp\/v2\/media?parent=2594"}],"curies":[{"name":"wp","href":"https:\/\/api.w.org\/{rel}","templated":true}]}}