{"id":2729,"date":"2025-05-09T14:59:13","date_gmt":"2025-05-09T17:59:13","guid":{"rendered":"https:\/\/sites.usp.br\/cpp\/?page_id=2729"},"modified":"2025-05-09T15:02:52","modified_gmt":"2025-05-09T18:02:52","slug":"galeria-do-cpp","status":"publish","type":"page","link":"https:\/\/sites.usp.br\/cpp\/galeria-do-cpp\/","title":{"rendered":"Galeria do CPP"},"content":{"rendered":"\t\t<div data-elementor-type=\"wp-page\" data-elementor-id=\"2729\" class=\"elementor elementor-2729\">\n\t\t\t\t\t\t<section class=\"elementor-section elementor-top-section elementor-element elementor-element-67a1f4b elementor-section-boxed elementor-section-height-default elementor-section-height-default\" data-id=\"67a1f4b\" data-element_type=\"section\">\n\t\t\t\t\t\t<div class=\"elementor-container elementor-column-gap-default\">\n\t\t\t\t\t<div class=\"elementor-column elementor-col-100 elementor-top-column elementor-element elementor-element-d5ebc39\" data-id=\"d5ebc39\" data-element_type=\"column\">\n\t\t\t<div class=\"elementor-widget-wrap elementor-element-populated\">\n\t\t\t\t\t\t<div class=\"elementor-element elementor-element-081b100 elementor-widget elementor-widget-image-gallery\" data-id=\"081b100\" data-element_type=\"widget\" data-widget_type=\"image-gallery.default\">\n\t\t\t\t<div class=\"elementor-widget-container\">\n\t\t\t\t\t<div class=\"elementor-image-gallery\">\n\t\t\t\n\t\t<style type=\"text\/css\">\n\t\t\t#gallery-2 {\n\t\t\t\tmargin: auto;\n\t\t\t}\n\t\t\t#gallery-2 .gallery-item {\n\t\t\t\tfloat: left;\n\t\t\t\tmargin-top: 10px;\n\t\t\t\ttext-align: center;\n\t\t\t\twidth: 25%;\n\t\t\t}\n\t\t\t#gallery-2 img {\n\t\t\t\tborder: 2px solid #cfcfcf;\n\t\t\t}\n\t\t\t#gallery-2 .gallery-caption {\n\t\t\t\tmargin-left: 0;\n\t\t\t}\n\t\t\t\/* see gallery_shortcode() in wp-includes\/media.php *\/\n\t\t<\/style>\n\t\t<div id='gallery-2' class='gallery galleryid-2729 gallery-columns-4 gallery-size-thumbnail'><dl class='gallery-item'>\n\t\t\t<dt class='gallery-icon landscape'>\n\t\t\t\t<a data-elementor-open-lightbox=\"yes\" data-elementor-lightbox-slideshow=\"081b100\" data-elementor-lightbox-title=\"ISR 2022\" data-e-action-hash=\"#elementor-action%3Aaction%3Dlightbox%26settings%3DeyJpZCI6MjcyNCwidXJsIjoiaHR0cHM6XC9cL3NpdGVzLnVzcC5iclwvY3BwXC93cC1jb250ZW50XC91cGxvYWRzXC9zaXRlc1wvMTUxXC8yMDI1XC8wNVwvSVNSLTIwMjIuanBlZyIsInNsaWRlc2hvdyI6IjA4MWIxMDAifQ%3D%3D\" href='https:\/\/sites.usp.br\/cpp\/wp-content\/uploads\/sites\/151\/2025\/05\/ISR-2022.jpeg'><img decoding=\"async\" width=\"150\" height=\"150\" src=\"https:\/\/sites.usp.br\/cpp\/wp-content\/uploads\/sites\/151\/2025\/05\/ISR-2022-150x150.jpeg\" class=\"attachment-thumbnail size-thumbnail\" alt=\"\" srcset=\"https:\/\/sites.usp.br\/cpp\/wp-content\/uploads\/sites\/151\/2025\/05\/ISR-2022-150x150.jpeg 150w, https:\/\/sites.usp.br\/cpp\/wp-content\/uploads\/sites\/151\/2025\/05\/ISR-2022-64x64.jpeg 64w, https:\/\/sites.usp.br\/cpp\/wp-content\/uploads\/sites\/151\/2025\/05\/ISR-2022-45x45.jpeg 45w, https:\/\/sites.usp.br\/cpp\/wp-content\/uploads\/sites\/151\/2025\/05\/ISR-2022-200x200.jpeg 200w\" sizes=\"(max-width: 150px) 100vw, 150px\" \/><\/a>\n\t\t\t<\/dt><\/dl><dl class='gallery-item'>\n\t\t\t<dt class='gallery-icon landscape'>\n\t\t\t\t<a data-elementor-open-lightbox=\"yes\" data-elementor-lightbox-slideshow=\"081b100\" data-elementor-lightbox-title=\"ISR 2024 II\" data-e-action-hash=\"#elementor-action%3Aaction%3Dlightbox%26settings%3DeyJpZCI6MjcyMywidXJsIjoiaHR0cHM6XC9cL3NpdGVzLnVzcC5iclwvY3BwXC93cC1jb250ZW50XC91cGxvYWRzXC9zaXRlc1wvMTUxXC8yMDI1XC8wNVwvSVNSLTIwMjQtSUkuanBnIiwic2xpZGVzaG93IjoiMDgxYjEwMCJ9\" href='https:\/\/sites.usp.br\/cpp\/wp-content\/uploads\/sites\/151\/2025\/05\/ISR-2024-II.jpg'><img decoding=\"async\" width=\"150\" height=\"150\" src=\"https:\/\/sites.usp.br\/cpp\/wp-content\/uploads\/sites\/151\/2025\/05\/ISR-2024-II-150x150.jpg\" class=\"attachment-thumbnail size-thumbnail\" alt=\"\" srcset=\"https:\/\/sites.usp.br\/cpp\/wp-content\/uploads\/sites\/151\/2025\/05\/ISR-2024-II-150x150.jpg 150w, https:\/\/sites.usp.br\/cpp\/wp-content\/uploads\/sites\/151\/2025\/05\/ISR-2024-II-64x64.jpg 64w, https:\/\/sites.usp.br\/cpp\/wp-content\/uploads\/sites\/151\/2025\/05\/ISR-2024-II-45x45.jpg 45w, https:\/\/sites.usp.br\/cpp\/wp-content\/uploads\/sites\/151\/2025\/05\/ISR-2024-II-200x200.jpg 200w\" sizes=\"(max-width: 150px) 100vw, 150px\" \/><\/a>\n\t\t\t<\/dt><\/dl><dl class='gallery-item'>\n\t\t\t<dt class='gallery-icon landscape'>\n\t\t\t\t<a data-elementor-open-lightbox=\"yes\" data-elementor-lightbox-slideshow=\"081b100\" data-elementor-lightbox-title=\"IBAP 2018\" data-e-action-hash=\"#elementor-action%3Aaction%3Dlightbox%26settings%3DeyJpZCI6MjczMSwidXJsIjoiaHR0cHM6XC9cL3NpdGVzLnVzcC5iclwvY3BwXC93cC1jb250ZW50XC91cGxvYWRzXC9zaXRlc1wvMTUxXC8yMDI1XC8wNVwvSUJBUC0yMDE4LmpwZyIsInNsaWRlc2hvdyI6IjA4MWIxMDAifQ%3D%3D\" href='https:\/\/sites.usp.br\/cpp\/wp-content\/uploads\/sites\/151\/2025\/05\/IBAP-2018.jpg'><img decoding=\"async\" width=\"150\" height=\"150\" src=\"https:\/\/sites.usp.br\/cpp\/wp-content\/uploads\/sites\/151\/2025\/05\/IBAP-2018-150x150.jpg\" class=\"attachment-thumbnail size-thumbnail\" alt=\"\" srcset=\"https:\/\/sites.usp.br\/cpp\/wp-content\/uploads\/sites\/151\/2025\/05\/IBAP-2018-150x150.jpg 150w, https:\/\/sites.usp.br\/cpp\/wp-content\/uploads\/sites\/151\/2025\/05\/IBAP-2018-64x64.jpg 64w, https:\/\/sites.usp.br\/cpp\/wp-content\/uploads\/sites\/151\/2025\/05\/IBAP-2018-45x45.jpg 45w, https:\/\/sites.usp.br\/cpp\/wp-content\/uploads\/sites\/151\/2025\/05\/IBAP-2018-200x200.jpg 200w\" sizes=\"(max-width: 150px) 100vw, 150px\" \/><\/a>\n\t\t\t<\/dt><\/dl><dl class='gallery-item'>\n\t\t\t<dt class='gallery-icon landscape'>\n\t\t\t\t<a data-elementor-open-lightbox=\"yes\" data-elementor-lightbox-slideshow=\"081b100\" data-elementor-lightbox-title=\"IBAP 2023\" data-e-action-hash=\"#elementor-action%3Aaction%3Dlightbox%26settings%3DeyJpZCI6MjczMiwidXJsIjoiaHR0cHM6XC9cL3NpdGVzLnVzcC5iclwvY3BwXC93cC1jb250ZW50XC91cGxvYWRzXC9zaXRlc1wvMTUxXC8yMDI1XC8wNVwvSUJBUC0yMDIzLmpwZyIsInNsaWRlc2hvdyI6IjA4MWIxMDAifQ%3D%3D\" href='https:\/\/sites.usp.br\/cpp\/wp-content\/uploads\/sites\/151\/2025\/05\/IBAP-2023.jpg'><img loading=\"lazy\" decoding=\"async\" width=\"150\" height=\"150\" src=\"https:\/\/sites.usp.br\/cpp\/wp-content\/uploads\/sites\/151\/2025\/05\/IBAP-2023-150x150.jpg\" class=\"attachment-thumbnail size-thumbnail\" alt=\"\" srcset=\"https:\/\/sites.usp.br\/cpp\/wp-content\/uploads\/sites\/151\/2025\/05\/IBAP-2023-150x150.jpg 150w, https:\/\/sites.usp.br\/cpp\/wp-content\/uploads\/sites\/151\/2025\/05\/IBAP-2023-64x64.jpg 64w, https:\/\/sites.usp.br\/cpp\/wp-content\/uploads\/sites\/151\/2025\/05\/IBAP-2023-45x45.jpg 45w, https:\/\/sites.usp.br\/cpp\/wp-content\/uploads\/sites\/151\/2025\/05\/IBAP-2023-200x200.jpg 200w\" sizes=\"(max-width: 150px) 100vw, 150px\" \/><\/a>\n\t\t\t<\/dt><\/dl><br style=\"clear: both\" \/><dl class='gallery-item'>\n\t\t\t<dt class='gallery-icon landscape'>\n\t\t\t\t<a data-elementor-open-lightbox=\"yes\" data-elementor-lightbox-slideshow=\"081b100\" data-elementor-lightbox-title=\"Est\u00e1gio qualifica\u00e7\u00e3o Ma\u00edra\" data-e-action-hash=\"#elementor-action%3Aaction%3Dlightbox%26settings%3DeyJpZCI6MjczMywidXJsIjoiaHR0cHM6XC9cL3NpdGVzLnVzcC5iclwvY3BwXC93cC1jb250ZW50XC91cGxvYWRzXC9zaXRlc1wvMTUxXC8yMDI1XC8wNVwvRXN0YWdpby1xdWFsaWZpY2FjYW8tTWFpcmEuanBnIiwic2xpZGVzaG93IjoiMDgxYjEwMCJ9\" href='https:\/\/sites.usp.br\/cpp\/wp-content\/uploads\/sites\/151\/2025\/05\/Estagio-qualificacao-Maira.jpg'><img loading=\"lazy\" decoding=\"async\" width=\"150\" height=\"150\" src=\"https:\/\/sites.usp.br\/cpp\/wp-content\/uploads\/sites\/151\/2025\/05\/Estagio-qualificacao-Maira-150x150.jpg\" class=\"attachment-thumbnail size-thumbnail\" alt=\"\" srcset=\"https:\/\/sites.usp.br\/cpp\/wp-content\/uploads\/sites\/151\/2025\/05\/Estagio-qualificacao-Maira-150x150.jpg 150w, https:\/\/sites.usp.br\/cpp\/wp-content\/uploads\/sites\/151\/2025\/05\/Estagio-qualificacao-Maira-64x64.jpg 64w, https:\/\/sites.usp.br\/cpp\/wp-content\/uploads\/sites\/151\/2025\/05\/Estagio-qualificacao-Maira-45x45.jpg 45w, https:\/\/sites.usp.br\/cpp\/wp-content\/uploads\/sites\/151\/2025\/05\/Estagio-qualificacao-Maira-200x200.jpg 200w\" sizes=\"(max-width: 150px) 100vw, 150px\" \/><\/a>\n\t\t\t<\/dt><\/dl><dl class='gallery-item'>\n\t\t\t<dt class='gallery-icon portrait'>\n\t\t\t\t<a data-elementor-open-lightbox=\"yes\" data-elementor-lightbox-slideshow=\"081b100\" data-elementor-lightbox-title=\"Est\u00e1gio Kairon\" data-e-action-hash=\"#elementor-action%3Aaction%3Dlightbox%26settings%3DeyJpZCI6MjczNCwidXJsIjoiaHR0cHM6XC9cL3NpdGVzLnVzcC5iclwvY3BwXC93cC1jb250ZW50XC91cGxvYWRzXC9zaXRlc1wvMTUxXC8yMDI1XC8wNVwvRXN0YWdpby1LYWlyb24uanBnIiwic2xpZGVzaG93IjoiMDgxYjEwMCJ9\" href='https:\/\/sites.usp.br\/cpp\/wp-content\/uploads\/sites\/151\/2025\/05\/Estagio-Kairon.jpg'><img loading=\"lazy\" decoding=\"async\" width=\"150\" height=\"150\" src=\"https:\/\/sites.usp.br\/cpp\/wp-content\/uploads\/sites\/151\/2025\/05\/Estagio-Kairon-150x150.jpg\" class=\"attachment-thumbnail size-thumbnail\" alt=\"\" srcset=\"https:\/\/sites.usp.br\/cpp\/wp-content\/uploads\/sites\/151\/2025\/05\/Estagio-Kairon-150x150.jpg 150w, https:\/\/sites.usp.br\/cpp\/wp-content\/uploads\/sites\/151\/2025\/05\/Estagio-Kairon-64x64.jpg 64w, https:\/\/sites.usp.br\/cpp\/wp-content\/uploads\/sites\/151\/2025\/05\/Estagio-Kairon-45x45.jpg 45w, https:\/\/sites.usp.br\/cpp\/wp-content\/uploads\/sites\/151\/2025\/05\/Estagio-Kairon-200x200.jpg 200w\" sizes=\"(max-width: 150px) 100vw, 150px\" \/><\/a>\n\t\t\t<\/dt><\/dl><dl class='gallery-item'>\n\t\t\t<dt class='gallery-icon landscape'>\n\t\t\t\t<a data-elementor-open-lightbox=\"yes\" data-elementor-lightbox-slideshow=\"081b100\" data-elementor-lightbox-title=\"Est\u00e1gio Aline\" data-e-action-hash=\"#elementor-action%3Aaction%3Dlightbox%26settings%3DeyJpZCI6MjczNywidXJsIjoiaHR0cHM6XC9cL3NpdGVzLnVzcC5iclwvY3BwXC93cC1jb250ZW50XC91cGxvYWRzXC9zaXRlc1wvMTUxXC8yMDI1XC8wNVwvRXN0YWdpby1BbGluZS5qcGciLCJzbGlkZXNob3ciOiIwODFiMTAwIn0%3D\" href='https:\/\/sites.usp.br\/cpp\/wp-content\/uploads\/sites\/151\/2025\/05\/Estagio-Aline.jpg'><img loading=\"lazy\" decoding=\"async\" width=\"150\" height=\"150\" src=\"https:\/\/sites.usp.br\/cpp\/wp-content\/uploads\/sites\/151\/2025\/05\/Estagio-Aline-150x150.jpg\" class=\"attachment-thumbnail size-thumbnail\" alt=\"\" srcset=\"https:\/\/sites.usp.br\/cpp\/wp-content\/uploads\/sites\/151\/2025\/05\/Estagio-Aline-150x150.jpg 150w, https:\/\/sites.usp.br\/cpp\/wp-content\/uploads\/sites\/151\/2025\/05\/Estagio-Aline-64x64.jpg 64w, https:\/\/sites.usp.br\/cpp\/wp-content\/uploads\/sites\/151\/2025\/05\/Estagio-Aline-45x45.jpg 45w, https:\/\/sites.usp.br\/cpp\/wp-content\/uploads\/sites\/151\/2025\/05\/Estagio-Aline-200x200.jpg 200w\" sizes=\"(max-width: 150px) 100vw, 150px\" \/><\/a>\n\t\t\t<\/dt><\/dl><dl class='gallery-item'>\n\t\t\t<dt class='gallery-icon portrait'>\n\t\t\t\t<a data-elementor-open-lightbox=\"yes\" data-elementor-lightbox-slideshow=\"081b100\" data-elementor-lightbox-title=\"ASBRo 2024 (1)\" data-e-action-hash=\"#elementor-action%3Aaction%3Dlightbox%26settings%3DeyJpZCI6MjczOCwidXJsIjoiaHR0cHM6XC9cL3NpdGVzLnVzcC5iclwvY3BwXC93cC1jb250ZW50XC91cGxvYWRzXC9zaXRlc1wvMTUxXC8yMDI1XC8wNVwvQVNCUm8tMjAyNC0xLmpwZyIsInNsaWRlc2hvdyI6IjA4MWIxMDAifQ%3D%3D\" href='https:\/\/sites.usp.br\/cpp\/wp-content\/uploads\/sites\/151\/2025\/05\/ASBRo-2024-1.jpg'><img loading=\"lazy\" decoding=\"async\" width=\"150\" height=\"150\" src=\"https:\/\/sites.usp.br\/cpp\/wp-content\/uploads\/sites\/151\/2025\/05\/ASBRo-2024-1-150x150.jpg\" class=\"attachment-thumbnail size-thumbnail\" alt=\"\" srcset=\"https:\/\/sites.usp.br\/cpp\/wp-content\/uploads\/sites\/151\/2025\/05\/ASBRo-2024-1-150x150.jpg 150w, https:\/\/sites.usp.br\/cpp\/wp-content\/uploads\/sites\/151\/2025\/05\/ASBRo-2024-1-64x64.jpg 64w, https:\/\/sites.usp.br\/cpp\/wp-content\/uploads\/sites\/151\/2025\/05\/ASBRo-2024-1-45x45.jpg 45w, https:\/\/sites.usp.br\/cpp\/wp-content\/uploads\/sites\/151\/2025\/05\/ASBRo-2024-1-200x200.jpg 200w\" sizes=\"(max-width: 150px) 100vw, 150px\" \/><\/a>\n\t\t\t<\/dt><\/dl><br style=\"clear: both\" \/>\n\t\t<\/div>\n\t\t<\/div>\n\t\t\t\t<\/div>\n\t\t\t\t<\/div>\n\t\t\t\t\t<\/div>\n\t\t<\/div>\n\t\t\t\t\t<\/div>\n\t\t<\/section>\n\t\t\t\t<\/div>\n\t\t","protected":false},"excerpt":{"rendered":"","protected":false},"author":23654,"featured_media":0,"parent":0,"menu_order":0,"comment_status":"closed","ping_status":"closed","template":"","meta":{"footnotes":"","_links_to":"","_links_to_target":""},"class_list":["post-2729","page","type-page","status-publish","hentry"],"_links":{"self":[{"href":"https:\/\/sites.usp.br\/cpp\/wp-json\/wp\/v2\/pages\/2729","targetHints":{"allow":["GET"]}}],"collection":[{"href":"https:\/\/sites.usp.br\/cpp\/wp-json\/wp\/v2\/pages"}],"about":[{"href":"https:\/\/sites.usp.br\/cpp\/wp-json\/wp\/v2\/types\/page"}],"author":[{"embeddable":true,"href":"https:\/\/sites.usp.br\/cpp\/wp-json\/wp\/v2\/users\/23654"}],"replies":[{"embeddable":true,"href":"https:\/\/sites.usp.br\/cpp\/wp-json\/wp\/v2\/comments?post=2729"}],"version-history":[{"count":4,"href":"https:\/\/sites.usp.br\/cpp\/wp-json\/wp\/v2\/pages\/2729\/revisions"}],"predecessor-version":[{"id":2741,"href":"https:\/\/sites.usp.br\/cpp\/wp-json\/wp\/v2\/pages\/2729\/revisions\/2741"}],"wp:attachment":[{"href":"https:\/\/sites.usp.br\/cpp\/wp-json\/wp\/v2\/media?parent=2729"}],"curies":[{"name":"wp","href":"https:\/\/api.w.org\/{rel}","templated":true}]}}