{"id":64,"date":"2014-02-12T11:28:54","date_gmt":"2014-02-12T13:28:54","guid":{"rendered":"http:\/\/sites.usp.br\/cybersec\/?page_id=64"},"modified":"2023-03-27T19:22:35","modified_gmt":"2023-03-27T22:22:35","slug":"usp","status":"publish","type":"page","link":"https:\/\/sites.usp.br\/cybersec\/usp\/","title":{"rendered":"Vagas na USP"},"content":{"rendered":"<p>A USP diversas parcerias de colabora\u00e7\u00e3o em pesquisa e inova\u00e7\u00e3o com empresas e com \u00f3rg\u00e3os do setor p\u00fablico. Na \u00e1rea de ciberseguran\u00e7a, isso n\u00e3o \u00e9 diferente: o hist\u00f3rico de colabora\u00e7\u00e3o para a constru\u00e7\u00e3o e an\u00e1lise de solu\u00e7\u00f5es \u00e9 bastante rico, com diversas parcerias em andamento ou encerradas. Para maiores informa\u00e7\u00f5es: use o link de <strong><a href=\"https:\/\/sites.usp.br\/cybersec\/contato\/\">Contato<\/a><\/strong>.<\/p>\n<p>Alguns exemplos de parcerias recentes desenvolvidas junto ao <strong><a href=\"https:\/\/sites.usp.br\/cybersec\/contato\/\">Laborat\u00f3rio de Arquitetura e Redes de Computadors (LARC)<\/a><\/strong> da Escola Polit\u00e9cnica da USP (ordenados alfabeticamente):<\/p>\n<ul>\n<li><em>Bradesco<\/em>: projetos de pesquisa e inova\u00e7\u00e3o com diferentes enfoques, voltados a promover maior seguran\u00e7a e usabilidade a processos do setor banc\u00e1rio.<\/li>\n<li><em>Ericsson<\/em>: parcerias voltadas principalmente a solu\u00e7\u00f5es de seguran\u00e7a em sistemas em nuvem e com integra\u00e7\u00e3o com tais sistemas.<\/li>\n<li><em>HPE<\/em>: colabora\u00e7\u00f5es voltadas \u00e0 constru\u00e7\u00e3o de arquiteturas &#8220;zero-trust&#8221;, ou seja, nas quais a seguran\u00e7a do sistema n\u00e3o depende criticamente na confian\u00e7a depositada em algumas entidades. Esta abordagem costuma levar a arquiteturas de seguran\u00e7a mais robustas, e proteger de forma mais eficaz contra ataques \u00e0 cadeia de suprimentos de software e hardware.<\/li>\n<li><em>Intel<\/em>: colabora\u00e7\u00e3o voltada \u00e0 constru\u00e7\u00e3o de solu\u00e7\u00f5es de criptografia p\u00f3s-qu\u00e2ntica, ou seja, de algoritmos criptogr\u00e1ficos capazes de garantir a prote\u00e7\u00e3o de sistemas mesmo que sejam constru\u00eddos computadores qu\u00e2nticos de porte grande o suficiente para comprometer a seguran\u00e7a de solu\u00e7\u00f5es tradicionais.<\/li>\n<li><em>LGE<\/em>: parcerias com foco na \u00e1rea de Internet das Coisas, em particular no contexto de comunica\u00e7\u00f5es entre ve\u00edculos<\/li>\n<li><em>Ripple<\/em>: parceria voltada \u00e0 constru\u00e7\u00e3o de solu\u00e7\u00f5es baseadas em blockchains. A iniciativa \u00e9 multidisciplinar, cobrindo n\u00e3o apenas aspectos t\u00e9cnicos mas tamb\u00e9m econ\u00f4micos e legais, al\u00e9m de lidar com diversas aplica\u00e7\u00f5es (em \u00e1reas como engenharia, biologia, economia, direito, etc.)<\/li>\n<li><em>Tribunal Superior Eleitoral (TSE)<\/em>: parceria voltada (1) \u00e0 an\u00e1lise do sistema de vota\u00e7\u00e3o atual, em busca de eventuais falhas e corre\u00e7\u00f5es, e (2) \u00e0 inova\u00e7\u00e3o do processo em termos de facilidade de uso, seguran\u00e7a e auditabilidade, com o objetivo de prover solu\u00e7\u00f5es para as &#8220;Elei\u00e7\u00f5es do Futuro&#8221;<\/li>\n<\/ul>\n<p>Tamb\u00e9m h\u00e1 grupos de estudantes dentro da USP que buscam se especializar em temas relacionados \u00e0 ciberseguran\u00e7a, como \u00e9 o caso do <a href=\"https:\/\/hackersdobem.sti.usp.br\/\"><strong>Hackers do Bem<\/strong><\/a> e do <strong><a href=\"https:\/\/imesec.ime.usp.br\">IMESec<\/a><\/strong>, ambos ligados ao Instituto de Matem\u00e1tica e Estat\u00edstica da USP (IME-USP)<\/p>\n<p><a href=\"https:\/\/sites.usp.br\/cybersec\/wp-content\/uploads\/sites\/1085\/2022\/03\/image_2022-03-12_011645.png\"><img loading=\"lazy\" decoding=\"async\" class=\" wp-image-165 aligncenter\" src=\"https:\/\/sites.usp.br\/cybersec\/wp-content\/uploads\/sites\/1085\/2022\/03\/image_2022-03-12_011645-300x180.png\" alt=\"\" width=\"409\" height=\"245\" \/><\/a><\/p>\n","protected":false},"excerpt":{"rendered":"<p>A USP diversas parcerias de colabora\u00e7\u00e3o em pesquisa e inova\u00e7\u00e3o com empresas e com \u00f3rg\u00e3os do setor p\u00fablico. Na \u00e1rea de ciberseguran\u00e7a, isso n\u00e3o \u00e9 diferente: o hist\u00f3rico de colabora\u00e7\u00e3o para a constru\u00e7\u00e3o e an\u00e1lise de solu\u00e7\u00f5es \u00e9 bastante rico, com diversas parcerias em andamento ou encerradas. Para maiores informa\u00e7\u00f5es: use o link de Contato. [&hellip;]<\/p>\n","protected":false},"author":1,"featured_media":0,"parent":0,"menu_order":0,"comment_status":"closed","ping_status":"closed","template":"","meta":{"footnotes":"","_links_to":"","_links_to_target":""},"class_list":["post-64","page","type-page","status-publish","hentry"],"_links":{"self":[{"href":"https:\/\/sites.usp.br\/cybersec\/wp-json\/wp\/v2\/pages\/64","targetHints":{"allow":["GET"]}}],"collection":[{"href":"https:\/\/sites.usp.br\/cybersec\/wp-json\/wp\/v2\/pages"}],"about":[{"href":"https:\/\/sites.usp.br\/cybersec\/wp-json\/wp\/v2\/types\/page"}],"author":[{"embeddable":true,"href":"https:\/\/sites.usp.br\/cybersec\/wp-json\/wp\/v2\/users\/1"}],"replies":[{"embeddable":true,"href":"https:\/\/sites.usp.br\/cybersec\/wp-json\/wp\/v2\/comments?post=64"}],"version-history":[{"count":4,"href":"https:\/\/sites.usp.br\/cybersec\/wp-json\/wp\/v2\/pages\/64\/revisions"}],"predecessor-version":[{"id":197,"href":"https:\/\/sites.usp.br\/cybersec\/wp-json\/wp\/v2\/pages\/64\/revisions\/197"}],"wp:attachment":[{"href":"https:\/\/sites.usp.br\/cybersec\/wp-json\/wp\/v2\/media?parent=64"}],"curies":[{"name":"wp","href":"https:\/\/api.w.org\/{rel}","templated":true}]}}