{"id":1556,"date":"2023-08-13T15:39:37","date_gmt":"2023-08-13T18:39:37","guid":{"rendered":"https:\/\/sites.usp.br\/damateria\/?page_id=1556"},"modified":"2023-08-15T16:05:09","modified_gmt":"2023-08-15T19:05:09","slug":"osb","status":"publish","type":"page","link":"https:\/\/sites.usp.br\/damateria\/osb\/","title":{"rendered":"OSB"},"content":{"rendered":"\t\t<div data-elementor-type=\"wp-page\" data-elementor-id=\"1556\" class=\"elementor elementor-1556\" data-elementor-post-type=\"page\">\n\t\t\t\t<div class=\"elementor-element elementor-element-93d122f e-flex e-con-boxed e-con e-parent\" data-id=\"93d122f\" data-element_type=\"container\">\n\t\t\t\t\t<div class=\"e-con-inner\">\n\t\t\t\t<div class=\"elementor-element elementor-element-82b003b elementor-widget__width-inherit elementor-widget elementor-widget-heading\" data-id=\"82b003b\" data-element_type=\"widget\" data-widget_type=\"heading.default\">\n\t\t\t\t<div class=\"elementor-widget-container\">\n\t\t\t<h1 class=\"elementor-heading-title elementor-size-default\">OSB<\/h1>\t\t<\/div>\n\t\t\t\t<\/div>\n\t\t\t\t<div class=\"elementor-element elementor-element-25692f3 elementor-widget__width-inherit elementor-widget-divider--view-line elementor-widget elementor-widget-divider\" data-id=\"25692f3\" data-element_type=\"widget\" data-widget_type=\"divider.default\">\n\t\t\t\t<div class=\"elementor-widget-container\">\n\t\t\t\t\t<div class=\"elementor-divider\">\n\t\t\t<span class=\"elementor-divider-separator\">\n\t\t\t\t\t\t<\/span>\n\t\t<\/div>\n\t\t\t\t<\/div>\n\t\t\t\t<\/div>\n\t\t<div class=\"elementor-element elementor-element-4d61f7f e-con-full e-flex e-con e-parent\" data-id=\"4d61f7f\" data-element_type=\"container\" data-settings=\"{&quot;background_background&quot;:&quot;classic&quot;}\">\n\t\t\t\t<div class=\"elementor-element elementor-element-22b0dea elementor-widget__width-inherit elementor-widget elementor-widget-heading\" data-id=\"22b0dea\" data-element_type=\"widget\" data-widget_type=\"heading.default\">\n\t\t\t\t<div class=\"elementor-widget-container\">\n\t\t\t<h2 class=\"elementor-heading-title elementor-size-default\">Informa\u00e7\u00f5es do material<\/h2>\t\t<\/div>\n\t\t\t\t<\/div>\n\t\t\t\t<\/div>\n\t\t<div class=\"elementor-element elementor-element-db5a7e2 e-con-full e-flex e-con e-parent\" data-id=\"db5a7e2\" data-element_type=\"container\">\n\t\t\t\t<div class=\"elementor-element elementor-element-848b0e2 elementor-widget__width-inherit elementor-widget elementor-widget-heading\" data-id=\"848b0e2\" data-element_type=\"widget\" data-widget_type=\"heading.default\">\n\t\t\t\t<div class=\"elementor-widget-container\">\n\t\t\t<h3 class=\"elementor-heading-title elementor-size-default\">Defini\u00e7\u00e3o<\/h3>\t\t<\/div>\n\t\t\t\t<\/div>\n\t\t\t\t<div class=\"elementor-element elementor-element-69eb0b3 elementor-widget__width-inherit elementor-widget elementor-widget-text-editor\" data-id=\"69eb0b3\" data-element_type=\"widget\" data-widget_type=\"text-editor.default\">\n\t\t\t\t<div class=\"elementor-widget-container\">\n\t\t\t\t\t\t\t<p>Os pain\u00e9is OSB (em ingl\u00eas &#8220;Oriented Strand Board&#8221; ou &#8220;oriented structural board&#8221; = &#8220;Painel de part\u00edculas orientadas\u201c), s\u00e3o derivados da madeira fabricados a partir de part\u00edculas longas e finas, as chamadas part\u00edculas do tipo &#8220;strand&#8221;.\u00a0O OSB faz parte dos \u201cEngineered wood products\u201d, desenvolvidos nos anos 50 nos EUA e no Canad\u00e1. O objetivo era criar um painel com caracter\u00edsticas t\u00e9cnicas semelhantes \u00e0s do compensado, mas utilizando toras de madeira de menor di\u00e2metro, dispon\u00edveis em quantidade suficiente e de crescimento r\u00e1pido.<\/p>\t\t\t\t\t\t<\/div>\n\t\t\t\t<\/div>\n\t\t\t\t<div class=\"elementor-element elementor-element-ef4c21d elementor-widget__width-inherit elementor-widget elementor-widget-heading\" data-id=\"ef4c21d\" data-element_type=\"widget\" data-widget_type=\"heading.default\">\n\t\t\t\t<div class=\"elementor-widget-container\">\n\t\t\t<h3 class=\"elementor-heading-title elementor-size-default\">Principais aplica\u00e7\u00f5es<\/h3>\t\t<\/div>\n\t\t\t\t<\/div>\n\t\t\t\t<div class=\"elementor-element elementor-element-7296b05 elementor-widget__width-inherit elementor-widget elementor-widget-text-editor\" data-id=\"7296b05\" data-element_type=\"widget\" data-widget_type=\"text-editor.default\">\n\t\t\t\t<div class=\"elementor-widget-container\">\n\t\t\t\t\t\t\t<p>Os pain\u00e9is OSB s\u00e3o utilizados como pain\u00e9is de constru\u00e7\u00e3o estrutural (por ex., pranchas de telhado) e como paredes no acabamento de interiores. J\u00e1 para pisos, eles s\u00e3o usados como placa de contrapiso (perfil de encaixe macho-f\u00eamea). Para pisos expostos, na constru\u00e7\u00e3o de tetos e como fachada, eles s\u00e3o usados como elemento decorativo devido \u00e0 apar\u00eancia marcante, al\u00e9m de serem usados na constru\u00e7\u00e3o de m\u00f3veis em prateleiras e como arma\u00e7\u00e3o para m\u00f3veis estofados. Al\u00e9m disso, s\u00e3o usados para embalagens (caixas, tambores de cabos, paletes), constru\u00e7\u00e3o de estandes e feiras, cercas de estaleiros e placas de cofragem para concreto. V\u00e1rios pain\u00e9is OSB colados sobrepostos podem funcionar como elementos de parede e teto na constru\u00e7\u00e3o de casas de madeira.<\/p>\t\t\t\t\t\t<\/div>\n\t\t\t\t<\/div>\n\t\t\t\t<div class=\"elementor-element elementor-element-38c0f06 elementor-widget__width-inherit elementor-widget elementor-widget-heading\" data-id=\"38c0f06\" data-element_type=\"widget\" data-widget_type=\"heading.default\">\n\t\t\t\t<div class=\"elementor-widget-container\">\n\t\t\t<h3 class=\"elementor-heading-title elementor-size-default\">Propriedades<\/h3>\t\t<\/div>\n\t\t\t\t<\/div>\n\t\t\t\t<div class=\"elementor-element elementor-element-2260165 elementor-widget__width-inherit elementor-widget elementor-widget-text-editor\" data-id=\"2260165\" data-element_type=\"widget\" data-widget_type=\"text-editor.default\">\n\t\t\t\t<div class=\"elementor-widget-container\">\n\t\t\t\t\t\t\t<p>Para a fabrica\u00e7\u00e3o s\u00e3o usadas part\u00edculas longas e finas, que s\u00e3o orientadas longitudinalmente no processo de produ\u00e7\u00e3o e, ent\u00e3o, prensadas. O painel OSB cl\u00e1ssico \u00e9 composto por 3 camadas. As part\u00edculas da camada de cobertura, alinhadas (igualmente orientadas) no sentido de produ\u00e7\u00e3o, maximizam a resist\u00eancia \u00e0 flex\u00e3o do painel.<\/p>\t\t\t\t\t\t<\/div>\n\t\t\t\t<\/div>\n\t\t\t\t<div class=\"elementor-element elementor-element-e713d9e elementor-widget__width-inherit elementor-widget elementor-widget-heading\" data-id=\"e713d9e\" data-element_type=\"widget\" data-widget_type=\"heading.default\">\n\t\t\t\t<div class=\"elementor-widget-container\">\n\t\t\t<h3 class=\"elementor-heading-title elementor-size-default\">Fabrica\u00e7\u00e3o<\/h3>\t\t<\/div>\n\t\t\t\t<\/div>\n\t\t\t\t<div class=\"elementor-element elementor-element-8e8ee09 elementor-widget__width-inherit elementor-widget elementor-widget-text-editor\" data-id=\"8e8ee09\" data-element_type=\"widget\" data-widget_type=\"text-editor.default\">\n\t\t\t\t<div class=\"elementor-widget-container\">\n\t\t\t\t\t\t\t<p>Para a fabrica\u00e7\u00e3o, primeiro precisa-se eliminar as cascas (descascamento) das toras, que s\u00e3o inadequadas para o uso na confec\u00e7\u00e3o dos pain\u00e9is e picagem (utilizando um picador de facas) das mesmas, gerando as part\u00edculas do tipo &#8220;strand&#8221; que ser\u00e3o secas em um tambor de secagem.<\/p>\t\t\t\t\t\t<\/div>\n\t\t\t\t<\/div>\n\t\t\t\t<div class=\"elementor-element elementor-element-dfe2e41 elementor-widget__width-initial elementor-widget elementor-widget-image\" data-id=\"dfe2e41\" data-element_type=\"widget\" data-widget_type=\"image.default\">\n\t\t\t\t<div class=\"elementor-widget-container\">\n\t\t\t\t\t\t\t\t\t\t<figure class=\"wp-caption\">\n\t\t\t\t\t\t\t\t\t\t<img fetchpriority=\"high\" decoding=\"async\" width=\"840\" height=\"660\" src=\"https:\/\/sites.usp.br\/damateria\/wp-content\/uploads\/sites\/1042\/2023\/08\/buettner_anwendungen_osb3.jpg\" class=\"attachment-large size-large wp-image-1559\" alt=\"\" srcset=\"https:\/\/sites.usp.br\/damateria\/wp-content\/uploads\/sites\/1042\/2023\/08\/buettner_anwendungen_osb3.jpg 840w, https:\/\/sites.usp.br\/damateria\/wp-content\/uploads\/sites\/1042\/2023\/08\/buettner_anwendungen_osb3-300x236.jpg 300w, https:\/\/sites.usp.br\/damateria\/wp-content\/uploads\/sites\/1042\/2023\/08\/buettner_anwendungen_osb3-768x603.jpg 768w\" sizes=\"(max-width: 840px) 100vw, 840px\" \/>\t\t\t\t\t\t\t\t\t\t\t<figcaption class=\"widget-image-caption wp-caption-text\">Part\u00edculas do tipo \"strand\"<\/figcaption>\n\t\t\t\t\t\t\t\t\t\t<\/figure>\n\t\t\t\t\t\t\t<\/div>\n\t\t\t\t<\/div>\n\t\t\t\t<div class=\"elementor-element elementor-element-22531e8 elementor-widget__width-inherit elementor-widget elementor-widget-text-editor\" data-id=\"22531e8\" data-element_type=\"widget\" data-widget_type=\"text-editor.default\">\n\t\t\t\t<div class=\"elementor-widget-container\">\n\t\t\t\t\t\t\t<p>Ap\u00f3s a secagem, as fibras s\u00e3o classificadas e peneiradas, para seguir para o processo de colagem sob press\u00e3o e calor. Em seguida os pain\u00e9is s\u00e3o esquadrejados para formata\u00e7\u00e3o nos padr\u00f5es de comercializa\u00e7\u00e3o. Os pain\u00e9is podem ainda, assim como o MDF e MDP sofrer tratamento na sua superf\u00edcie, atrav\u00e9s do lixamento de calibragem.<\/p><p>\u00a0<\/p>\t\t\t\t\t\t<\/div>\n\t\t\t\t<\/div>\n\t\t\t\t<div class=\"elementor-element elementor-element-c797a71 elementor-widget__width-inherit elementor-widget elementor-widget-heading\" data-id=\"c797a71\" data-element_type=\"widget\" data-widget_type=\"heading.default\">\n\t\t\t\t<div class=\"elementor-widget-container\">\n\t\t\t<h3 class=\"elementor-heading-title elementor-size-default\">Fontes<\/h3>\t\t<\/div>\n\t\t\t\t<\/div>\n\t\t\t\t<div class=\"elementor-element elementor-element-635276d elementor-widget__width-inherit elementor-widget elementor-widget-text-editor\" data-id=\"635276d\" data-element_type=\"widget\" data-widget_type=\"text-editor.default\">\n\t\t\t\t<div class=\"elementor-widget-container\">\n\t\t\t\t\t\t\t<p><span style=\"text-align: var(--text-align);\">&#8211; Produ\u00e7\u00e3o de pain\u00e9is de OSB. ProcessingWood. Dispon\u00edvel em:\u00a0 <\/span><span style=\"text-align: var(--text-align);\"><a href=\"https:\/\/processing-wood.com\/pt\/processos\/paineis-de-derivados-da-madeira\/osb\/\">https:\/\/processing-wood.com\/pt\/processos\/paineis-de-derivados-da-madeira\/osb\/<\/a>. Acesso em 13\/08\/2023<br \/><\/span><\/p>\t\t\t\t\t\t<\/div>\n\t\t\t\t<\/div>\n\t\t\t\t<\/div>\n\t\t\t\t\t<\/div>\n\t\t\t\t<\/div>\n\t\t\t\t<\/div>\n\t\t","protected":false},"excerpt":{"rendered":"<p>OSB Informa\u00e7\u00f5es do material Defini\u00e7\u00e3o Os pain\u00e9is OSB (em ingl\u00eas &#8220;Oriented Strand Board&#8221; ou &#8220;oriented structural board&#8221; = &#8220;Painel de part\u00edculas orientadas\u201c), s\u00e3o derivados da madeira fabricados a partir de part\u00edculas longas e finas, as chamadas part\u00edculas do tipo &#8220;strand&#8221;.\u00a0O OSB faz parte dos \u201cEngineered wood products\u201d, desenvolvidos nos anos 50 nos EUA e no [&hellip;]<\/p>\n","protected":false},"author":23025,"featured_media":0,"parent":0,"menu_order":0,"comment_status":"closed","ping_status":"closed","template":"elementor_header_footer","meta":{"footnotes":"","_links_to":"","_links_to_target":""},"class_list":["post-1556","page","type-page","status-publish","hentry","entry"],"_links":{"self":[{"href":"https:\/\/sites.usp.br\/damateria\/wp-json\/wp\/v2\/pages\/1556","targetHints":{"allow":["GET"]}}],"collection":[{"href":"https:\/\/sites.usp.br\/damateria\/wp-json\/wp\/v2\/pages"}],"about":[{"href":"https:\/\/sites.usp.br\/damateria\/wp-json\/wp\/v2\/types\/page"}],"author":[{"embeddable":true,"href":"https:\/\/sites.usp.br\/damateria\/wp-json\/wp\/v2\/users\/23025"}],"replies":[{"embeddable":true,"href":"https:\/\/sites.usp.br\/damateria\/wp-json\/wp\/v2\/comments?post=1556"}],"version-history":[{"count":4,"href":"https:\/\/sites.usp.br\/damateria\/wp-json\/wp\/v2\/pages\/1556\/revisions"}],"predecessor-version":[{"id":2059,"href":"https:\/\/sites.usp.br\/damateria\/wp-json\/wp\/v2\/pages\/1556\/revisions\/2059"}],"wp:attachment":[{"href":"https:\/\/sites.usp.br\/damateria\/wp-json\/wp\/v2\/media?parent=1556"}],"curies":[{"name":"wp","href":"https:\/\/api.w.org\/{rel}","templated":true}]}}