{"id":235,"date":"2024-11-08T10:43:10","date_gmt":"2024-11-08T12:43:10","guid":{"rendered":"https:\/\/sites.usp.br\/dbf\/?page_id=235"},"modified":"2025-12-14T15:07:30","modified_gmt":"2025-12-14T17:07:30","slug":"o-microscopio-otico","status":"publish","type":"page","link":"https:\/\/sites.usp.br\/dbf\/o-microscopio-otico\/","title":{"rendered":"O microsc\u00f3pio \u00f3tico"},"content":{"rendered":"<p><a href=\"https:\/\/sites.usp.br\/dbf\/wp-content\/uploads\/sites\/1573\/2025\/12\/Microscopio.png\"><img fetchpriority=\"high\" decoding=\"async\" class=\"aligncenter size-full wp-image-451\" src=\"https:\/\/sites.usp.br\/dbf\/wp-content\/uploads\/sites\/1573\/2025\/12\/Microscopio.png\" alt=\"\" width=\"580\" height=\"366\" srcset=\"https:\/\/sites.usp.br\/dbf\/wp-content\/uploads\/sites\/1573\/2025\/12\/Microscopio.png 580w, https:\/\/sites.usp.br\/dbf\/wp-content\/uploads\/sites\/1573\/2025\/12\/Microscopio-300x189.png 300w, https:\/\/sites.usp.br\/dbf\/wp-content\/uploads\/sites\/1573\/2025\/12\/Microscopio-400x252.png 400w\" sizes=\"(max-width: 580px) 100vw, 580px\" \/><\/a><\/p>\n<p><span style=\"font-weight: 400;\">Para enxergar a maioria dos organismos estudados na disciplina \u00e9 necess\u00e1rio o uso de microsc\u00f3pios, pois a maioria s\u00f3 pode ser vista com maior detalhes ou sua exist\u00eancia s\u00f3 pode ser conferida por meio de grandes aumentos.\u00a0<\/span><\/p>\n<p><span style=\"font-weight: 400;\">Afim de familiariz\u00e1-los com estruturas b\u00e1sicas de um microsc\u00f3pio \u00f3ptico (utilizados nas aulas pr\u00e1ticas) apresentamos aqui o que geralmente um bom microsc\u00f3pio possui e que nos permite enxergar os organismos com qualidade aceit\u00e1vel:<\/span><\/p>\n<p>&nbsp;<\/p>\n<p><span style=\"font-weight: 400;\"><strong>1 &#8211; Lentes Oculares e Tubos<\/strong>: s\u00e3o os pares de lentes que ficam na parte superior do microsc\u00f3pio. Elas ficam dentro de tubos pretos que s\u00e3o m\u00f3veis para possibilitar ajustes para que os dois olhos fiquem diretamente sobre as lentes. Geralmente as lentes oculares possuem 10x de aumento, mas h\u00e1 modelos que possuem lentes troc\u00e1veis para de 20x.<\/span><\/p>\n<p><span style=\"font-weight: 400;\"><strong>2 &#8211; Rev\u00f3lver<\/strong>: \u00c9 uma estrutura em formato de meia lua girat\u00f3ria que permite escolher e fixar alguma lente objetiva sobre as amostras. Quando girada, geralmente \u00e9 poss\u00edvel ouvir um som de metais se encaixando, ou um clique, indicando um ajuste entre as pe\u00e7as e sendo a posi\u00e7\u00e3o correta onde a lente objetiva tem de ficar.<\/span><\/p>\n<p><span style=\"font-weight: 400;\"><strong>3 &#8211; Lentes Objetivas<\/strong>: Respons\u00e1veis por gerar os maiores aumentos da imagem. \u00c9 a primeira estrutura por onde passa a luz ap\u00f3s incidir sobre a amostra. S\u00e3o encaixadas no rev\u00f3lver, sendo extremamente sens\u00edveis e podendo se quebrar f\u00e1cil com o manejo inadequado. Variam do aumento de 4x, 10x, 30x, 40x e 100x.<\/span><\/p>\n<p><span style=\"font-weight: 400;\"><strong>4 &#8211; Platina<\/strong>: \u00c9 uma superf\u00edcie preta, que serve como apoio para colocar a sua amostra para olhar em aumento diferentes. possui um fenda no seu centro que \u00e9 por onde a luz de baixo vai passar e seguir em dire\u00e7\u00e3o \u00e0 lente objetiva, sendo logo acima desta fenda exatamente o local onde sua amostra deve ficar, existindo um grampo para fixar sua amostra.<\/span><\/p>\n<p><span style=\"font-weight: 400;\"><strong>5 &#8211; Macrom\u00e9trico e microm\u00e9trico<\/strong>: S\u00e3o parafusos laterais que movem a platina, o macrom\u00e9trico move ela em mil\u00edmetros de altura e o microm\u00e9trico em micr\u00f4metros (quase impercept\u00edvel \u00e0 olho n\u00fa). Ao mover a platina voc\u00ea ajusta o foco da imagem, isto \u00e9, a posi\u00e7\u00e3o em que a forma\u00e7\u00e3o de imagem \u00e9 formada. De forma resumida, se um raio de luz refletido de um objeto atingir um pequeno orif\u00edcio numa c\u00e2mara fechada (como as lentes oculares nos tubos e nossos olhos) os raios luminosos se cruzam ao passar por ele e uma imagem \u00e9 formada ao fundo desta c\u00e2mara. Mover a platina altera a posi\u00e7\u00e3o onde a imagem da sua amostra est\u00e1 se formando, como em camadas.<\/span><\/p>\n<p><span style=\"font-weight: 400;\"><strong>6 &#8211; Charriot<\/strong>: \u00c9 um parafuso menor em posi\u00e7\u00e3o vertical ao lado da platina que permite movimentar a amostra na platina e modificar o ponto da amostra em que a luz est\u00e1 passando.<\/span><\/p>\n<p><span style=\"font-weight: 400;\"><strong>7 &#8211; Condensador<\/strong>: Pequena alavanca horizontal que condensa a luz que passa pelo diafragma. Ajuda a diminuir o contraste de luz e permite imagens com mais detalhes em troca de uma \u00e1rea menos iluminada da amostra.\u00a0<\/span><\/p>\n<p><span style=\"font-weight: 400;\"><strong>8 &#8211; Diafragma<\/strong>: \u00c9 a lente que recebe a luz antes desta passar pela amostra.\u00a0<\/span><\/p>\n<p><span style=\"font-weight: 400;\"><strong>9 &#8211; Fonte de luz<\/strong>: Geralmente \u00e9 uma l\u00e2mpada na regi\u00e3o inferior, ou na base de apoio, do microsc\u00f3pio e que \u00e9 apontada para cima. A luz segue de baixo para cima em dire\u00e7\u00e3o \u00e0s lentes.<\/span><\/p>\n<p><span style=\"font-weight: 400;\"><strong>10 &#8211; Bra\u00e7o<\/strong>: \u00c9 uma estrutura met\u00e1lica, geralmente branca, a qual d\u00e1 sustenta\u00e7\u00e3o para todas as estruturas elencadas acima. Para manejar um microsc\u00f3pio fora da mesa \u00e9 necess\u00e1rio segurar por ele e na base do microsc\u00f3pio.<\/span><\/p>\n","protected":false},"excerpt":{"rendered":"<p>Para enxergar a maioria dos organismos estudados na disciplina \u00e9 necess\u00e1rio o uso de microsc\u00f3pios, pois a maioria s\u00f3 pode ser vista com maior detalhes ou sua exist\u00eancia s\u00f3 pode ser conferida por meio&#46;&#46;&#46;<\/p>\n","protected":false},"author":24390,"featured_media":0,"parent":0,"menu_order":32,"comment_status":"closed","ping_status":"closed","template":"","meta":{"footnotes":"","_links_to":"","_links_to_target":""},"class_list":["post-235","page","type-page","status-publish","hentry"],"_links":{"self":[{"href":"https:\/\/sites.usp.br\/dbf\/wp-json\/wp\/v2\/pages\/235","targetHints":{"allow":["GET"]}}],"collection":[{"href":"https:\/\/sites.usp.br\/dbf\/wp-json\/wp\/v2\/pages"}],"about":[{"href":"https:\/\/sites.usp.br\/dbf\/wp-json\/wp\/v2\/types\/page"}],"author":[{"embeddable":true,"href":"https:\/\/sites.usp.br\/dbf\/wp-json\/wp\/v2\/users\/24390"}],"replies":[{"embeddable":true,"href":"https:\/\/sites.usp.br\/dbf\/wp-json\/wp\/v2\/comments?post=235"}],"version-history":[{"count":4,"href":"https:\/\/sites.usp.br\/dbf\/wp-json\/wp\/v2\/pages\/235\/revisions"}],"predecessor-version":[{"id":460,"href":"https:\/\/sites.usp.br\/dbf\/wp-json\/wp\/v2\/pages\/235\/revisions\/460"}],"wp:attachment":[{"href":"https:\/\/sites.usp.br\/dbf\/wp-json\/wp\/v2\/media?parent=235"}],"curies":[{"name":"wp","href":"https:\/\/api.w.org\/{rel}","templated":true}]}}