{"id":219,"date":"2020-03-05T18:48:36","date_gmt":"2020-03-05T20:48:36","guid":{"rendered":"https:\/\/sites.usp.br\/dconv\/?page_id=219"},"modified":"2020-04-02T12:01:30","modified_gmt":"2020-04-02T14:01:30","slug":"comunicados","status":"publish","type":"page","link":"https:\/\/sites.usp.br\/dconv\/comunicados\/","title":{"rendered":"Comunicados"},"content":{"rendered":"<div><span style=\"color: #ffffff;\"><a id=\"voltaraotopo\"><\/a>comunicados<\/span><\/div>\n<div><\/div>\n<div><\/div>\n<div><strong>COMUNICADO &#8211; DCONV 01\/2020 &#8211; COVID-19<\/strong><\/div>\n<div><\/div>\n<div>Prezados colegas, boa tarde,<\/div>\n<div><\/div>\n<div>Uma parte importante das atividades da Universidade de S\u00e3o Paulo &#8211; USP \u00e9 a realiza\u00e7\u00e3o de parcerias, e estas se d\u00e3o por meio de conv\u00eanios. Pensando nisso, neste momento dif\u00edcil que passamos, o Departamento de Conv\u00eanios -DConv procurar\u00e1 manter suas atividades, com a cautela que a situa\u00e7\u00e3o exige. Continuaremos trabalhando normalmente, s\u00f3 que, ao inv\u00e9s de fazermos trabalho no pr\u00e9dio da Reitoria, iremos faz\u00ea-lo com boa parte de nossa equipe operando de forma remota. Para conseguirmos realizar este feito, pedimos algumas medidas simples, que boa parte de voc\u00eas j\u00e1 tem como pr\u00e1tica:<\/div>\n<div><\/div>\n<div>a) quando precisarem de suporte relativo aos sistemas, utilizem\u00a0<b>preferencialmente<\/b>\u00a0os seguintes canais:<\/div>\n<div>\u00a0 \u00a0 \u00a0 \u00a0 1 &#8211;\u00a0<a href=\"mailto:portalconvenios@usp.br\" target=\"_blank\" rel=\"noopener noreferrer\">portalconvenios@usp.br<\/a>\u00a0, quando tratar de d\u00favidas sobre o Portal de Conv\u00eanios;<\/div>\n<div>\u00a0 \u00a0 \u00a0 \u00a0 2 &#8211;\u00a0<a href=\"mailto:convenios@usp.br\" target=\"_blank\" rel=\"noopener noreferrer\">convenios@usp.br<\/a> ,\u00a0 \u00a0 \u00a0 \u00a0 \u00a0 quanto tratar de d\u00favidas sobre o e-Conv\u00eanios.<\/div>\n<div><\/div>\n<div>b) quando precisarem de suporte relativo a quest\u00f5es financeiras, utilizar\u00a0<b>preferencialmente\u00a0<\/b>o seguintes e-mails :<span style=\"color: #000000;\"><a href=\"mailto:svanaf@usp.br\" target=\"_blank\" rel=\"noopener noreferrer\">svanaf@usp.br<\/a>\u00a0<\/span><a href=\"mailto:svconv@usp.br\" target=\"_blank\" rel=\"noopener noreferrer\">svconv@usp.br<\/a> .<\/div>\n<div><\/div>\n<div><span style=\"color: #000000;\">c) pedimos, encarecidamente, que n\u00e3o se utilize telefones desnecessariamente, devido a dificuldade maior de oper\u00e1-los, com o trabalho \u00e0 dist\u00e2ncia.\u00a0<\/span><\/div>\n<div><\/div>\n<div><span style=\"color: #000000;\">\u00a0<\/span><span style=\"color: #000000;\">d) por fim, tamb\u00e9m pedimos que utilizem as informa\u00e7\u00f5es prestadas no nosso site (ainda em desenvolvimento)\u00a0<\/span><a href=\"https:\/\/sites.usp.br\/dconv\/informacoes\/\" target=\"_blank\" rel=\"noopener noreferrer\" data-saferedirecturl=\"https:\/\/www.google.com\/url?q=https:\/\/sites.usp.br\/dconv\/informacoes\/&amp;source=gmail&amp;ust=1584813754595000&amp;usg=AFQjCNEsz-FTIif3NQhdZUJ6GfQTDYmBOA\">https:\/\/<wbr \/>sites.usp.br\/dconv\/<wbr \/>informacoes\/<\/a>\u00a0.<\/div>\n<div><\/div>\n<div>Mais uma vez, colocamo-nos \u00e0 disposi\u00e7\u00e3o para qualquer d\u00favida.<\/div>\n<div><\/div>\n<div>Cordialmente,<\/div>\n<div><\/div>\n<div>Equipe do<\/div>\n<div>Departamento de Conv\u00eanios<\/div>\n<div><\/div>\n<div><\/div>\n<div><\/div>\n<div><\/div>\n<div><\/div>\n<div><\/div>\n<div><a href=\"#voltaraotopo\">Voltar ao Topo \u2191<\/a><\/div>\n","protected":false},"excerpt":{"rendered":"<p>comunicados COMUNICADO &#8211; DCONV 01\/2020 &#8211; COVID-19 Prezados colegas, boa tarde, Uma parte importante das atividades da Universidade de S\u00e3o Paulo &#8211; USP \u00e9 a realiza\u00e7\u00e3o de parcerias, e estas se d\u00e3o por meio de conv\u00eanios. Pensando nisso, neste momento dif\u00edcil que passamos, o Departamento de Conv\u00eanios -DConv procurar\u00e1 manter suas atividades, com a cautela [&hellip;]<\/p>\n","protected":false},"author":1234,"featured_media":0,"parent":0,"menu_order":0,"comment_status":"closed","ping_status":"closed","template":"","meta":{"footnotes":"","_links_to":"","_links_to_target":""},"class_list":["post-219","page","type-page","status-publish","hentry"],"_links":{"self":[{"href":"https:\/\/sites.usp.br\/dconv\/wp-json\/wp\/v2\/pages\/219","targetHints":{"allow":["GET"]}}],"collection":[{"href":"https:\/\/sites.usp.br\/dconv\/wp-json\/wp\/v2\/pages"}],"about":[{"href":"https:\/\/sites.usp.br\/dconv\/wp-json\/wp\/v2\/types\/page"}],"author":[{"embeddable":true,"href":"https:\/\/sites.usp.br\/dconv\/wp-json\/wp\/v2\/users\/1234"}],"replies":[{"embeddable":true,"href":"https:\/\/sites.usp.br\/dconv\/wp-json\/wp\/v2\/comments?post=219"}],"version-history":[{"count":4,"href":"https:\/\/sites.usp.br\/dconv\/wp-json\/wp\/v2\/pages\/219\/revisions"}],"predecessor-version":[{"id":415,"href":"https:\/\/sites.usp.br\/dconv\/wp-json\/wp\/v2\/pages\/219\/revisions\/415"}],"wp:attachment":[{"href":"https:\/\/sites.usp.br\/dconv\/wp-json\/wp\/v2\/media?parent=219"}],"curies":[{"name":"wp","href":"https:\/\/api.w.org\/{rel}","templated":true}]}}