{"id":817,"date":"2019-10-09T16:03:51","date_gmt":"2019-10-09T19:03:51","guid":{"rendered":"https:\/\/sites.usp.br\/debas\/?page_id=817"},"modified":"2022-06-17T11:47:26","modified_gmt":"2022-06-17T14:47:26","slug":"debas","status":"publish","type":"page","link":"https:\/\/sites.usp.br\/debas\/debas\/","title":{"rendered":"DEBAS"},"content":{"rendered":"\t\t<div data-elementor-type=\"wp-page\" data-elementor-id=\"817\" class=\"elementor elementor-817\" data-elementor-post-type=\"page\">\n\t\t\t\t\t\t<section class=\"elementor-section elementor-top-section elementor-element elementor-element-3b1f4f02 elementor-section-boxed elementor-section-height-default elementor-section-height-default\" data-id=\"3b1f4f02\" data-element_type=\"section\">\n\t\t\t\t\t\t<div class=\"elementor-container elementor-column-gap-default\">\n\t\t\t\t\t<div class=\"elementor-column elementor-col-100 elementor-top-column elementor-element elementor-element-5dd3d3a1\" data-id=\"5dd3d3a1\" data-element_type=\"column\">\n\t\t\t<div class=\"elementor-widget-wrap elementor-element-populated\">\n\t\t\t\t\t\t<div class=\"elementor-element elementor-element-4a102f84 elementor-drop-cap-yes elementor-widget__width-inherit elementor-drop-cap-view-default elementor-widget elementor-widget-text-editor\" data-id=\"4a102f84\" data-element_type=\"widget\" data-settings=\"{&quot;drop_cap&quot;:&quot;yes&quot;}\" data-widget_type=\"text-editor.default\">\n\t\t\t\t<div class=\"elementor-widget-container\">\n\t\t\t\t\t\t\t<p><b>Hist\u00f3rico<\/b><\/p><p><span style=\"font-weight: 400;\">Em 1991, a partir da estadualiza\u00e7\u00e3o da Faculdade de Engenharia Qu\u00edmica de Lorena (FAENQUIL), houve a cria\u00e7\u00e3o do Departamento B\u00e1sico (LOB), inicialmente\u00a0 voltado ao atendimento das demandas de ensino de C\u00e1lculo e F\u00edsica pertencentes ao n\u00facleo b\u00e1sico das engenharias, al\u00e9m de algumas das disciplinas profissionalizantes, como Psicologia, Direito, Portugu\u00eas, Tubula\u00e7\u00f5es Industriais, Organiza\u00e7\u00e3o Industrial e Seguran\u00e7a do Trabalho. Estas disciplinas eram parte das grades dos cursos de gradua\u00e7\u00e3o em Engenharia Qu\u00edmica, Engenharia Industrial Qu\u00edmica, Engenharia Bioqu\u00edmica e Engenharia de Materiais.<\/span><\/p><p><span style=\"font-weight: 400;\">Em maio de 2006, a FAENQUIL foi incorporada pela Universidade de S\u00e3o Paulo (USP), tornando-se a Escola de Engenharia de Lorena (EEL). Para tal incorpora\u00e7\u00e3o, houve um acordo\u00a0 estabelecido com a SCTDE, em que \u00e9 assegurada a condi\u00e7\u00e3o de continuidade dos cursos desenvolvidos pela extinta FAENQUIL\u00a0 na condi\u00e7\u00e3o de EEL\/USP (Decreto n\u00ba 50.839, de 29\/05\/2006).\u00a0<\/span><\/p><p><span style=\"font-weight: 400;\">Em 10\/07\/2021, um Termo Aditivo renovou o conv\u00eanio por mais 60 meses, \u201cassegurando a colabora\u00e7\u00e3o institucional a fim de dar continuidade e desenvolvimento dos cursos e atividades transferidas \u00e0 USP\u201d. Com este conv\u00eanio, os docentes da FAENQUIL na \u00e9poca, passaram a ministrar as aulas da EEL, assim como os servidores t\u00e9cnicos administrativos continuaram a exercer suas fun\u00e7\u00f5es.\u00a0\u00a0<\/span><\/p><p><span style=\"font-weight: 400;\">Em 2009, a partir do Departamento B\u00e1sico, foi criado o Departamento de Ci\u00eancias B\u00e1sicas e Ambientais (DEBAS), com a finalidade de continuar com a responsabilidade de administrar as disciplinas do Ciclo B\u00e1sico e implementar o curso de Engenharia Ambiental.\u00a0<\/span><\/p><p><span style=\"font-weight: 400;\">Em 2011, o Conselho Universit\u00e1rio da USP aprovou a cria\u00e7\u00e3o do curso de Engenharia Ambiental, com 40 vagas em per\u00edodo integral e dura\u00e7\u00e3o de 10 semestres. Dessa forma, al\u00e9m da responsabilidade pela grade curricular de todo o Ciclo B\u00e1sico que atende todos os cursos de engenharia da Institui\u00e7\u00e3o, os docentes passaram a ter uma nova \u00e1rea de atua\u00e7\u00e3o e a constituir grupos para desenvolver estudos e pesquisas tamb\u00e9m na \u00e1rea ambiental. Em 2012 o curso entrou em funcionamento, assim como os cursos de Engenharia de Produ\u00e7\u00e3o e de Engenharia F\u00edsica, os quais n\u00e3o est\u00e3o lotados no DEBAS, mas tem em seu ciclo b\u00e1sico as disciplinas do departamento.<\/span><\/p><p><b>Caracter\u00edsticas<\/b><\/p><p><span style=\"font-weight: 400;\">O DEBAS \u00e9 um departamento de caracter\u00edstica interdisciplinar, com professores de diferentes especialidades e pesquisa nas mais diversas \u00e1reas do saber, articulando-se por meio das ci\u00eancias exatas, humanas e biol\u00f3gicas, a fim de resolver problemas complexos nas diferentes \u00e1reas do conhecimento.\u00a0<\/span><\/p><p><span style=\"font-weight: 400;\">Possui um Regimento Interno, estabelecido na Portaria 28\/2010 da EEL, na qual se designa como \u00d3rg\u00e3os Competentes do\u00a0 Departamento o Conselho do Departamento (CD) e a Chefia do Departamento. As compet\u00eancias dos \u00f3rg\u00e3os da administra\u00e7\u00e3o do Departamento s\u00e3o determinadas no Estatuto e no Regimento Geral da Universidade de S\u00e3o Paulo, complementadas pelo Regimento\u00a0 da EEL.\u00a0<\/span><\/p><p><span style=\"font-weight: 400;\">Por abrigar o Curso de Gradua\u00e7\u00e3o em Engenharia Ambiental, possui tamb\u00e9m docentes atuantes em ensino, pesquisa e extens\u00e3o em Ci\u00eancias Ambientais, que se unem \u00e0s Ci\u00eancias B\u00e1sicas para impactar positivamente na busca do Desenvolvimento Sustent\u00e1vel do planeta.<\/span><\/p><p><span style=\"font-weight: 400;\">A interdisciplinaridade em Ci\u00eancias B\u00e1sicas e o comprometimento com uma Engenharia Ambiental \u00e9tica e segura s\u00e3o os pontos fortes do departamento, que tem o maior n\u00famero de docentes entre os departamentos da EEL.<\/span><\/p><p><span style=\"font-weight: 400;\">Tamb\u00e9m \u00e9 considerado um ponto forte o atendimento a todos os departamentos da EEL, al\u00e9m da intera\u00e7\u00e3o com todos os egressos que cursam engenharia, tanto nos cursos lotados na \u00c1rea I quanto na \u00c1rea II. Esta intera\u00e7\u00e3o \u00e9 percebida n\u00e3o s\u00f3 no ensino, mas em todas as a\u00e7\u00f5es desenvolvidas na EEL, como a pesquisa, a extens\u00e3o e a gest\u00e3o administrativa na institui\u00e7\u00e3o.\u00a0<\/span><\/p>\t\t\t\t\t\t<\/div>\n\t\t\t\t<\/div>\n\t\t\t\t\t<\/div>\n\t\t<\/div>\n\t\t\t\t\t<\/div>\n\t\t<\/section>\n\t\t\t\t<\/div>\n\t\t","protected":false},"excerpt":{"rendered":"<p>Hist\u00f3rico Em 1991, a partir da estadualiza\u00e7\u00e3o da Faculdade de Engenharia Qu\u00edmica de Lorena (FAENQUIL), houve a cria\u00e7\u00e3o do Departamento [&hellip;]<\/p>\n","protected":false},"author":1192,"featured_media":0,"parent":0,"menu_order":0,"comment_status":"closed","ping_status":"closed","template":"","meta":{"footnotes":"","_links_to":"","_links_to_target":""},"class_list":["post-817","page","type-page","status-publish","hentry"],"_links":{"self":[{"href":"https:\/\/sites.usp.br\/debas\/wp-json\/wp\/v2\/pages\/817","targetHints":{"allow":["GET"]}}],"collection":[{"href":"https:\/\/sites.usp.br\/debas\/wp-json\/wp\/v2\/pages"}],"about":[{"href":"https:\/\/sites.usp.br\/debas\/wp-json\/wp\/v2\/types\/page"}],"author":[{"embeddable":true,"href":"https:\/\/sites.usp.br\/debas\/wp-json\/wp\/v2\/users\/1192"}],"replies":[{"embeddable":true,"href":"https:\/\/sites.usp.br\/debas\/wp-json\/wp\/v2\/comments?post=817"}],"version-history":[{"count":4,"href":"https:\/\/sites.usp.br\/debas\/wp-json\/wp\/v2\/pages\/817\/revisions"}],"predecessor-version":[{"id":1609,"href":"https:\/\/sites.usp.br\/debas\/wp-json\/wp\/v2\/pages\/817\/revisions\/1609"}],"wp:attachment":[{"href":"https:\/\/sites.usp.br\/debas\/wp-json\/wp\/v2\/media?parent=817"}],"curies":[{"name":"wp","href":"https:\/\/api.w.org\/{rel}","templated":true}]}}