{"id":10,"date":"2014-03-14T12:27:08","date_gmt":"2014-03-14T12:27:08","guid":{"rendered":"http:\/\/sites.usp.brcaeco\/?page_id=10"},"modified":"2020-08-25T19:41:02","modified_gmt":"2020-08-25T22:41:02","slug":"princiapaisprojetos","status":"publish","type":"page","link":"https:\/\/sites.usp.br\/dempsterlab\/princiapaisprojetos\/","title":{"rendered":"Principais Projetos"},"content":{"rendered":"<p>O laborat\u00f3rio Dempster desenvolve pesquisa na \u00e1rea de meio ambiente, biotecnologia e cl\u00ednica. Os principais projetos de pesquisa s\u00e3o:<\/p>\n<p><br style=\"font-variant-ligatures: normal; font-variant-caps: normal; orphans: 2; text-align: start; widows: 2; -webkit-text-stroke-width: 0px; text-decoration-style: initial; text-decoration-color: initial; word-spacing: 0px;\" \/><span style=\"font-variant-ligatures: normal; font-variant-caps: normal; orphans: 2; text-align: start; widows: 2; -webkit-text-stroke-width: 0px; text-decoration-style: initial; text-decoration-color: initial; float: none; word-spacing: 0px;\">\u2013 1. INCT-CEPEMA;<\/span><br style=\"font-variant-ligatures: normal; font-variant-caps: normal; orphans: 2; text-align: start; widows: 2; -webkit-text-stroke-width: 0px; text-decoration-style: initial; text-decoration-color: initial; word-spacing: 0px;\" \/><span style=\"font-variant-ligatures: normal; font-variant-caps: normal; orphans: 2; text-align: start; widows: 2; -webkit-text-stroke-width: 0px; text-decoration-style: initial; text-decoration-color: initial; float: none; word-spacing: 0px;\">\u2013 2. Recupera\u00e7\u00e3o de \u00e1reas degradadas contaminadas com metais \u2013 VALE-BNDES-DEQUSP;<\/span><br style=\"font-variant-ligatures: normal; font-variant-caps: normal; orphans: 2; text-align: start; widows: 2; -webkit-text-stroke-width: 0px; text-decoration-style: initial; text-decoration-color: initial; word-spacing: 0px;\" \/><span style=\"font-variant-ligatures: normal; font-variant-caps: normal; orphans: 2; text-align: start; widows: 2; -webkit-text-stroke-width: 0px; text-decoration-style: initial; text-decoration-color: initial; float: none; word-spacing: 0px;\">\u2013 3. Projeto Tem\u00e1tico FAPESP: CEPEMA \u2013 Centro Cooperativo em Engenharia Ambiental.<\/span><\/p>\n<p>Entre as linhas de pesquisa que o grupo tem atuado est\u00e3o:<\/p>\n<p style=\"text-align: justify;\">&#8211; Estudos prote\u00f4micos em microorganismos (fungos, bacterias e microalgas) visando identificar biomarcadores ambientais bem como auxiliar na busca por processos bioremediadores de ambientes contaminados com metais pesados, por exemplo, que sejam de baixo custo, economicamente vi\u00e1veis e ecologicamente corretos.<\/p>\n<p style=\"text-align: justify;\">&#8211; Identifica\u00e7\u00e3o de poss\u00edveis metab\u00f3litos como biomarcadores visando contribuir para o entendimento da maior incid\u00eancia, precoce e severa, de doen\u00e7a periodontal em pacientes com S\u00edndrome de Down.<\/p>\n<p style=\"text-align: justify;\">&#8211; <span style=\"font-size: 11.5pt;\">Identifica\u00e7\u00e3o e interpreta\u00e7\u00e3o da fun\u00e7\u00e3o de metab\u00f3litos salivares e de urina de pacientes com Doen\u00e7a Renal Cr\u00f4nica e sua poss\u00edvel associa\u00e7\u00e3o com a doen\u00e7a periodontal.<\/span><\/p>\n<p style=\"text-align: justify;\"><span style=\"font-size: 11.5pt;\">&#8211; <\/span>E<span style=\"font-size: 11.5pt;\">studo da <\/span>influ\u00eancia de diferentes fases de cultivo de microalgas bem como de diferentes par\u00e2metros de an\u00e1lise de MALDI-TOF-MS visando o desenvolvimento de uma biblioteca de banco de dados contendo o perfil de prote\u00ednas deses microorganismos, com o objeitvo de uma posterior r\u00e1pida identifica\u00e7\u00e3o por compara\u00e7\u00e3o com os padr\u00f5es armazenados em bancos de dados (fingerprint).<\/p>\n<p><\/p>","protected":false},"excerpt":{"rendered":"<p>O laborat\u00f3rio Dempster desenvolve pesquisa na \u00e1rea de meio ambiente, biotecnologia e cl\u00ednica. Os principais projetos de pesquisa s\u00e3o: \u2013 1. INCT-CEPEMA;\u2013 2. Recupera\u00e7\u00e3o de \u00e1reas degradadas contaminadas com metais \u2013 VALE-BNDES-DEQUSP;\u2013 3. Projeto Tem\u00e1tico FAPESP: CEPEMA \u2013 Centro Cooperativo em Engenharia Ambiental. Entre as linhas de pesquisa que o grupo tem atuado est\u00e3o: &#8211; Estudos prote\u00f4micos em microorganismos (fungos, bacterias e microalgas) visando identificar biomarcadores ambientais bem como auxiliar na busca por processos bioremediadores de ambientes contaminados com metais pesados, por exemplo, que sejam de baixo custo, economicamente vi\u00e1veis e ecologicamente corretos. &#8211; Identifica\u00e7\u00e3o de poss\u00edveis metab\u00f3litos como biomarcadores visando contribuir para o entendimento da maior incid\u00eancia, precoce e severa, de doen\u00e7a periodontal em pacientes com S\u00edndrome de Down. &#8211; Identifica\u00e7\u00e3o e interpreta\u00e7\u00e3o da fun\u00e7\u00e3o de metab\u00f3litos salivares e de urina de pacientes com Doen\u00e7a Renal Cr\u00f4nica e sua poss\u00edvel associa\u00e7\u00e3o com a doen\u00e7a periodontal. &#8211; Estudo da influ\u00eancia de diferentes fases de cultivo de microalgas bem como de diferentes par\u00e2metros de an\u00e1lise de MALDI-TOF-MS visando o desenvolvimento de uma biblioteca de banco de dados contendo o perfil de prote\u00ednas deses microorganismos, com o objeitvo de uma posterior r\u00e1pida identifica\u00e7\u00e3o por compara\u00e7\u00e3o com os padr\u00f5es armazenados em bancos de [&#8230;]<\/p>\n","protected":false},"author":23,"featured_media":0,"parent":0,"menu_order":0,"comment_status":"closed","ping_status":"closed","template":"","meta":{"footnotes":"","_links_to":"","_links_to_target":""},"class_list":["post-10","page","type-page","status-publish","hentry"],"_links":{"self":[{"href":"https:\/\/sites.usp.br\/dempsterlab\/wp-json\/wp\/v2\/pages\/10","targetHints":{"allow":["GET"]}}],"collection":[{"href":"https:\/\/sites.usp.br\/dempsterlab\/wp-json\/wp\/v2\/pages"}],"about":[{"href":"https:\/\/sites.usp.br\/dempsterlab\/wp-json\/wp\/v2\/types\/page"}],"author":[{"embeddable":true,"href":"https:\/\/sites.usp.br\/dempsterlab\/wp-json\/wp\/v2\/users\/23"}],"replies":[{"embeddable":true,"href":"https:\/\/sites.usp.br\/dempsterlab\/wp-json\/wp\/v2\/comments?post=10"}],"version-history":[{"count":5,"href":"https:\/\/sites.usp.br\/dempsterlab\/wp-json\/wp\/v2\/pages\/10\/revisions"}],"predecessor-version":[{"id":619,"href":"https:\/\/sites.usp.br\/dempsterlab\/wp-json\/wp\/v2\/pages\/10\/revisions\/619"}],"wp:attachment":[{"href":"https:\/\/sites.usp.br\/dempsterlab\/wp-json\/wp\/v2\/media?parent=10"}],"curies":[{"name":"wp","href":"https:\/\/api.w.org\/{rel}","templated":true}]}}