{"id":177,"date":"2014-05-13T12:40:10","date_gmt":"2014-05-13T15:40:10","guid":{"rendered":"http:\/\/sites.usp.brpadrao2\/?page_id=177"},"modified":"2020-08-25T18:26:07","modified_gmt":"2020-08-25T21:26:07","slug":"ibe","status":"publish","type":"page","link":"https:\/\/sites.usp.br\/dempsterlab\/ibe\/","title":{"rendered":"MALDI-TOF-TOF"},"content":{"rendered":"<p><a href=\"http:\/\/sites.usp.br\/dempsterlab\/wp-content\/uploads\/sites\/182\/2016\/10\/MALDI-TOF-TOF.png\"><img loading=\"lazy\" decoding=\"async\" class=\"size-thumbnail wp-image-426 alignleft\" src=\"http:\/\/sites.usp.br\/dempsterlab\/wp-content\/uploads\/sites\/182\/2016\/10\/MALDI-TOF-TOF-150x150.png\" alt=\"MALDI-TOF-TOF\" width=\"150\" height=\"150\" srcset=\"https:\/\/sites.usp.br\/dempsterlab\/wp-content\/uploads\/sites\/182\/2016\/10\/MALDI-TOF-TOF-150x150.png 150w, https:\/\/sites.usp.br\/dempsterlab\/wp-content\/uploads\/sites\/182\/2016\/10\/MALDI-TOF-TOF-45x45.png 45w, https:\/\/sites.usp.br\/dempsterlab\/wp-content\/uploads\/sites\/182\/2016\/10\/MALDI-TOF-TOF-200x200.png 200w\" sizes=\"auto, (max-width: 150px) 100vw, 150px\" \/><\/a><\/p>\n<p>&nbsp;<\/p>\n<p><span style=\"color: #333333;\"><a style=\"color: #333333;\" href=\"http:\/\/sites.usp.br\/dempsterlab\/wp-content\/uploads\/sites\/182\/2016\/10\/MALDI-TOF-TOF.png\">Equipamento: MALDI TOF TOF<br \/>\nMarca: Bruker Daltonics<br \/>\nModelo: UltrafleXtreme<\/a><\/span><\/p>\n<p>&nbsp;<\/p>\n<p><strong>MALDI\u00a0 TOF TOF \u2013 Ioniza\u00e7\u00e3o por Dessor\u00e7\u00e3o a Laser Assistida por Matriz com analisador por tempo de voo<\/strong> (do ingl\u00eas <em>Matrix-Assisted Laser Desorption\/Ionization &#8211; Time of Flight Mass Spectrometry<\/em>) \u2013 trata-se de um espectr\u00f4metro de massas de sequencial, com fonte de ioniza\u00e7\u00e3o do tipo MALDI (ioniza\u00e7\u00e3o a laser assistida por matriz) com dois analisadores de massa do tipo TOF (tempo de voo). O equipamento possibilita a ioniza\u00e7\u00e3o de macromol\u00e9culas biol\u00f3gicas, que geralmente s\u00e3o dif\u00edceis de serem ionizadas.<\/p>\n<p>O equipamento \u00e9 utilizado em nosso grupo de pesquisa e colaboradores para:<br \/>\n&#8211; Identifica\u00e7\u00e3o de microrganismos atrav\u00e9s da t\u00e9cnica MALDI Biotyper (biotyper software adquirido pelo laborat\u00f3rio);<br \/>\n&#8211; An\u00e1lise Prote\u00f4mica atrav\u00e9s de fingerprint de prote\u00ednas separadas por Gel de eletroforese;<br \/>\n&#8211; An\u00e1lise de pol\u00edmeros e sequenciamento de pept\u00eddeos entre outros compostos org\u00e2nicos.<\/p>\n<p>&nbsp;<\/p>\n<p><a href=\"https:\/\/sites.usp.br\/dempsterlab\/wp-content\/uploads\/sites\/182\/2020\/08\/QTOF.jpg\"><img loading=\"lazy\" decoding=\"async\" class=\"size-thumbnail wp-image-612 alignleft\" src=\"https:\/\/sites.usp.br\/dempsterlab\/wp-content\/uploads\/sites\/182\/2020\/08\/QTOF-150x150.jpg\" alt=\"\" width=\"150\" height=\"150\" srcset=\"https:\/\/sites.usp.br\/dempsterlab\/wp-content\/uploads\/sites\/182\/2020\/08\/QTOF-150x150.jpg 150w, https:\/\/sites.usp.br\/dempsterlab\/wp-content\/uploads\/sites\/182\/2020\/08\/QTOF.jpg 300w, https:\/\/sites.usp.br\/dempsterlab\/wp-content\/uploads\/sites\/182\/2020\/08\/QTOF-45x45.jpg 45w, https:\/\/sites.usp.br\/dempsterlab\/wp-content\/uploads\/sites\/182\/2020\/08\/QTOF-200x200.jpg 200w\" sizes=\"auto, (max-width: 150px) 100vw, 150px\" \/><\/a><\/p>\n<p>&nbsp;<\/p>\n<p><span style=\"color: #333333;\"><a style=\"color: #333333;\" href=\"http:\/\/sites.usp.br\/dempsterlab\/wp-content\/uploads\/sites\/182\/2016\/10\/MALDI-TOF-TOF.png\">Equipamento: QTOF<br \/>\nMarca: Bruker Daltonics<br \/>\nModelo: Impact II<\/a><\/span><\/p>\n<p>&nbsp;<\/p>\n<p><strong>QTOF \u2013 <\/strong><span lang=\"en\">Espectr\u00f4metro de massas Impact II is UHR-QqTOF (do ingl\u00eas <em>Ultra-high resolution Q-TOF \u2013 Time of Flight<\/em>). Alta performance anal\u00edtica para diversas aplcia\u00e7\u00f5es como pesquisa em biomarcadores, identifica\u00e7\u00e3o de impurezas, identification of impurities, entre outras.<\/span><\/p>\n<p>O equipamento \u00e9 utilizado em nosso grupo de pesquisa e colaboradores para:<br \/>\n&#8211; An\u00e1lise prote\u00f4mica<br \/>\n&#8211; Identifica\u00e7\u00e3o de biomarcadores em amostras de origem ambiental ou cl\u00ednica.<br \/>\n&#8211; An\u00e1lises de compostos desconhecidos em matrizes complexas.<\/p>\n<p><strong>Site do equipamento<\/strong>: https:\/\/www.bruker.com\/products\/mass-spectrometry-and-separations\/lc-ms\/o-tof\/impact-ii.html<\/p>\n<p>&nbsp;<\/p>\n<p>&nbsp;<\/p>\n<p><strong>Localiza\u00e7\u00e3o do Equipamento<\/strong>: Todos os equipamentos est\u00e3o localizados no Dempster Mass Lab<\/p>\n<p><strong>Respons\u00e1vel<\/strong>: Dra Maria Anita Mendes<\/p>\n<p><strong>Agendamento: <\/strong>e-mail: dempsterlab@gmail.com<\/p>\n<p><strong>Disponibilidade: <\/strong>De segunda \u00e0 sexta-feira (exceto feriados), das 08 \u00e0s 16h, conforme pr\u00e9vio agendamento.<\/p>","protected":false},"excerpt":{"rendered":"<p>&nbsp; Equipamento: MALDI TOF TOF Marca: Bruker Daltonics Modelo: UltrafleXtreme &nbsp; MALDI\u00a0 TOF TOF \u2013 Ioniza\u00e7\u00e3o por Dessor\u00e7\u00e3o a Laser Assistida por Matriz com analisador por tempo de voo (do ingl\u00eas Matrix-Assisted Laser Desorption\/Ionization &#8211; Time of Flight Mass Spectrometry) \u2013 trata-se de um espectr\u00f4metro de massas de sequencial, com fonte de ioniza\u00e7\u00e3o do tipo MALDI (ioniza\u00e7\u00e3o a laser assistida por matriz) com dois analisadores de massa do tipo TOF (tempo de voo). O equipamento possibilita a ioniza\u00e7\u00e3o de macromol\u00e9culas biol\u00f3gicas, que geralmente s\u00e3o dif\u00edceis de serem ionizadas. O equipamento \u00e9 utilizado em nosso grupo de pesquisa e colaboradores para: &#8211; Identifica\u00e7\u00e3o de microrganismos atrav\u00e9s da t\u00e9cnica MALDI Biotyper (biotyper software adquirido pelo laborat\u00f3rio); &#8211; An\u00e1lise Prote\u00f4mica atrav\u00e9s de fingerprint de prote\u00ednas separadas por Gel de eletroforese; &#8211; An\u00e1lise de pol\u00edmeros e sequenciamento de pept\u00eddeos entre outros compostos org\u00e2nicos. &nbsp; &nbsp; Equipamento: QTOF Marca: Bruker Daltonics Modelo: Impact II &nbsp; QTOF \u2013 Espectr\u00f4metro de massas Impact II is UHR-QqTOF (do ingl\u00eas Ultra-high resolution Q-TOF \u2013 Time of Flight). Alta performance anal\u00edtica para diversas aplcia\u00e7\u00f5es como pesquisa em biomarcadores, identifica\u00e7\u00e3o de impurezas, identification of impurities, entre outras. O equipamento \u00e9 utilizado em nosso grupo de pesquisa e colaboradores para: &#8211; An\u00e1lise [&#8230;]<\/p>\n","protected":false},"author":1,"featured_media":0,"parent":0,"menu_order":0,"comment_status":"closed","ping_status":"closed","template":"","meta":{"footnotes":"","_links_to":"","_links_to_target":""},"class_list":["post-177","page","type-page","status-publish","hentry"],"_links":{"self":[{"href":"https:\/\/sites.usp.br\/dempsterlab\/wp-json\/wp\/v2\/pages\/177","targetHints":{"allow":["GET"]}}],"collection":[{"href":"https:\/\/sites.usp.br\/dempsterlab\/wp-json\/wp\/v2\/pages"}],"about":[{"href":"https:\/\/sites.usp.br\/dempsterlab\/wp-json\/wp\/v2\/types\/page"}],"author":[{"embeddable":true,"href":"https:\/\/sites.usp.br\/dempsterlab\/wp-json\/wp\/v2\/users\/1"}],"replies":[{"embeddable":true,"href":"https:\/\/sites.usp.br\/dempsterlab\/wp-json\/wp\/v2\/comments?post=177"}],"version-history":[{"count":4,"href":"https:\/\/sites.usp.br\/dempsterlab\/wp-json\/wp\/v2\/pages\/177\/revisions"}],"predecessor-version":[{"id":613,"href":"https:\/\/sites.usp.br\/dempsterlab\/wp-json\/wp\/v2\/pages\/177\/revisions\/613"}],"wp:attachment":[{"href":"https:\/\/sites.usp.br\/dempsterlab\/wp-json\/wp\/v2\/media?parent=177"}],"curies":[{"name":"wp","href":"https:\/\/api.w.org\/{rel}","templated":true}]}}