{"id":193,"date":"2014-04-23T11:34:25","date_gmt":"2014-04-23T14:34:25","guid":{"rendered":"http:\/\/sites.usp.brprp\/?page_id=89"},"modified":"2020-08-27T13:30:55","modified_gmt":"2020-08-27T15:30:55","slug":"institucional","status":"publish","type":"page","link":"https:\/\/sites.usp.br\/devfmrp\/institucional\/","title":{"rendered":"Institucional"},"content":{"rendered":"<div class=\"su-youtube su-u-responsive-media-yes\"><iframe width=\"600\" height=\"400\" src=\"https:\/\/www.youtube.com\/embed\/GorK7CtzIR0?\" frameborder=\"0\" allowfullscreen allow=\"autoplay; encrypted-media; picture-in-picture\" title=\"\"><\/iframe><\/div>\n<ul class=\"su-subpages\"><li class=\"page_item page-item-3831\"><a href=\"https:\/\/sites.usp.br\/devfmrp\/institucional\/ouvidoria\/\">Ouvidoria<\/a><\/li>\n<li class=\"page_item page-item-309\"><a href=\"https:\/\/sites.usp.br\/devfmrp\/institucional\/historia\/\">Hist\u00f3ria<\/a><\/li>\n<li class=\"page_item page-item-310\"><a href=\"https:\/\/sites.usp.br\/devfmrp\/institucional\/missao-visao-e-valores\/\">Miss\u00e3o, Vis\u00e3o, Valores<\/a><\/li>\n<li class=\"page_item page-item-311\"><a href=\"https:\/\/sites.usp.br\/devfmrp\/institucional\/regimentos\/\">Regimentos<\/a><\/li>\n<li class=\"page_item page-item-1222\"><a href=\"https:\/\/sites.usp.br\/devfmrp\/institucional\/simbolos\/\">S\u00edmbolos<\/a><\/li>\n<li class=\"page_item page-item-312 page_item_has_children\"><a href=\"https:\/\/sites.usp.br\/devfmrp\/institucional\/estrutura-administrativa\/\">Estrutura Administrativa<\/a>\n<ul class='children'>\n\t<li class=\"page_item page-item-710 page_item_has_children\"><a href=\"https:\/\/sites.usp.br\/devfmrp\/institucional\/estrutura-administrativa\/organograma\/\">Organograma<\/a>\n\t<ul class='children'>\n\t\t<li class=\"page_item page-item-714 page_item_has_children\"><a href=\"https:\/\/sites.usp.br\/devfmrp\/institucional\/estrutura-administrativa\/organograma\/diretoria\/\">Diretoria<\/a>\n\t\t<ul class='children'>\n\t\t\t<li class=\"page_item page-item-718\"><a href=\"https:\/\/sites.usp.br\/devfmrp\/institucional\/estrutura-administrativa\/organograma\/diretoria\/cse-cuiaba\/\">Centro de Sa\u00fade Escola &#8211; CSE Cuiab\u00e1<\/a><\/li>\n\t\t\t<li class=\"page_item page-item-722 page_item_has_children\"><a href=\"https:\/\/sites.usp.br\/devfmrp\/institucional\/estrutura-administrativa\/organograma\/diretoria\/assistencia-tecnica-academica\/\">Assist\u00eancia T\u00e9cnica Acad\u00eamica<\/a>\n\t\t\t<ul class='children'>\n\t\t\t\t<li class=\"page_item page-item-733 page_item_has_children\"><a href=\"https:\/\/sites.usp.br\/devfmrp\/institucional\/estrutura-administrativa\/organograma\/diretoria\/assistencia-tecnica-academica\/servico-de-assistencia-aos-colegiados\/\">Servi\u00e7o de Assist\u00eancia aos Colegiados<\/a>\n\t\t\t\t<ul class='children'>\n\t\t\t\t\t<li class=\"page_item page-item-739 page_item_has_children\"><a href=\"https:\/\/sites.usp.br\/devfmrp\/institucional\/estrutura-administrativa\/organograma\/diretoria\/assistencia-tecnica-academica\/servico-de-assistencia-aos-colegiados\/secao-de-concursos\/\">Se\u00e7\u00e3o de Concursos<\/a>\n\t\t\t\t\t<ul class='children'>\n\t\t\t\t\t\t<li class=\"page_item page-item-735\"><a href=\"https:\/\/sites.usp.br\/devfmrp\/institucional\/estrutura-administrativa\/organograma\/diretoria\/assistencia-tecnica-academica\/servico-de-assistencia-aos-colegiados\/secao-de-concursos\/secao-de-secretaria-aos-colegiados\/\">Se\u00e7\u00e3o de Secretaria aos Colegiados<\/a><\/li>\n\t\t\t\t\t<\/ul>\n<\/li>\n\t\t\t\t<\/ul>\n<\/li>\n\t\t\t\t<li class=\"page_item page-item-737\"><a href=\"https:\/\/sites.usp.br\/devfmrp\/institucional\/estrutura-administrativa\/organograma\/diretoria\/assistencia-tecnica-academica\/secao-de-apoio-academico\/\">Se\u00e7\u00e3o de Apoio Acad\u00eamico<\/a><\/li>\n\t\t\t\t<li class=\"page_item page-item-741\"><a href=\"https:\/\/sites.usp.br\/devfmrp\/institucional\/estrutura-administrativa\/organograma\/diretoria\/assistencia-tecnica-academica\/servico-de-pesquisa-cultura-e-extensao\/\">Servi\u00e7o de Pesquisa, Cultura e Extens\u00e3o<\/a><\/li>\n\t\t\t\t<li class=\"page_item page-item-747 page_item_has_children\"><a href=\"https:\/\/sites.usp.br\/devfmrp\/institucional\/estrutura-administrativa\/organograma\/diretoria\/assistencia-tecnica-academica\/servico-de-graduacao\/\">Servi\u00e7o de Gradua\u00e7\u00e3o<\/a>\n\t\t\t\t<ul class='children'>\n\t\t\t\t\t<li class=\"page_item page-item-749\"><a href=\"https:\/\/sites.usp.br\/devfmrp\/institucional\/estrutura-administrativa\/organograma\/diretoria\/assistencia-tecnica-academica\/servico-de-graduacao\/secao-de-alunos-e-cursos\/\">Se\u00e7\u00e3o de Alunos e Cursos<\/a><\/li>\n\t\t\t\t<\/ul>\n<\/li>\n\t\t\t\t<li class=\"page_item page-item-751 page_item_has_children\"><a href=\"https:\/\/sites.usp.br\/devfmrp\/institucional\/estrutura-administrativa\/organograma\/diretoria\/assistencia-tecnica-academica\/servico-de-pos-graduacao\/\">Servi\u00e7o de P\u00f3s-gradua\u00e7\u00e3o<\/a>\n\t\t\t\t<ul class='children'>\n\t\t\t\t\t<li class=\"page_item page-item-753\"><a href=\"https:\/\/sites.usp.br\/devfmrp\/institucional\/estrutura-administrativa\/organograma\/diretoria\/assistencia-tecnica-academica\/servico-de-pos-graduacao\/secao-de-apoio-aos-pos-graduandos\/\">Se\u00e7\u00e3o de Apoio aos P\u00f3s-graduandos<\/a><\/li>\n\t\t\t\t<\/ul>\n<\/li>\n\t\t\t<\/ul>\n<\/li>\n\t\t\t<li class=\"page_item page-item-870 page_item_has_children\"><a href=\"https:\/\/sites.usp.br\/devfmrp\/institucional\/estrutura-administrativa\/organograma\/diretoria\/assistencia-tecnica-administrativa\/\">Assist\u00eancia T\u00e9cnica Administrativa<\/a>\n\t\t\t<ul class='children'>\n\t\t\t\t<li class=\"page_item page-item-872\"><a href=\"https:\/\/sites.usp.br\/devfmrp\/institucional\/estrutura-administrativa\/organograma\/diretoria\/assistencia-tecnica-administrativa\/secao-de-expediente\/\">Se\u00e7\u00e3o de Expediente<\/a><\/li>\n\t\t\t\t<li class=\"page_item page-item-877\"><a href=\"https:\/\/sites.usp.br\/devfmrp\/institucional\/estrutura-administrativa\/organograma\/diretoria\/assistencia-tecnica-administrativa\/servicos-gerais\/\">Servi\u00e7os Gerais<\/a><\/li>\n\t\t\t\t<li class=\"page_item page-item-879\"><a href=\"https:\/\/sites.usp.br\/devfmrp\/institucional\/estrutura-administrativa\/organograma\/diretoria\/assistencia-tecnica-administrativa\/secao-de-veiculos\/\">Se\u00e7\u00e3o de Ve\u00edculos<\/a><\/li>\n\t\t\t\t<li class=\"page_item page-item-881\"><a href=\"https:\/\/sites.usp.br\/devfmrp\/institucional\/estrutura-administrativa\/organograma\/diretoria\/assistencia-tecnica-administrativa\/documentacao-cientifica\/\">Documenta\u00e7\u00e3o Cient\u00edfica<\/a><\/li>\n\t\t\t<\/ul>\n<\/li>\n\t\t\t<li class=\"page_item page-item-883 page_item_has_children\"><a href=\"https:\/\/sites.usp.br\/devfmrp\/institucional\/estrutura-administrativa\/organograma\/diretoria\/assistencia-tecnica-financeira\/\">Assist\u00eancia T\u00e9cnica Financeira<\/a>\n\t\t\t<ul class='children'>\n\t\t\t\t<li class=\"page_item page-item-4122\"><a href=\"https:\/\/sites.usp.br\/devfmrp\/institucional\/estrutura-administrativa\/organograma\/diretoria\/assistencia-tecnica-financeira\/centro-de-gerenciamento-de-projetos\/\">Centro de Gerenciamento de Projetos<\/a><\/li>\n\t\t\t\t<li class=\"page_item page-item-892\"><a href=\"https:\/\/sites.usp.br\/devfmrp\/institucional\/estrutura-administrativa\/organograma\/diretoria\/assistencia-tecnica-financeira\/secao-de-compras-e-importacao\/\">Servi\u00e7o de Compras e Importa\u00e7\u00e3o<\/a><\/li>\n\t\t\t\t<li class=\"page_item page-item-894\"><a href=\"https:\/\/sites.usp.br\/devfmrp\/institucional\/estrutura-administrativa\/organograma\/diretoria\/assistencia-tecnica-financeira\/secao-de-contabilidade\/\">Se\u00e7\u00e3o de Contabilidade<\/a><\/li>\n\t\t\t\t<li class=\"page_item page-item-896\"><a href=\"https:\/\/sites.usp.br\/devfmrp\/institucional\/estrutura-administrativa\/organograma\/diretoria\/assistencia-tecnica-financeira\/secao-de-convenios\/\">Se\u00e7\u00e3o de Conv\u00eanios<\/a><\/li>\n\t\t\t\t<li class=\"page_item page-item-898\"><a href=\"https:\/\/sites.usp.br\/devfmrp\/institucional\/estrutura-administrativa\/organograma\/diretoria\/assistencia-tecnica-financeira\/secao-de-materiais\/\">Se\u00e7\u00e3o de Material<\/a><\/li>\n\t\t\t\t<li class=\"page_item page-item-900\"><a href=\"https:\/\/sites.usp.br\/devfmrp\/institucional\/estrutura-administrativa\/organograma\/diretoria\/assistencia-tecnica-financeira\/secao-de-tesouraria\/\">Se\u00e7\u00e3o de Tesouraria<\/a><\/li>\n\t\t\t<\/ul>\n<\/li>\n\t\t\t<li class=\"page_item page-item-902\"><a href=\"https:\/\/sites.usp.br\/devfmrp\/institucional\/estrutura-administrativa\/organograma\/diretoria\/secao-tecnica-de-informatica\/\">Se\u00e7\u00e3o T\u00e9cnica de Inform\u00e1tica<\/a><\/li>\n\t\t<\/ul>\n<\/li>\n\t<\/ul>\n<\/li>\n\t<li class=\"page_item page-item-914\"><a href=\"https:\/\/sites.usp.br\/devfmrp\/institucional\/estrutura-administrativa\/bioterio\/\">Biot\u00e9rio<\/a><\/li>\n\t<li class=\"page_item page-item-918 page_item_has_children\"><a href=\"https:\/\/sites.usp.br\/devfmrp\/institucional\/estrutura-administrativa\/centros-de-apoio\/\">Centros e Comiss\u00f5es de Apoio<\/a>\n\t<ul class='children'>\n\t\t<li class=\"page_item page-item-922\"><a href=\"https:\/\/sites.usp.br\/devfmrp\/institucional\/estrutura-administrativa\/centros-de-apoio\/centro-de-avaliacao-em-ensino-de-graduacao-caeg\/\">Centro de Avalia\u00e7\u00e3o em Ensino de Gradua\u00e7\u00e3o \u2013 CAEG<\/a><\/li>\n\t\t<li class=\"page_item page-item-924\"><a href=\"https:\/\/sites.usp.br\/devfmrp\/institucional\/estrutura-administrativa\/centros-de-apoio\/centro-de-atencao-primaria-cap\/\">Centro de Aten\u00e7\u00e3o Prim\u00e1ria &#8211; CAP<\/a><\/li>\n\t\t<li class=\"page_item page-item-928\"><a href=\"https:\/\/sites.usp.br\/devfmrp\/institucional\/estrutura-administrativa\/centros-de-apoio\/centro-de-ciencias-das-imagens-e-fisica-medica-ccifm\/\">Centro de Ci\u00eancias das Imagens e F\u00edsica M\u00e9dica \u2013 CCIFM<\/a><\/li>\n\t\t<li class=\"page_item page-item-930\"><a href=\"https:\/\/sites.usp.br\/devfmrp\/institucional\/estrutura-administrativa\/centros-de-apoio\/centro-de-medicina-legal-cemel\/\">Centro de Medicina Legal \u2013 CEMEL<\/a><\/li>\n\t\t<li class=\"page_item page-item-932\"><a href=\"https:\/\/sites.usp.br\/devfmrp\/institucional\/estrutura-administrativa\/centros-de-apoio\/centro-de-metodos-quantitativos-cemeq\/\">Centro de M\u00e9todos Quantitativos \u2013 CEMEQ<\/a><\/li>\n\t\t<li class=\"page_item page-item-934\"><a href=\"https:\/\/sites.usp.br\/devfmrp\/institucional\/estrutura-administrativa\/centros-de-apoio\/centro-de-oncologia-ceonco\/\">Centro de Oncologia \u2013 CEONCO<\/a><\/li>\n\t\t<li class=\"page_item page-item-936\"><a href=\"https:\/\/sites.usp.br\/devfmrp\/institucional\/estrutura-administrativa\/centros-de-apoio\/centro-de-pesquisa-em-virologia\/\">Centro de Pesquisa em Virologia<\/a><\/li>\n\t<\/ul>\n<\/li>\n\t<li class=\"page_item page-item-916\"><a href=\"https:\/\/sites.usp.br\/devfmrp\/institucional\/estrutura-administrativa\/laboratorio-de-simulacao-labsim\/\">Laborat\u00f3rio de Simula\u00e7\u00e3o &#8211; LabSim<\/a><\/li>\n<\/ul>\n<\/li>\n<li class=\"page_item page-item-313 page_item_has_children\"><a href=\"https:\/\/sites.usp.br\/devfmrp\/institucional\/colegiados-e-comissoes\/\">Colegiados e Comiss\u00f5es<\/a>\n<ul class='children'>\n\t<li class=\"page_item page-item-1519 page_item_has_children\"><a href=\"https:\/\/sites.usp.br\/devfmrp\/institucional\/colegiados-e-comissoes\/congregacao\/\">Congrega\u00e7\u00e3o<\/a>\n\t<ul class='children'>\n\t\t<li class=\"page_item page-item-2810\"><a href=\"https:\/\/sites.usp.br\/devfmrp\/institucional\/colegiados-e-comissoes\/congregacao\/atas-congregacao\/\">Atas Congrega\u00e7\u00e3o<\/a><\/li>\n\t<\/ul>\n<\/li>\n\t<li class=\"page_item page-item-1556 page_item_has_children\"><a href=\"https:\/\/sites.usp.br\/devfmrp\/institucional\/colegiados-e-comissoes\/cta\/\">Conselho T\u00e9cnico Administrativo &#8211; CTA<\/a>\n\t<ul class='children'>\n\t\t<li class=\"page_item page-item-2805\"><a href=\"https:\/\/sites.usp.br\/devfmrp\/institucional\/colegiados-e-comissoes\/cta\/atas-cta\/\">Atas CTA<\/a><\/li>\n\t<\/ul>\n<\/li>\n\t<li class=\"page_item page-item-1560\"><a href=\"https:\/\/sites.usp.br\/devfmrp\/institucional\/colegiados-e-comissoes\/comissao-de-atividades-universitarias-cau\/\">Comiss\u00e3o de Atividades Universit\u00e1rias &#8211; CAU<\/a><\/li>\n\t<li class=\"page_item page-item-1566\"><a href=\"https:\/\/sites.usp.br\/devfmrp\/institucional\/colegiados-e-comissoes\/comissao-de-corpo-docente-ccd\/\">Comiss\u00e3o de Corpo Docente &#8211; CCD<\/a><\/li>\n\t<li class=\"page_item page-item-1569\"><a href=\"https:\/\/sites.usp.br\/devfmrp\/institucional\/colegiados-e-comissoes\/comissao-de-direitos-humanos-cdh\/\">Comiss\u00e3o de Direitos Humanos &#8211; CDH<\/a><\/li>\n\t<li class=\"page_item page-item-1575\"><a href=\"https:\/\/sites.usp.br\/devfmrp\/institucional\/colegiados-e-comissoes\/comissao-de-orcamento\/\">Comiss\u00e3o de Or\u00e7amento<\/a><\/li>\n\t<li class=\"page_item page-item-1579\"><a href=\"https:\/\/sites.usp.br\/devfmrp\/institucional\/colegiados-e-comissoes\/comissao-de-graduacao\/\">Comiss\u00e3o de Gradua\u00e7\u00e3o &#8211; CG<\/a><\/li>\n\t<li class=\"page_item page-item-1585\"><a href=\"https:\/\/sites.usp.br\/devfmrp\/institucional\/colegiados-e-comissoes\/comissao-de-pos-graduacao-cpg\/\">Comiss\u00e3o de P\u00f3s-gradua\u00e7\u00e3o &#8211; CPG<\/a><\/li>\n\t<li class=\"page_item page-item-1590\"><a href=\"https:\/\/sites.usp.br\/devfmrp\/institucional\/colegiados-e-comissoes\/comissao-de-pesquisa-cpq\/\">Comiss\u00e3o de Pesquisa &#8211; CPq<\/a><\/li>\n\t<li class=\"page_item page-item-1593\"><a href=\"https:\/\/sites.usp.br\/devfmrp\/institucional\/colegiados-e-comissoes\/comissao-de-cultura-e-extensao-universitaria-ccex\/\">Comiss\u00e3o de Cultura e Extens\u00e3o Universit\u00e1ria &#8211; CCEx<\/a><\/li>\n\t<li class=\"page_item page-item-1599\"><a href=\"https:\/\/sites.usp.br\/devfmrp\/institucional\/colegiados-e-comissoes\/camara-interinstitucional-de-pesquisa\/\">C\u00e2mara Interinstitucional de Pesquisa<\/a><\/li>\n\t<li class=\"page_item page-item-1602\"><a href=\"https:\/\/sites.usp.br\/devfmrp\/institucional\/colegiados-e-comissoes\/comissao-de-etica-uso-de-animais-da-fmrp-ceua-fmrp\/\">Comiss\u00e3o de \u00c9tica no Uso de Animais da FMRP (CEUA-FMRP)<\/a><\/li>\n\t<li class=\"page_item page-item-1606\"><a href=\"https:\/\/sites.usp.br\/devfmrp\/institucional\/colegiados-e-comissoes\/comite-de-etica-em-pesquisa-hcfmrp-cephcfmrp\/\">Comit\u00ea de \u00c9tica em Pesquisa do HCFMRP \u2013 CEP\/HCFMRP<\/a><\/li>\n\t<li class=\"page_item page-item-1609\"><a href=\"https:\/\/sites.usp.br\/devfmrp\/institucional\/colegiados-e-comissoes\/comissao-interna-de-prevencao-de-acidentes-cipa\/\">Comiss\u00e3o Interna de Preven\u00e7\u00e3o de Acidentes \u2013 CIPA<\/a><\/li>\n\t<li class=\"page_item page-item-1612\"><a href=\"https:\/\/sites.usp.br\/devfmrp\/institucional\/colegiados-e-comissoes\/comissao-interna-de-biosseguranca-cibio\/\">Comiss\u00e3o Interna de Biosseguran\u00e7a \u2013 CIBio<\/a><\/li>\n\t<li class=\"page_item page-item-1615\"><a href=\"https:\/\/sites.usp.br\/devfmrp\/institucional\/colegiados-e-comissoes\/comissao-de-radioprotecao\/\">Comiss\u00e3o de Radioprote\u00e7\u00e3o<\/a><\/li>\n\t<li class=\"page_item page-item-1619\"><a href=\"https:\/\/sites.usp.br\/devfmrp\/institucional\/colegiados-e-comissoes\/comissao-de-gestao-ambiental-cga\/\">Comiss\u00e3o de Gest\u00e3o Ambiental &#8211; CGA<\/a><\/li>\n<\/ul>\n<\/li>\n<li class=\"page_item page-item-314 page_item_has_children\"><a href=\"https:\/\/sites.usp.br\/devfmrp\/institucional\/marcos-historicos\/\">Marcos hist\u00f3ricos<\/a>\n<ul class='children'>\n\t<li class=\"page_item page-item-1290\"><a href=\"https:\/\/sites.usp.br\/devfmrp\/institucional\/marcos-historicos\/introducao\/\">Marcos Hist\u00f3ricos<\/a><\/li>\n\t<li class=\"page_item page-item-1294\"><a href=\"https:\/\/sites.usp.br\/devfmrp\/institucional\/marcos-historicos\/palavra-diretor\/\">Palavra do Diretor<\/a><\/li>\n\t<li class=\"page_item page-item-1297\"><a href=\"https:\/\/sites.usp.br\/devfmrp\/institucional\/marcos-historicos\/primordios-da-fmrp\/\">Prim\u00f3rdios da FMRP<\/a><\/li>\n\t<li class=\"page_item page-item-1302\"><a href=\"https:\/\/sites.usp.br\/devfmrp\/institucional\/marcos-historicos\/prof-helio-lourenco\/\">Prof. H\u00e9lio Louren\u00e7o<\/a><\/li>\n\t<li class=\"page_item page-item-1305\"><a href=\"https:\/\/sites.usp.br\/devfmrp\/institucional\/marcos-historicos\/prof-pedreira-de-freitas\/\">Prof. Pedreira de Freitas<\/a><\/li>\n\t<li class=\"page_item page-item-1309\"><a href=\"https:\/\/sites.usp.br\/devfmrp\/institucional\/marcos-historicos\/medicina\/\">Medicina<\/a><\/li>\n\t<li class=\"page_item page-item-1312\"><a href=\"https:\/\/sites.usp.br\/devfmrp\/institucional\/marcos-historicos\/bioquimica-e-imunologia\/\">Bioqu\u00edmica e Imunologia<\/a><\/li>\n\t<li class=\"page_item page-item-1315\"><a href=\"https:\/\/sites.usp.br\/devfmrp\/institucional\/marcos-historicos\/farmacologia\/\">Farmacologia<\/a><\/li>\n\t<li class=\"page_item page-item-1319\"><a href=\"https:\/\/sites.usp.br\/devfmrp\/institucional\/marcos-historicos\/patologia-e-medicina-legal\/\">Patologia e Medicina Legal<\/a><\/li>\n\t<li class=\"page_item page-item-1322\"><a href=\"https:\/\/sites.usp.br\/devfmrp\/institucional\/marcos-historicos\/oftalmologia-otorrinolaringologia-e-cirurgia-de-cabeca-e-pescoco\/\">Oftalmologia, Otorrinolaringologia e Cirurgia de Cabe\u00e7a e Pesco\u00e7o<\/a><\/li>\n\t<li class=\"page_item page-item-1325\"><a href=\"https:\/\/sites.usp.br\/devfmrp\/institucional\/marcos-historicos\/puericultura-e-pediatria\/\">Puericultura e Pediatria<\/a><\/li>\n\t<li class=\"page_item page-item-1328\"><a href=\"https:\/\/sites.usp.br\/devfmrp\/institucional\/marcos-historicos\/medicina-social\/\">Medicina Social<\/a><\/li>\n\t<li class=\"page_item page-item-1338\"><a href=\"https:\/\/sites.usp.br\/devfmrp\/institucional\/marcos-historicos\/comissao-de-graduacao\/\">Comiss\u00e3o de Gradua\u00e7\u00e3o<\/a><\/li>\n\t<li class=\"page_item page-item-1332\"><a href=\"https:\/\/sites.usp.br\/devfmrp\/institucional\/marcos-historicos\/genetica\/\">Gen\u00e9tica<\/a><\/li>\n\t<li class=\"page_item page-item-1346\"><a href=\"https:\/\/sites.usp.br\/devfmrp\/institucional\/marcos-historicos\/caep-centro-de-apoio-educacional-e-psicologico\/\">CAEP &#8211; Centro de Apoio Educacional e Psicol\u00f3gico<\/a><\/li>\n\t<li class=\"page_item page-item-1349\"><a href=\"https:\/\/sites.usp.br\/devfmrp\/institucional\/marcos-historicos\/ccex-comissao-de-cultura-e-extensao-e-extensao-universitaria\/\">CCEx &#8211; Comiss\u00e3o de Cultura e Extens\u00e3o e\u00a0Extens\u00e3o Universit\u00e1ria<\/a><\/li>\n\t<li class=\"page_item page-item-1353\"><a href=\"https:\/\/sites.usp.br\/devfmrp\/institucional\/marcos-historicos\/museu-historico\/\">Museu Hist\u00f3rico<\/a><\/li>\n\t<li class=\"page_item page-item-1356\"><a href=\"https:\/\/sites.usp.br\/devfmrp\/institucional\/marcos-historicos\/aaarl-associacao-atletica-academica-rocha-lima\/\">AAARL &#8211; Associa\u00e7\u00e3o Atl\u00e9tica Acad\u00eamica Rocha Lima<\/a><\/li>\n\t<li class=\"page_item page-item-1359\"><a href=\"https:\/\/sites.usp.br\/devfmrp\/institucional\/marcos-historicos\/ciencias-biomedicas\/\">Ci\u00eancias Biom\u00e9dicas<\/a><\/li>\n\t<li class=\"page_item page-item-1363\"><a href=\"https:\/\/sites.usp.br\/devfmrp\/institucional\/marcos-historicos\/fisioterapia\/\">Fisioterapia<\/a><\/li>\n\t<li class=\"page_item page-item-1367\"><a href=\"https:\/\/sites.usp.br\/devfmrp\/institucional\/marcos-historicos\/nutricao-e-metabolismo\/\">Nutri\u00e7\u00e3o e Metabolismo<\/a><\/li>\n\t<li class=\"page_item page-item-1370\"><a href=\"https:\/\/sites.usp.br\/devfmrp\/institucional\/marcos-historicos\/terapia-ocupacional\/\">Terapia Ocupacional<\/a><\/li>\n\t<li class=\"page_item page-item-1373\"><a href=\"https:\/\/sites.usp.br\/devfmrp\/institucional\/marcos-historicos\/fonoaudiologia\/\">Fonoaudiologia<\/a><\/li>\n\t<li class=\"page_item page-item-1376\"><a href=\"https:\/\/sites.usp.br\/devfmrp\/institucional\/marcos-historicos\/informatica-biomedica\/\">Inform\u00e1tica Biom\u00e9dica<\/a><\/li>\n<\/ul>\n<\/li>\n<li class=\"page_item page-item-634\"><a href=\"https:\/\/sites.usp.br\/devfmrp\/institucional\/entidades-associadas-2\/\">Entidades Associadas<\/a><\/li>\n<\/ul>","protected":false},"excerpt":{"rendered":"","protected":false},"author":635,"featured_media":0,"parent":0,"menu_order":0,"comment_status":"closed","ping_status":"closed","template":"","meta":{"ocean_post_layout":"","ocean_both_sidebars_style":"","ocean_both_sidebars_content_width":0,"ocean_both_sidebars_sidebars_width":0,"ocean_sidebar":"","ocean_second_sidebar":"","ocean_disable_margins":"enable","ocean_add_body_class":"","ocean_shortcode_before_top_bar":"","ocean_shortcode_after_top_bar":"","ocean_shortcode_before_header":"","ocean_shortcode_after_header":"","ocean_has_shortcode":"","ocean_shortcode_after_title":"","ocean_shortcode_before_footer_widgets":"","ocean_shortcode_after_footer_widgets":"","ocean_shortcode_before_footer_bottom":"","ocean_shortcode_after_footer_bottom":"","ocean_display_top_bar":"default","ocean_display_header":"default","ocean_header_style":"","ocean_center_header_left_menu":"","ocean_custom_header_template":"","ocean_custom_logo":0,"ocean_custom_retina_logo":0,"ocean_custom_logo_max_width":0,"ocean_custom_logo_tablet_max_width":0,"ocean_custom_logo_mobile_max_width":0,"ocean_custom_logo_max_height":0,"ocean_custom_logo_tablet_max_height":0,"ocean_custom_logo_mobile_max_height":0,"ocean_header_custom_menu":"","ocean_menu_typo_font_family":"","ocean_menu_typo_font_subset":"","ocean_menu_typo_font_size":0,"ocean_menu_typo_font_size_tablet":0,"ocean_menu_typo_font_size_mobile":0,"ocean_menu_typo_font_size_unit":"px","ocean_menu_typo_font_weight":"","ocean_menu_typo_font_weight_tablet":"","ocean_menu_typo_font_weight_mobile":"","ocean_menu_typo_transform":"","ocean_menu_typo_transform_tablet":"","ocean_menu_typo_transform_mobile":"","ocean_menu_typo_line_height":0,"ocean_menu_typo_line_height_tablet":0,"ocean_menu_typo_line_height_mobile":0,"ocean_menu_typo_line_height_unit":"","ocean_menu_typo_spacing":0,"ocean_menu_typo_spacing_tablet":0,"ocean_menu_typo_spacing_mobile":0,"ocean_menu_typo_spacing_unit":"","ocean_menu_link_color":"","ocean_menu_link_color_hover":"","ocean_menu_link_color_active":"","ocean_menu_link_background":"","ocean_menu_link_hover_background":"","ocean_menu_link_active_background":"","ocean_menu_social_links_bg":"","ocean_menu_social_hover_links_bg":"","ocean_menu_social_links_color":"","ocean_menu_social_hover_links_color":"","ocean_disable_title":"default","ocean_disable_heading":"default","ocean_post_title":"","ocean_post_subheading":"","ocean_post_title_style":"","ocean_post_title_background_color":"","ocean_post_title_background":0,"ocean_post_title_bg_image_position":"","ocean_post_title_bg_image_attachment":"","ocean_post_title_bg_image_repeat":"","ocean_post_title_bg_image_size":"","ocean_post_title_height":0,"ocean_post_title_bg_overlay":0.5,"ocean_post_title_bg_overlay_color":"","ocean_disable_breadcrumbs":"default","ocean_breadcrumbs_color":"","ocean_breadcrumbs_separator_color":"","ocean_breadcrumbs_links_color":"","ocean_breadcrumbs_links_hover_color":"","ocean_display_footer_widgets":"default","ocean_display_footer_bottom":"default","ocean_custom_footer_template":"","footnotes":"","_links_to":"","_links_to_target":""},"class_list":["post-193","page","type-page","status-publish","hentry","entry"],"_links":{"self":[{"href":"https:\/\/sites.usp.br\/devfmrp\/wp-json\/wp\/v2\/pages\/193","targetHints":{"allow":["GET"]}}],"collection":[{"href":"https:\/\/sites.usp.br\/devfmrp\/wp-json\/wp\/v2\/pages"}],"about":[{"href":"https:\/\/sites.usp.br\/devfmrp\/wp-json\/wp\/v2\/types\/page"}],"author":[{"embeddable":true,"href":"https:\/\/sites.usp.br\/devfmrp\/wp-json\/wp\/v2\/users\/635"}],"replies":[{"embeddable":true,"href":"https:\/\/sites.usp.br\/devfmrp\/wp-json\/wp\/v2\/comments?post=193"}],"version-history":[{"count":1,"href":"https:\/\/sites.usp.br\/devfmrp\/wp-json\/wp\/v2\/pages\/193\/revisions"}],"predecessor-version":[{"id":4716,"href":"https:\/\/sites.usp.br\/devfmrp\/wp-json\/wp\/v2\/pages\/193\/revisions\/4716"}],"wp:attachment":[{"href":"https:\/\/sites.usp.br\/devfmrp\/wp-json\/wp\/v2\/media?parent=193"}],"curies":[{"name":"wp","href":"https:\/\/api.w.org\/{rel}","templated":true}]}}