{"id":110,"date":"2021-03-29T12:06:08","date_gmt":"2021-03-29T14:06:08","guid":{"rendered":"http:\/\/sites.usp.br\/dig-gegal2023\/?page_id=110"},"modified":"2023-11-29T13:47:37","modified_gmt":"2023-11-29T15:47:37","slug":"10-dig-gegal","status":"publish","type":"page","link":"https:\/\/sites.usp.br\/dig-gegal2023\/","title":{"rendered":"10 DIG &#8211; GEGAL"},"content":{"rendered":"<p><strong>OBRIGADO A TODOS\/AS OS\/AS PARTICIPANTES DO 10 DIG-GEGAL NA UNIVERSIDADE DE S\u00c3O PAULO!<\/strong><\/p>\n<p><em><strong>MANY THANKS TO ALL THE PARTICIPANTS OF 10 DIG-GEGAL AT THE UNIVERSITY OF S\u00c3O PAULO!<\/strong><\/em><\/p>\n<p><a href=\"https:\/\/sites.usp.br\/dig-gegal2023\/wp-content\/uploads\/sites\/1233\/2023\/11\/mensagemfinalDIG-GEGAL.jpg\"><img loading=\"lazy\" decoding=\"async\" class=\"alignnone wp-image-664 size-full\" src=\"https:\/\/sites.usp.br\/dig-gegal2023\/wp-content\/uploads\/sites\/1233\/2023\/11\/mensagemfinalDIG-GEGAL.jpg\" alt=\"\" width=\"1239\" height=\"1754\" srcset=\"https:\/\/sites.usp.br\/dig-gegal2023\/wp-content\/uploads\/sites\/1233\/2023\/11\/mensagemfinalDIG-GEGAL.jpg 1239w, https:\/\/sites.usp.br\/dig-gegal2023\/wp-content\/uploads\/sites\/1233\/2023\/11\/mensagemfinalDIG-GEGAL-212x300.jpg 212w, https:\/\/sites.usp.br\/dig-gegal2023\/wp-content\/uploads\/sites\/1233\/2023\/11\/mensagemfinalDIG-GEGAL-723x1024.jpg 723w, https:\/\/sites.usp.br\/dig-gegal2023\/wp-content\/uploads\/sites\/1233\/2023\/11\/mensagemfinalDIG-GEGAL-768x1087.jpg 768w, https:\/\/sites.usp.br\/dig-gegal2023\/wp-content\/uploads\/sites\/1233\/2023\/11\/mensagemfinalDIG-GEGAL-1085x1536.jpg 1085w, https:\/\/sites.usp.br\/dig-gegal2023\/wp-content\/uploads\/sites\/1233\/2023\/11\/mensagemfinalDIG-GEGAL-400x566.jpg 400w\" sizes=\"auto, (max-width: 1239px) 100vw, 1239px\" \/><\/a><\/p>\n<h2><b>Developing International Geoarchaeology\u00a0 &#8211; DIG<\/b><\/h2>\n<p>O DIG \u00e9 uma s\u00e9rie de confer\u00eancias internacionais que surgiu em 2005 e acontece bianualmente em diferentes partes do mundo. Tem objetivo de reunir uma ampla variedade de pesquisadores, profissionais e estudantes internacionais em torno dos diversos temas da Geoarqueologia, al\u00e9m de facilitar a discuss\u00e3o, estimular a pesquisa e coopera\u00e7\u00f5es.<\/p>\n<p><em>DIG is an international conference series that started in 2005 and is held biannually in different parts of the world. It aims to bring together a wide variety of international researchers, practitioners, and students around the diverse themes of Geoarchaeology, facilitate discussion, and stimulate research and cooperation.<\/em><\/p>\n<p><span style=\"font-weight: 400;\"><strong>Reuni\u00f5es Anteriores \/ <em>Previous Meetings<\/em><\/strong>:<\/span><\/p>\n<p><span style=\"font-weight: 400;\">2021 \u2013 9th DIG &#8211;<\/span> University of Algarve, Faro, Portugal<\/p>\n<p><span style=\"font-weight: 400;\">2019 &#8211;\u00a0 8th DIG &#8211; Simon Fraser University, Burnaby,\u00a0 Canada<\/span><\/p>\n<p><span style=\"font-weight: 400;\">2017 &#8211;\u00a0 7th DIG &#8211;\u00a0 Newcastle University, Newcastle, Reino Unido<br \/>\n<\/span><\/p>\n<p><span style=\"font-weight: 400;\">2015 \u2013 6th DIG &#8211; University of Basel, Su\u00ed\u00e7a e Alghero University, Sardenha<\/span><\/p>\n<p><span style=\"font-weight: 400;\">2013 \u2013 5thDIG &#8211; University of Basel, <\/span><span style=\"font-weight: 400;\">Basel, Switzerland<\/span><\/p>\n<p><span style=\"font-weight: 400;\">2011 \u2013 4th DIG &#8211; University of Tennessee, Knoxville, EUA<\/span><\/p>\n<p><span style=\"font-weight: 400;\">2009 &#8211; 3rd DIG &#8211; McMaster University, Hamilton, Canad\u00e1<\/span><\/p>\n<p><span style=\"font-weight: 400;\">2007 &#8211; 2nd DIG &#8211; <\/span><span style=\"font-weight: 400;\">Cambridge<\/span><span style=\"font-weight: 400;\"> University, Cambridge, Reino Unido<\/span><\/p>\n<p><span style=\"font-weight: 400;\">2005 \u2013 1st<\/span><span style=\"font-weight: 400;\">t<\/span><span style=\"font-weight: 400;\"> DIG &#8211; University of New Brunswick, New Brunswick, Canad\u00e1<\/span><\/p>\n<p><span style=\"font-weight: 400;\">\u00a0<\/span><\/p>\n<h2><b>GEGAL \u2013 <\/b><b>Grupo de Estudos Geoarqueol\u00f3gicos de Am\u00e9rica Latina (Group of Geoarchaeological Studies of Latin America)\u00a0<\/b><\/h2>\n<p>O GEGAL foi criado em 2012 durante o VI Encontro de Teoria Arqueol\u00f3gica da Am\u00e9rica do Sul (VI TAAS, Goi\u00e1s, Brasil) para integrar, trocar experi\u00eancias e desenvolver atividades conjuntas em Geoarqueologia. Al\u00e9m do encontro anual, o GEGAL desenvolve diversas atividades voltadas \u00e0 divulga\u00e7\u00e3o, capacita\u00e7\u00e3o de estudantes e profissionais e colabora\u00e7\u00f5es entre pesquisadores da Am\u00e9rica Latina<\/p>\n<p><em><span style=\"font-weight: 400;\">GEGAL was created in 2012 during the VI Meeting of Archaeological Theory of South America (VI TAAS, Goi\u00e1s, Brazil) to integrate, exchange experiences, and develop joint activities concerning Geoarchaeology. In addition to the annual meeting, GEGAL develops several activities aimed at dissemination, training of students and professionals, and collaborations among researchers in Latin America<\/span><\/em><\/p>\n<p><a href=\"https:\/\/geoarqueologiagega.wixsite.com\/gegal\"><span style=\"font-weight: 400;\">https:\/\/geoarqueologiagega.wixsite.com\/gegal<\/span><\/a><\/p>\n<p><span style=\"font-weight: 400;\"><strong>Reuni\u00f5es Anteriores \/ <em>Previous Meetings<\/em><\/strong>:<\/span><\/p>\n<p><span style=\"font-weight: 400;\">2022 &#8211; IX Taller GEGAL &#8211; Ciudad de M\u00e9xico, Mexico<\/span><\/p>\n<p><span style=\"font-weight: 400;\">2020 &#8211; VIII Taller GEGAL &#8211; La Plata, Argentina<\/span><\/p>\n<p><span style=\"font-weight: 400;\">2019 &#8211; VI Workshop GEGAL &#8211; Lima, Peru<\/span><\/p>\n<p><span style=\"font-weight: 400;\">2018 &#8211; VI Taller GEGAL &#8211; Ubajara, Brasil<\/span><\/p>\n<p><span style=\"font-weight: 400;\">2017 &#8211; V Taller del GEGAL &#8211; Manizales, Colombia<\/span><\/p>\n<p><span style=\"font-weight: 400;\">2016 &#8211; IV Workshop GEGAL &#8211; La Paloma, Uruguai<\/span><\/p>\n<p><span style=\"font-weight: 400;\">2015 &#8211; III Workshop GEGAL &#8211; Quito, Equador<\/span><\/p>\n<p><span style=\"font-weight: 400;\">2014 &#8211; II Taller del GEGAL \u2013 Los Vilos, Chile<\/span><\/p>\n<p><span style=\"font-weight: 400;\">2013 &#8211; I\u00a0 Taller del GEGAL &#8211;\u00a0 Olavarr\u00eda, Argentina<\/span><\/p>\n<p>&nbsp;<\/p>\n<p><strong>Comiss\u00e3o organizadora do 10 DIG-GEGAL \/ <em>Organizing Committee of 10 DIG-GEGAL<\/em>: Ximena S. Villagran, Kelly Brand\u00e3o, Mayara Mariano, Nicol\u00e1s Batalla, Rosicler Theodoro da Silva, J\u00falio C. Rubin de Rubin, Michelle Mayumi Tizuka<\/strong><\/p>\n<p><strong>email: dig-gegal2023@usp.br<\/strong><\/p>\n<p>&nbsp;<\/p>\n<p>&nbsp;<\/p>\n","protected":false},"excerpt":{"rendered":"<p>OBRIGADO A TODOS\/AS OS\/AS PARTICIPANTES DO 10 DIG-GEGAL NA UNIVERSIDADE DE S\u00c3O PAULO! MANY THANKS TO ALL THE PARTICIPANTS OF 10 DIG-GEGAL AT THE UNIVERSITY OF S\u00c3O PAULO! Developing International Geoarchaeology\u00a0 &#8211; DIG O DIG \u00e9 uma s\u00e9rie de confer\u00eancias internacionais que surgiu em 2005 e acontece bianualmente em diferentes partes do mundo. Tem objetivo [&hellip;]<\/p>\n","protected":false},"author":1,"featured_media":0,"parent":0,"menu_order":5,"comment_status":"closed","ping_status":"closed","template":"","meta":{"footnotes":"","_links_to":"","_links_to_target":""},"class_list":["post-110","page","type-page","status-publish","hentry","entry"],"_links":{"self":[{"href":"https:\/\/sites.usp.br\/dig-gegal2023\/wp-json\/wp\/v2\/pages\/110","targetHints":{"allow":["GET"]}}],"collection":[{"href":"https:\/\/sites.usp.br\/dig-gegal2023\/wp-json\/wp\/v2\/pages"}],"about":[{"href":"https:\/\/sites.usp.br\/dig-gegal2023\/wp-json\/wp\/v2\/types\/page"}],"author":[{"embeddable":true,"href":"https:\/\/sites.usp.br\/dig-gegal2023\/wp-json\/wp\/v2\/users\/1"}],"replies":[{"embeddable":true,"href":"https:\/\/sites.usp.br\/dig-gegal2023\/wp-json\/wp\/v2\/comments?post=110"}],"version-history":[{"count":5,"href":"https:\/\/sites.usp.br\/dig-gegal2023\/wp-json\/wp\/v2\/pages\/110\/revisions"}],"predecessor-version":[{"id":665,"href":"https:\/\/sites.usp.br\/dig-gegal2023\/wp-json\/wp\/v2\/pages\/110\/revisions\/665"}],"wp:attachment":[{"href":"https:\/\/sites.usp.br\/dig-gegal2023\/wp-json\/wp\/v2\/media?parent=110"}],"curies":[{"name":"wp","href":"https:\/\/api.w.org\/{rel}","templated":true}]}}