{"id":362,"date":"2015-11-04T16:37:55","date_gmt":"2015-11-04T18:37:55","guid":{"rendered":"http:\/\/sites.usp.br\/direitoshumanos\/?page_id=362"},"modified":"2025-09-03T14:28:29","modified_gmt":"2025-09-03T17:28:29","slug":"5-edicao","status":"publish","type":"page","link":"https:\/\/sites.usp.br\/direitoshumanos\/premio-de-direitos-humanos\/5-edicao\/","title":{"rendered":"5.\u00aa Edi\u00e7\u00e3o (2004)"},"content":{"rendered":"<p><strong>Categoria Individual<\/strong><\/p>\n<p><span style=\"color: #008080\">Padre Bruno Sechi<\/span><\/p>\n<blockquote><p>Nos anos 70, o padre salesiano Bruno Sechi reuniu e sensibilizou um grupo de jovens em defesa dos direitos humanos de crian\u00e7as e adolescentes que atuavam como vendedores na maior feira ao livre de Bel\u00e9m do Par\u00e1, a feira do Ver \u2013 o \u2013 Peso.<\/p>\n<p>Esses meninos ajudavam seus pais vendendo sacolas, salgados e picol\u00e9s, prestando tamb\u00e9m pequenos servi\u00e7os como engraxates e outros, enfrentando o preconceito, a viol\u00eancia policial e os aliciadores que os exploravam.<\/p>\n<p>Os jovens, liderados pelo padre Bruno Sechi, decidiram ajudar os pequenos vendedores, e criaram um Restaurante do Pequeno Vendedor, que contribuiu para a origem da Rep\u00fablica do Pequeno Vendedor e, posteriormente, do Movimento dos Ema\u00fas, uma organiza\u00e7\u00e3o n\u00e3o-governamental que atua em defesa dos direitos humanos de crian\u00e7as e adolescentes.<\/p>\n<p>Hoje, organizados, passaram a debater e a reivindicar seus direitos, resgatando o car\u00e1ter de Rep\u00fablica e enfrentando os problemas da inf\u00e2ncia com uma proposta concreta de resist\u00eancia \u00e0s drogas, \u00e0 viol\u00eancia, \u00e0 prostitui\u00e7\u00e3o, ao abandono e \u00e0 exclus\u00e3o.<\/p>\n<p>Por essas a\u00e7\u00f5es merit\u00f3rias consideramos a indica\u00e7\u00e3o em quest\u00e3o de elevado alcance social, e a lideran\u00e7a exercida pelo Padre Bruno Sechi digna do recebimento do V Pr\u00eamio USP de Direitos Humanos.<\/p><\/blockquote>\n<p>&nbsp;<\/p>\n<p><strong>Categoria Institucional<\/strong><\/p>\n<p><span style=\"color: #008080\">Funda\u00e7\u00e3o Gol de Letra<\/span><\/p>\n<blockquote><p>A<span style=\"color: #0000ff\"> <a style=\"color: #0000ff\" href=\"http:\/\/www.goldeletra.org.br\/\">Funda\u00e7\u00e3o Gol de Letra<\/a><\/span> foi fundada em 1998 pelos ex-jogadores de futebol Ra\u00ed e Leonardo. Sua atua\u00e7\u00e3o se d\u00e1 no Estado de S\u00e3o Paulo e em Niter\u00f3i \/ RJ, aonde atendem mais de 1150 crian\u00e7as e jovens dos 6 aos 14 anos.<\/p>\n<p>Trata-se de miss\u00e3o relevante por seu car\u00e1ter formativo. Busca por meio de atividades culturais e do esporte apresentar um caminho de emancipa\u00e7\u00e3o para crian\u00e7as de bairros pobres, fornecendo-lhes novas formas de conhecer e reconhecer o mundo. Disp\u00f5e de oficinas para atividades de teatro, m\u00fasica, comunica\u00e7\u00e3o, dan\u00e7a, fotografia, v\u00eddeo, grafite e capoeira.<\/p>\n<p>O projeto se ocupa, tamb\u00e9m, da forma\u00e7\u00e3o de agentes comunit\u00e1rios, com idade entre 14 e 18 anos, buscando resgatar-lhes a identidade atrav\u00e9s do trabalho que desenvolvem na supervis\u00e3o de crian\u00e7as agraciadas em seus espa\u00e7os.<\/p>\n<p>Engloba, ainda, o grupo Mulheres em A\u00e7\u00e3o, formado por m\u00e3es de crian\u00e7as da institui\u00e7\u00e3o e representantes da comunidade, que atua com for\u00e7a na articula\u00e7\u00e3o de suas regi\u00f5es respectivas, resgatando as necessidades locais e trocando experi\u00eancias com a Funda\u00e7\u00e3o acerca das mesmas.<\/p>\n<p>Em S\u00e3o Paulo a Funda\u00e7\u00e3o Gol de Letra concentra seu trabalho na Vila Albertina, Trememb\u00e9, ao passo que a Unidade Niter\u00f3i \/ RJ atende crian\u00e7as de comunidades de Engenho de Dentro, Piratininga, Cajub\u00e1 e Itaipu.<\/p>\n<p>O investimento desses atletas na forma\u00e7\u00e3o de crian\u00e7as e adolescentes, capaz de transformar suas realidades, garantindo-lhes o direito \u00e0 educa\u00e7\u00e3o, \u00e0 cultura e \u00e0 assist\u00eancia social, concorre, indiscutivelmente, para preparar crian\u00e7as e jovens ao exerc\u00edcio de seus direitos fundamentais, e tem poderoso efeito multiplicador. \u00c9 certamente um trabalho importante e respeit\u00e1vel, digno do recebimento do V Pr\u00eamio USP de Direito Humanos.<\/p><\/blockquote>\n","protected":false},"excerpt":{"rendered":"<p>Categoria Individual Padre Bruno Sechi Nos anos 70, o padre salesiano Bruno Sechi reuniu e sensibilizou um grupo de jovens em defesa dos direitos humanos de crian\u00e7as e adolescentes que atuavam como vendedores na&#46;&#46;&#46;<\/p>\n","protected":false},"author":153,"featured_media":0,"parent":285,"menu_order":0,"comment_status":"closed","ping_status":"closed","template":"","meta":{"footnotes":"","_links_to":"","_links_to_target":""},"class_list":["post-362","page","type-page","status-publish","hentry"],"_links":{"self":[{"href":"https:\/\/sites.usp.br\/direitoshumanos\/wp-json\/wp\/v2\/pages\/362","targetHints":{"allow":["GET"]}}],"collection":[{"href":"https:\/\/sites.usp.br\/direitoshumanos\/wp-json\/wp\/v2\/pages"}],"about":[{"href":"https:\/\/sites.usp.br\/direitoshumanos\/wp-json\/wp\/v2\/types\/page"}],"author":[{"embeddable":true,"href":"https:\/\/sites.usp.br\/direitoshumanos\/wp-json\/wp\/v2\/users\/153"}],"replies":[{"embeddable":true,"href":"https:\/\/sites.usp.br\/direitoshumanos\/wp-json\/wp\/v2\/comments?post=362"}],"version-history":[{"count":3,"href":"https:\/\/sites.usp.br\/direitoshumanos\/wp-json\/wp\/v2\/pages\/362\/revisions"}],"predecessor-version":[{"id":1223,"href":"https:\/\/sites.usp.br\/direitoshumanos\/wp-json\/wp\/v2\/pages\/362\/revisions\/1223"}],"up":[{"embeddable":true,"href":"https:\/\/sites.usp.br\/direitoshumanos\/wp-json\/wp\/v2\/pages\/285"}],"wp:attachment":[{"href":"https:\/\/sites.usp.br\/direitoshumanos\/wp-json\/wp\/v2\/media?parent=362"}],"curies":[{"name":"wp","href":"https:\/\/api.w.org\/{rel}","templated":true}]}}